{"id":13037,"date":"2026-01-08T17:01:07","date_gmt":"2026-01-08T16:01:07","guid":{"rendered":"https:\/\/motorrad-erinnerungen.de\/shop\/produkt\/oldtimer-praxis-4-1995-opel-motorrad-1922-duerkopp-diana\/"},"modified":"2026-01-08T17:28:49","modified_gmt":"2026-01-08T16:28:49","slug":"oldtimer-praxis-4-1995-opel-motorrad-1922-duerkopp-diana","status":"publish","type":"product","link":"https:\/\/motorrad-erinnerungen.de\/shop\/produkt\/oldtimer-praxis-4-1995-opel-motorrad-1922-duerkopp-diana\/","title":{"rendered":"Oldtimer Praxis 4\/1995 \u2013 Karmann-Ghia; Opel-Motorrad; D\u00fcrkopp Diana Standard"},"content":{"rendered":"<p>Zum Kauf angeboten wird die Zeitschrift <strong>Oldtimer Praxis 4\/1995<\/strong>.<\/p>\n<h2>\ud83d\udccc Schwerpunktthema dieser Ausgabe:<\/h2>\n<ul>\n<li><strong>Karmann-Ghia, Typ 34<\/strong> \u2013 gro\u00dfer Karmann, kleine Sorgen?<\/li>\n<\/ul>\n<h2>\ud83c\udfcd\ufe0f Motorr\u00e4der &amp; Zweir\u00e4der in dieser Ausgabe<\/h2>\n<ul>\n<li><strong>Opel-Motorrad (1922)<\/strong> \u2013 Fundst\u00fcck<\/li>\n<li><strong>D\u00fcrkopp Diana Standard (1955)<\/strong> \u2013 Roller saniert, Patina gerettet<\/li>\n<\/ul>\n<h2>\ud83d\ude97 Weitere Oldtimer-Themen<\/h2>\n<ul>\n<li><strong>Messerschmitt FMR 200<\/strong> \u2013 wie der Kult-Kabinenroller aus Tr\u00fcmmern erstand<\/li>\n<li><strong>Chevrolet Fleetline Deluxe<\/strong> \u2013 es war einmal in Amerika<\/li>\n<\/ul>\n<h2>\ud83d\udca1 Tipp<\/h2>\n<ul>\n<li>Eine Oldtimer-Zeitschrift kann auch eine willkommene \u00dcberraschung sein, f\u00fcr Liebhaber klassischer Autos und Motorr\u00e4der \u2013 zum Verschenken von Erinnerungen und Tr\u00e4umen.<\/li>\n<\/ul>\n<h2>\ud83d\udce6 Versand &amp; Service<\/h2>\n<ul>\n<li>Kostenloser Versand in Deutschland, Auslandsversand f\u00fcr eine geringe Pauschale<\/li>\n<li>Erfahrung aus weit \u00fcber 30.000 erfolgreichen Sendungen<\/li>\n<li>Ihre Zeitschrift wird sicher und liebevoll verpackt<\/li>\n<\/ul>\n<h2>\ud83c\udf0d Zustand der Zeitschrift<\/h2>\n<ul>\n<li>Gebraucht, weil gelesen, durchgebl\u00e4ttert, gestapelt, alles original \ud83d\ude09<\/li>\n<\/ul>\n","protected":false},"excerpt":{"rendered":"<p>Oldtimer Praxis ist die Zeitschrift f\u00fcr Schrauberherzen: Technik, Praxis-Tipps und Restaurierungsberichte f\u00fcr Oldtimer-Autos und klassische Motorr\u00e4der \u2013 damit aus Erinnerungen wieder fahrbare Wirklichkeit wird. In dieser Ausgabe u. a.: Opel-Motorrad von 1922 und D\u00fcrkopp Diana.<\/p>\n","protected":false},"featured_media":13041,"template":"","meta":{"iawp_total_views":3},"product_brand":[],"product_cat":[10216],"product_tag":[10819,10820,10821,10815,10817],"class_list":{"0":"post-13037","1":"product","2":"type-product","3":"status-publish","4":"has-post-thumbnail","6":"product_cat-oldtimer-praxis","7":"product_tag-karmann-ghia","8":"product_tag-duerkopp-diana-standard","9":"product_tag-chevrolet-fleetline-deluxe","10":"product_tag-opel-motorrad-1922","11":"product_tag-messerschmitt-fmr-200","13":"first","14":"instock","15":"shipping-taxable","16":"purchasable","17":"product-type-simple"},"_links":{"self":[{"href":"https:\/\/motorrad-erinnerungen.de\/shop\/wp-json\/wp\/v2\/product\/13037","targetHints":{"allow":["GET"]}}],"collection":[{"href":"https:\/\/motorrad-erinnerungen.de\/shop\/wp-json\/wp\/v2\/product"}],"about":[{"href":"https:\/\/motorrad-erinnerungen.de\/shop\/wp-json\/wp\/v2\/types\/product"}],"wp:featuredmedia":[{"embeddable":true,"href":"https:\/\/motorrad-erinnerungen.de\/shop\/wp-json\/wp\/v2\/media\/13041"}],"wp:attachment":[{"href":"https:\/\/motorrad-erinnerungen.de\/shop\/wp-json\/wp\/v2\/media?parent=13037"}],"wp:term":[{"taxonomy":"product_brand","embeddable":true,"href":"https:\/\/motorrad-erinnerungen.de\/shop\/wp-json\/wp\/v2\/product_brand?post=13037"},{"taxonomy":"product_cat","embeddable":true,"href":"https:\/\/motorrad-erinnerungen.de\/shop\/wp-json\/wp\/v2\/product_cat?post=13037"},{"taxonomy":"product_tag","embeddable":true,"href":"https:\/\/motorrad-erinnerungen.de\/shop\/wp-json\/wp\/v2\/product_tag?post=13037"}],"curies":[{"name":"wp","href":"https:\/\/api.w.org\/{rel}","templated":true}]}}