{"id":13060,"date":"2026-01-08T21:44:05","date_gmt":"2026-01-08T20:44:05","guid":{"rendered":"https:\/\/motorrad-erinnerungen.de\/shop\/produkt\/oldtimer-praxis-7-1997-mazda-cosmo-110-sport-yamaha-rd-400\/"},"modified":"2026-01-08T21:52:25","modified_gmt":"2026-01-08T20:52:25","slug":"oldtimer-praxis-7-1997-mazda-cosmo-110-sport-yamaha-rd-400","status":"publish","type":"product","link":"https:\/\/motorrad-erinnerungen.de\/shop\/produkt\/oldtimer-praxis-7-1997-mazda-cosmo-110-sport-yamaha-rd-400\/","title":{"rendered":"Oldtimer Praxis 7\/1997 \u2013 Mazda Cosmo 110 Sport; Yamaha RD 400; Ducati K\u00f6nigswellen-V2"},"content":{"rendered":"<p>Zum Kauf angeboten wird die Zeitschrift <strong>Oldtimer Praxis 7\/1997<\/strong>.<\/p>\n<h2>\ud83d\udccc Titelstory dieser Ausgabe:<\/h2>\n<ul>\n<li><strong>Mazda Cosmo 110 Sport \u2013 <\/strong>Wankel-Rarit\u00e4t made in Japan<\/li>\n<\/ul>\n<h2>\ud83c\udfcd\ufe0f Motorr\u00e4der &amp; Zweir\u00e4der in dieser Ausgabe<\/h2>\n<ul>\n<li><strong>Yamaha RD 400<\/strong> \u2013 Zweitakt-High-Tech seziert<\/li>\n<li><strong>Ducati K\u00f6nigswellen-V2<\/strong> \u2013 Typenkunde und Kaufberatung<\/li>\n<\/ul>\n<h2>\ud83d\ude97 Weitere Oldtimer-Themen<\/h2>\n<ul>\n<li><b>MG TD <\/b>\u2013 eine Zufallsbekanntschaft<\/li>\n<li><strong>Spatz 200<\/strong> \u2013 Restaurierung des rare(n) Westentaschen-Roadsters aus Kunststoff<\/li>\n<li><strong>Sunbeam 600 SV Lion Longstroke<\/strong> \u2013 ein Experte verr\u00e4t, ob\u2019s stimmt<\/li>\n<li><strong>Elektrik-Grundkurs<\/strong> \u2013 der richtige Funke, alles \u00fcber die Z\u00fcndung<\/li>\n<li><strong>Karosserieger\u00fcste aus Holz<\/strong> \u2013 restaurieren<\/li>\n<\/ul>\n<h2>\ud83d\udca1 Tipp<\/h2>\n<ul>\n<li>Eine Oldtimer-Zeitschrift kann auch eine willkommene \u00dcberraschung sein, f\u00fcr Liebhaber klassischer Autos und Motorr\u00e4der \u2013 zum Verschenken von Erinnerungen und Tr\u00e4umen.<\/li>\n<\/ul>\n<h2>\ud83d\udce6 Versand &amp; Service<\/h2>\n<ul>\n<li>Kostenloser Versand in Deutschland, Auslandsversand f\u00fcr eine geringe Pauschale<\/li>\n<li>Erfahrung aus weit \u00fcber 30.000 erfolgreichen Sendungen<\/li>\n<li>Ihre Zeitschrift wird sicher und liebevoll verpackt<\/li>\n<\/ul>\n<h2>\ud83c\udf0d Zustand der Zeitschrift<\/h2>\n<ul>\n<li>Gebraucht, weil gelesen, durchgebl\u00e4ttert, gestapelt, alles original \ud83d\ude09<\/li>\n<\/ul>\n","protected":false},"excerpt":{"rendered":"<p>Oldtimer Praxis ist die Zeitschrift f\u00fcr Schrauberherzen: Technik, Praxis-Tipps und Restaurierungsberichte f\u00fcr Oldtimer-Autos und klassische Motorr\u00e4der \u2013 damit aus Erinnerungen wieder fahrbare Wirklichkeit wird. In dieser Ausgabe u. a.: Mazda Cosmo 110 Sport und Yamaha RD 400.<\/p>\n","protected":false},"featured_media":13062,"template":"","meta":{"iawp_total_views":0},"product_brand":[],"product_cat":[10216],"product_tag":[10864,576,10853,10854,10855,10856,10863],"class_list":{"0":"post-13060","1":"product","2":"type-product","3":"status-publish","4":"has-post-thumbnail","6":"product_cat-oldtimer-praxis","7":"product_tag-mg-td","8":"product_tag-yamaha-rd-400","9":"product_tag-mazda-cosmo-110-sport","10":"product_tag-spatz-200","11":"product_tag-karosseriegerueste-aus-holz","12":"product_tag-elektrik-grundkurs","13":"product_tag-ducati-koenigswellen-v2","15":"first","16":"instock","17":"shipping-taxable","18":"purchasable","19":"product-type-simple"},"_links":{"self":[{"href":"https:\/\/motorrad-erinnerungen.de\/shop\/wp-json\/wp\/v2\/product\/13060","targetHints":{"allow":["GET"]}}],"collection":[{"href":"https:\/\/motorrad-erinnerungen.de\/shop\/wp-json\/wp\/v2\/product"}],"about":[{"href":"https:\/\/motorrad-erinnerungen.de\/shop\/wp-json\/wp\/v2\/types\/product"}],"wp:featuredmedia":[{"embeddable":true,"href":"https:\/\/motorrad-erinnerungen.de\/shop\/wp-json\/wp\/v2\/media\/13062"}],"wp:attachment":[{"href":"https:\/\/motorrad-erinnerungen.de\/shop\/wp-json\/wp\/v2\/media?parent=13060"}],"wp:term":[{"taxonomy":"product_brand","embeddable":true,"href":"https:\/\/motorrad-erinnerungen.de\/shop\/wp-json\/wp\/v2\/product_brand?post=13060"},{"taxonomy":"product_cat","embeddable":true,"href":"https:\/\/motorrad-erinnerungen.de\/shop\/wp-json\/wp\/v2\/product_cat?post=13060"},{"taxonomy":"product_tag","embeddable":true,"href":"https:\/\/motorrad-erinnerungen.de\/shop\/wp-json\/wp\/v2\/product_tag?post=13060"}],"curies":[{"name":"wp","href":"https:\/\/api.w.org\/{rel}","templated":true}]}}