{"id":13133,"date":"2026-01-09T15:02:38","date_gmt":"2026-01-09T14:02:38","guid":{"rendered":"https:\/\/motorrad-erinnerungen.de\/shop\/produkt\/oldtimer-praxis-06-2001-lotus-elan-s4-zuendapp-k-800\/"},"modified":"2026-01-09T15:35:52","modified_gmt":"2026-01-09T14:35:52","slug":"oldtimer-praxis-06-2001-lotus-elan-s4-zuendapp-k-800","status":"publish","type":"product","link":"https:\/\/motorrad-erinnerungen.de\/shop\/produkt\/oldtimer-praxis-06-2001-lotus-elan-s4-zuendapp-k-800\/","title":{"rendered":"Oldtimer Praxis 06\/2001 \u2013 Lotus Elan S4; Z\u00fcndapp K 800; Eichler-Bekamo-Bahnrenner"},"content":{"rendered":"<p>Erg\u00e4nzen Sie Ihre Sammlung mit dieser Original-Ausgabe der <strong>Oldtimer Praxis 06\/2001<\/strong>.<\/p>\n<h2>\ud83d\udccc Titelstory dieser Ausgabe:<\/h2>\n<ul>\n<li><strong>Lotus Elan S4<\/strong> \u2013 Sportlicher geht&#8217;s nicht!<\/li>\n<\/ul>\n<h2>\ud83c\udfcd\ufe0f Motorr\u00e4der &amp; Zweir\u00e4der in dieser Ausgabe<\/h2>\n<ul>\n<li><strong>Z\u00fcndapp K 800<\/strong> \u2013 Wie ein Exemplar des N\u00fcrnberger Topmodells wieder zur\u00fcck auf die R\u00e4der kam<\/li>\n<li><strong>Eichler-Bekamo-Bahnrenner<\/strong> \u2013 Technik vom Feinsten<\/li>\n<li><strong>NSU OSL 351<\/strong> \u2013 Restaurierungs-Serie: Technik seziert<\/li>\n<\/ul>\n<h2>\ud83d\ude97 Weitere Oldtimer-Themen<\/h2>\n<ul>\n<li><strong>Hot Rod<\/strong> \u2013 Spa\u00df pur und jede Menge Dampf<\/li>\n<li><strong>Horch P 240 Sachsenring<\/strong> \u2013 Wiederaufbau Ost<\/li>\n<li><strong>Renault 6<\/strong> \u2013 ein Pl\u00e4doyer f\u00fcr den fast vergessenen, cleveren Franzosen<\/li>\n<li><strong>Cabrioverdecke richtig montieren<\/strong> \u2013 So arbeiten Profis<\/li>\n<\/ul>\n<h2>\ud83d\udca1 Tipp<\/h2>\n<ul>\n<li>Eine Oldtimer-Zeitschrift kann auch eine willkommene \u00dcberraschung sein, f\u00fcr Liebhaber klassischer Autos und Motorr\u00e4der \u2013 zum Verschenken von Erinnerungen und Tr\u00e4umen.<\/li>\n<\/ul>\n<h2>\ud83d\udce6 Versand &amp; Service<\/h2>\n<ul>\n<li>Kostenloser Versand in Deutschland, Auslandsversand f\u00fcr eine geringe Pauschale<\/li>\n<li>Erfahrung aus weit \u00fcber 30.000 erfolgreichen Sendungen<\/li>\n<li>Ihre Zeitschrift wird sicher und liebevoll verpackt<\/li>\n<\/ul>\n<h2>\ud83c\udf0d Zustand der Zeitschrift<\/h2>\n<ul>\n<li>Gebraucht, weil gelesen, durchgebl\u00e4ttert, gestapelt, alles original \ud83d\ude09<\/li>\n<\/ul>\n","protected":false},"excerpt":{"rendered":"<p>Leidenschaft, die nach \u00d6l und Benzin riecht: Diese Zeitschrift verbindet technische Tiefe mit der Liebe zu historischen Fahrzeugen \u2013 Inspiration f\u00fcr Ihr n\u00e4chstes Projekt. Highlights dieses Heftes: Lotus Elan S4 und Z\u00fcndapp K 800.<\/p>\n","protected":false},"featured_media":13139,"template":"","meta":{"iawp_total_views":0},"product_brand":[],"product_cat":[10216],"product_tag":[10993,10994,11001,622,10990,10992],"class_list":{"0":"post-13133","1":"product","2":"type-product","3":"status-publish","4":"has-post-thumbnail","6":"product_cat-oldtimer-praxis","7":"product_tag-horch-p-240","8":"product_tag-cabrioverdeck","9":"product_tag-eichler-bekamo-bahnrenner","10":"product_tag-zuendapp-k-800","11":"product_tag-lotus-elan-s4","12":"product_tag-hot-rod","14":"first","15":"instock","16":"shipping-taxable","17":"purchasable","18":"product-type-simple"},"_links":{"self":[{"href":"https:\/\/motorrad-erinnerungen.de\/shop\/wp-json\/wp\/v2\/product\/13133","targetHints":{"allow":["GET"]}}],"collection":[{"href":"https:\/\/motorrad-erinnerungen.de\/shop\/wp-json\/wp\/v2\/product"}],"about":[{"href":"https:\/\/motorrad-erinnerungen.de\/shop\/wp-json\/wp\/v2\/types\/product"}],"wp:featuredmedia":[{"embeddable":true,"href":"https:\/\/motorrad-erinnerungen.de\/shop\/wp-json\/wp\/v2\/media\/13139"}],"wp:attachment":[{"href":"https:\/\/motorrad-erinnerungen.de\/shop\/wp-json\/wp\/v2\/media?parent=13133"}],"wp:term":[{"taxonomy":"product_brand","embeddable":true,"href":"https:\/\/motorrad-erinnerungen.de\/shop\/wp-json\/wp\/v2\/product_brand?post=13133"},{"taxonomy":"product_cat","embeddable":true,"href":"https:\/\/motorrad-erinnerungen.de\/shop\/wp-json\/wp\/v2\/product_cat?post=13133"},{"taxonomy":"product_tag","embeddable":true,"href":"https:\/\/motorrad-erinnerungen.de\/shop\/wp-json\/wp\/v2\/product_tag?post=13133"}],"curies":[{"name":"wp","href":"https:\/\/api.w.org\/{rel}","templated":true}]}}