{"id":13143,"date":"2026-01-09T16:20:12","date_gmt":"2026-01-09T15:20:12","guid":{"rendered":"https:\/\/motorrad-erinnerungen.de\/shop\/produkt\/oldtimer-praxis-10-2001-toyota-celica-bmw-r4\/"},"modified":"2026-01-09T16:35:33","modified_gmt":"2026-01-09T15:35:33","slug":"oldtimer-praxis-10-2001-toyota-celica-bmw-r4","status":"publish","type":"product","link":"https:\/\/motorrad-erinnerungen.de\/shop\/produkt\/oldtimer-praxis-10-2001-toyota-celica-bmw-r4\/","title":{"rendered":"Oldtimer Praxis 10\/2001 \u2013 Toyota Celica; BMW R4-Gespann; Yamaha XS 1100"},"content":{"rendered":"<p>Erg\u00e4nzen Sie Ihre Sammlung mit dieser Original-Ausgabe der <strong>Oldtimer Praxis 10\/2001<\/strong>.<\/p>\n<h2>\ud83d\udccc Titelstory dieser Ausgabe:<\/h2>\n<ul>\n<li><strong>Toyota Celica<\/strong> \u2013 Feines Fernost-Coup\u00e9<\/li>\n<\/ul>\n<h2>\ud83c\udfcd\ufe0f Motorr\u00e4der &amp; Zweir\u00e4der in dieser Ausgabe<\/h2>\n<ul>\n<li><strong>BMW R4 mit Steib LS 200<\/strong> \u2013 Ein feines Gespann: 60 Jahre war die 400er der gr\u00f6\u00dfte Einzylinder<\/li>\n<li><strong>Yamaha XS 1100<\/strong> \u2013 Der ideale Tourer? (285 Kilo und 95 PS)<\/li>\n<li><strong>Motorradrestaurierung von A-Z<\/strong> \u2013 die Blechteile der NSU OSL sind an der Reihe<\/li>\n<\/ul>\n<h2>\ud83d\ude97 Weitere Oldtimer-Themen<\/h2>\n<ul>\n<li><strong>Mercedes W 116<\/strong> \u2013 Einsteiger-S-Klasse: Viel Auto f\u00fcr wenig Geld?<\/li>\n<li><strong>MG ND<\/strong> \u2013 Sechszylinder-Technik ist hochinteressant<\/li>\n<li><strong>DKW F11<\/strong> \u2013 Renn-T\u00e4ng-T\u00e4ng: f\u00fcr die Rennstrecke aufgebaut<\/li>\n<li><strong>Weber-Vergaser<\/strong> \u2013 unter der Lupe (Tipps und Technik)<\/li>\n<\/ul>\n<h2>\ud83d\udca1 Tipp<\/h2>\n<ul>\n<li>Eine Oldtimer-Zeitschrift kann auch eine willkommene \u00dcberraschung sein, f\u00fcr Liebhaber klassischer Autos und Motorr\u00e4der \u2013 zum Verschenken von Erinnerungen und Tr\u00e4umen.<\/li>\n<\/ul>\n<h2>\ud83d\udce6 Versand &amp; Service<\/h2>\n<ul>\n<li>Kostenloser Versand in Deutschland, Auslandsversand f\u00fcr eine geringe Pauschale<\/li>\n<li>Erfahrung aus weit \u00fcber 30.000 erfolgreichen Sendungen<\/li>\n<li>Ihre Zeitschrift wird sicher und liebevoll verpackt<\/li>\n<\/ul>\n<h2>\ud83c\udf0d Zustand der Zeitschrift<\/h2>\n<ul>\n<li>Gebraucht, weil gelesen, durchgebl\u00e4ttert, gestapelt, alles original \ud83d\ude09<\/li>\n<\/ul>\n","protected":false},"excerpt":{"rendered":"<p>Leidenschaft, die nach \u00d6l und Benzin riecht: Diese Zeitschrift verbindet technische Tiefe mit der Liebe zu historischen Fahrzeugen \u2013 Inspiration f\u00fcr Ihr n\u00e4chstes Projekt. Highlights dieses Heftes: Toyota Celica und BMW R4.<\/p>\n","protected":false},"featured_media":13148,"template":"","meta":{"iawp_total_views":1},"product_brand":[],"product_cat":[10216],"product_tag":[730,1565,10928,11014,11015,11016,11017,11018,11032],"class_list":{"0":"post-13143","1":"product","2":"type-product","3":"status-publish","4":"has-post-thumbnail","6":"product_cat-oldtimer-praxis","7":"product_tag-yamaha-xs-1100","8":"product_tag-nsu-osl-351","9":"product_tag-steib-ls-200","10":"product_tag-toyota-celica","11":"product_tag-bmw-r4","12":"product_tag-mercedes-w-116","13":"product_tag-mg-nd","14":"product_tag-weber-vergaser","15":"product_tag-motorradrestaurierung","17":"first","18":"instock","19":"shipping-taxable","20":"purchasable","21":"product-type-simple"},"_links":{"self":[{"href":"https:\/\/motorrad-erinnerungen.de\/shop\/wp-json\/wp\/v2\/product\/13143","targetHints":{"allow":["GET"]}}],"collection":[{"href":"https:\/\/motorrad-erinnerungen.de\/shop\/wp-json\/wp\/v2\/product"}],"about":[{"href":"https:\/\/motorrad-erinnerungen.de\/shop\/wp-json\/wp\/v2\/types\/product"}],"wp:featuredmedia":[{"embeddable":true,"href":"https:\/\/motorrad-erinnerungen.de\/shop\/wp-json\/wp\/v2\/media\/13148"}],"wp:attachment":[{"href":"https:\/\/motorrad-erinnerungen.de\/shop\/wp-json\/wp\/v2\/media?parent=13143"}],"wp:term":[{"taxonomy":"product_brand","embeddable":true,"href":"https:\/\/motorrad-erinnerungen.de\/shop\/wp-json\/wp\/v2\/product_brand?post=13143"},{"taxonomy":"product_cat","embeddable":true,"href":"https:\/\/motorrad-erinnerungen.de\/shop\/wp-json\/wp\/v2\/product_cat?post=13143"},{"taxonomy":"product_tag","embeddable":true,"href":"https:\/\/motorrad-erinnerungen.de\/shop\/wp-json\/wp\/v2\/product_tag?post=13143"}],"curies":[{"name":"wp","href":"https:\/\/api.w.org\/{rel}","templated":true}]}}