{"id":13175,"date":"2026-01-10T15:44:30","date_gmt":"2026-01-10T14:44:30","guid":{"rendered":"https:\/\/motorrad-erinnerungen.de\/shop\/produkt\/oldtimer-praxis-08-2002-opel-kapitaen-norton-atlas\/"},"modified":"2026-01-10T16:17:34","modified_gmt":"2026-01-10T15:17:34","slug":"oldtimer-praxis-08-2002-opel-kapitaen-norton-atlas","status":"publish","type":"product","link":"https:\/\/motorrad-erinnerungen.de\/shop\/produkt\/oldtimer-praxis-08-2002-opel-kapitaen-norton-atlas\/","title":{"rendered":"Oldtimer Praxis 08\/2002 \u2013 Opel Kapit\u00e4n; Norton Atlas; BMW R 62"},"content":{"rendered":"<p>Ein St\u00fcck Zeitgeschichte f\u00fcr Fans klassischer Technik: die <strong>Oldtimer Praxis 08\/2002<\/strong>.<\/p>\n<h2>\ud83d\udccc Titelthema dieser Ausgabe<\/h2>\n<ul>\n<li><strong>Opel Kapit\u00e4n<\/strong> \u2013 Der Stil der Sechziger<\/li>\n<\/ul>\n<h2>\ud83c\udfcd\ufe0f Motorr\u00e4der &amp; Zweir\u00e4der in dieser Ausgabe<\/h2>\n<ul>\n<li><strong>Norton Atlas<\/strong> \u2013 In erster Hand: Die Story einer Atlas, die nie den Besitzer wechselte<\/li>\n<li><strong>BMW R 62<\/strong> \u2013 Kilometerstand 44.000 \u2013 technisch v\u00f6llig original!<\/li>\n<li><strong>Motorradrestaurierung von A-Z<\/strong> \u2013 am Beispiel einer NSU OSL 351, Z\u00fcndeinstellung und Feinarbeiten<\/li>\n<li><\/li>\n<\/ul>\n<h2>\ud83d\ude97 Weitere Oldtimer-Themen<\/h2>\n<ul>\n<li><strong>NSU TT<\/strong> \u2013 Sportkameraden: Von einem, der es heute bei Bergrennen krachen l\u00e4sst<\/li>\n<li><strong>Matra Bagheera<\/strong> \u2013 Oft verflucht, fast vergessen: Leben mit dem Matra<\/li>\n<li><strong>Technik<\/strong> \u2013 Dieselmotoren unter der Lupe: Kennzeichen D<\/li>\n<li><strong>Fleischer-Reisebus<\/strong> \u2013 Ab in den Urlaub mit einem restaurierten Bus<\/li>\n<\/ul>\n<h2>\ud83d\udca1 Tipp<\/h2>\n<ul>\n<li>Eine Oldtimer-Zeitschrift kann auch eine willkommene \u00dcberraschung sein, f\u00fcr Liebhaber klassischer Autos und Motorr\u00e4der \u2013 zum Verschenken von Erinnerungen und Tr\u00e4umen.<\/li>\n<\/ul>\n<h2>\ud83d\udce6 Versand &amp; Service<\/h2>\n<ul>\n<li>Kostenloser Versand in Deutschland, Auslandsversand f\u00fcr eine geringe Pauschale<\/li>\n<li>Erfahrung aus weit \u00fcber 30.000 erfolgreichen Sendungen<\/li>\n<li>Ihre Zeitschrift wird sicher und liebevoll verpackt<\/li>\n<\/ul>\n<h2>\ud83c\udf0d Zustand der Zeitschrift<\/h2>\n<ul>\n<li>Gebraucht, weil gelesen, durchgebl\u00e4ttert, gestapelt, alles original \ud83d\ude09<\/li>\n<\/ul>\n","protected":false},"excerpt":{"rendered":"<p>Leidenschaft, die nach \u00d6l und Benzin riecht: Diese Zeitschrift verbindet technische Tiefe mit der Liebe zu historischen Fahrzeugen \u2013 Inspiration f\u00fcr Ihr n\u00e4chstes Projekt. Highlights dieses Heftes: Opel Kapit\u00e4n und Norton Atlas.<\/p>\n","protected":false},"featured_media":13179,"template":"","meta":{"iawp_total_views":0},"product_brand":[],"product_cat":[10216],"product_tag":[4111,10997,11056,11057,11062,11063,11064,11065,1565],"class_list":{"0":"post-13175","1":"product","2":"type-product","3":"status-publish","4":"has-post-thumbnail","6":"product_cat-oldtimer-praxis","7":"product_tag-bmw-r-62","8":"product_tag-motorradrestaurierung-von-a-z","9":"product_tag-opel-kapitaen","10":"product_tag-norton-atlas","11":"product_tag-nsu-osr-351","12":"product_tag-nsu-tt","13":"product_tag-matra-bagheera","14":"product_tag-fleischer-reisebus","15":"product_tag-nsu-osl-351","17":"first","18":"instock","19":"shipping-taxable","20":"purchasable","21":"product-type-simple"},"_links":{"self":[{"href":"https:\/\/motorrad-erinnerungen.de\/shop\/wp-json\/wp\/v2\/product\/13175","targetHints":{"allow":["GET"]}}],"collection":[{"href":"https:\/\/motorrad-erinnerungen.de\/shop\/wp-json\/wp\/v2\/product"}],"about":[{"href":"https:\/\/motorrad-erinnerungen.de\/shop\/wp-json\/wp\/v2\/types\/product"}],"wp:featuredmedia":[{"embeddable":true,"href":"https:\/\/motorrad-erinnerungen.de\/shop\/wp-json\/wp\/v2\/media\/13179"}],"wp:attachment":[{"href":"https:\/\/motorrad-erinnerungen.de\/shop\/wp-json\/wp\/v2\/media?parent=13175"}],"wp:term":[{"taxonomy":"product_brand","embeddable":true,"href":"https:\/\/motorrad-erinnerungen.de\/shop\/wp-json\/wp\/v2\/product_brand?post=13175"},{"taxonomy":"product_cat","embeddable":true,"href":"https:\/\/motorrad-erinnerungen.de\/shop\/wp-json\/wp\/v2\/product_cat?post=13175"},{"taxonomy":"product_tag","embeddable":true,"href":"https:\/\/motorrad-erinnerungen.de\/shop\/wp-json\/wp\/v2\/product_tag?post=13175"}],"curies":[{"name":"wp","href":"https:\/\/api.w.org\/{rel}","templated":true}]}}