{"id":13256,"date":"2026-01-10T22:29:50","date_gmt":"2026-01-10T21:29:50","guid":{"rendered":"https:\/\/motorrad-erinnerungen.de\/shop\/produkt\/oldtimer-praxis-10-2005-isabella-coupe-moto-morini-3-1-2\/"},"modified":"2026-01-10T23:35:55","modified_gmt":"2026-01-10T22:35:55","slug":"oldtimer-praxis-10-2005-isabella-coupe-moto-morini-3-1-2","status":"publish","type":"product","link":"https:\/\/motorrad-erinnerungen.de\/shop\/produkt\/oldtimer-praxis-10-2005-isabella-coupe-moto-morini-3-1-2\/","title":{"rendered":"Oldtimer Praxis 10\/2005 \u2013 Isabella Coup\u00e9; Moto Morini 3 1\/2; Wartburg 353 Tourist"},"content":{"rendered":"<p>Ein St\u00fcck Zeitgeschichte f\u00fcr Fans klassischer Technik: die <strong>Oldtimer Praxis 10\/2005<\/strong><\/p>\n<h2>\ud83d\udccc Titelthema dieser Ausgabe<\/h2>\n<ul>\n<li><strong>Isabella Coup\u00e9<\/strong> \u2013 Borgwards Sch\u00f6nste!<\/li>\n<\/ul>\n<h2>\ud83c\udfcd\ufe0f Motorr\u00e4der &amp; Zweir\u00e4der in dieser Ausgabe<\/h2>\n<ul>\n<li><strong>Moto Morini 3 1\/2<\/strong> \u2013 Ein echter Kenner der Materie erz\u00e4hlt vom Leben mit der bildh\u00fcbschen Morini<\/li>\n<\/ul>\n<h2>\ud83d\ude97 Weitere Oldtimer-Themen<\/h2>\n<ul>\n<li><strong>Chrysler Business Coupe<\/strong> \u2013 Drei Meter Radstand, drei Sitze: Die Wiedergeburt eines fantastischen 1948er Coupes<\/li>\n<li><strong>Mazda RX-5 Wankel<\/strong> \u2013 Der Einzige in Deutschland!<\/li>\n<li><strong>Brixner Bergspyder<\/strong> \u2013 Unterwegs in dem hei\u00dfen Flachmann mit NSU-Motor<\/li>\n<li><strong>Wartburg 353 Tourist<\/strong> \u2013 behutsam restauriert<\/li>\n<li><strong>\u00d6lkreislauf<\/strong> \u2013 Wer gut schmiert&#8230; Optimierungen des \u00d6lkreislaufs<\/li>\n<li><strong>Auto-Alltag-Ost<\/strong> \u2013 Neue Serie!<\/li>\n<\/ul>\n<h2>\ud83d\udca1 Tipp<\/h2>\n<ul>\n<li>Eine Oldtimer-Zeitschrift kann auch eine willkommene \u00dcberraschung sein, f\u00fcr Liebhaber klassischer Autos und Motorr\u00e4der \u2013 zum Verschenken von Erinnerungen und Tr\u00e4umen.<\/li>\n<\/ul>\n<h2>\ud83d\udce6 Versand &amp; Service<\/h2>\n<ul>\n<li>Kostenloser Versand in Deutschland, Auslandsversand f\u00fcr eine geringe Pauschale<\/li>\n<li>Erfahrung aus weit \u00fcber 30.000 erfolgreichen Sendungen<\/li>\n<li>Ihre Zeitschrift wird sicher und liebevoll verpackt<\/li>\n<\/ul>\n<h2>\ud83c\udf0d Zustand der Zeitschrift<\/h2>\n<ul>\n<li>Gebraucht, weil gelesen, durchgebl\u00e4ttert, gestapelt, alles original \ud83d\ude09<\/li>\n<\/ul>\n","protected":false},"excerpt":{"rendered":"<p>Hier wird noch selbst geschraubt: Oldtimer Praxis liefert das n\u00f6tige Wissen f\u00fcr die Garage. Von der Wartung bis zur Komplettrestaurierung \u2013 echte Hilfe f\u00fcr alle, die ihre Klassiker auf der Stra\u00dfe halten wollen.<\/p>\n","protected":false},"featured_media":13268,"template":"","meta":{"iawp_total_views":0},"product_brand":[],"product_cat":[10216],"product_tag":[11294,11295,11296,11297,11316,4183,11292,11293],"class_list":{"0":"post-13256","1":"product","2":"type-product","3":"status-publish","4":"has-post-thumbnail","6":"product_cat-oldtimer-praxis","7":"product_tag-borgward-isabella-coupe","8":"product_tag-oelkreislauf","9":"product_tag-auto-alltag-ost","10":"product_tag-mazda-rx-5","11":"product_tag-wartburg-353-tourist","12":"product_tag-moto-morini-3-1-2","13":"product_tag-chrysler-business-coupe","14":"product_tag-brixner-bergspyder","16":"first","17":"instock","18":"shipping-taxable","19":"purchasable","20":"product-type-simple"},"_links":{"self":[{"href":"https:\/\/motorrad-erinnerungen.de\/shop\/wp-json\/wp\/v2\/product\/13256","targetHints":{"allow":["GET"]}}],"collection":[{"href":"https:\/\/motorrad-erinnerungen.de\/shop\/wp-json\/wp\/v2\/product"}],"about":[{"href":"https:\/\/motorrad-erinnerungen.de\/shop\/wp-json\/wp\/v2\/types\/product"}],"wp:featuredmedia":[{"embeddable":true,"href":"https:\/\/motorrad-erinnerungen.de\/shop\/wp-json\/wp\/v2\/media\/13268"}],"wp:attachment":[{"href":"https:\/\/motorrad-erinnerungen.de\/shop\/wp-json\/wp\/v2\/media?parent=13256"}],"wp:term":[{"taxonomy":"product_brand","embeddable":true,"href":"https:\/\/motorrad-erinnerungen.de\/shop\/wp-json\/wp\/v2\/product_brand?post=13256"},{"taxonomy":"product_cat","embeddable":true,"href":"https:\/\/motorrad-erinnerungen.de\/shop\/wp-json\/wp\/v2\/product_cat?post=13256"},{"taxonomy":"product_tag","embeddable":true,"href":"https:\/\/motorrad-erinnerungen.de\/shop\/wp-json\/wp\/v2\/product_tag?post=13256"}],"curies":[{"name":"wp","href":"https:\/\/api.w.org\/{rel}","templated":true}]}}