{"id":13282,"date":"2026-01-11T10:03:40","date_gmt":"2026-01-11T09:03:40","guid":{"rendered":"https:\/\/motorrad-erinnerungen.de\/shop\/produkt\/oldtimer-praxis-01-2006-mini-cooper-s-bimota-kb1\/"},"modified":"2026-01-11T11:45:29","modified_gmt":"2026-01-11T10:45:29","slug":"oldtimer-praxis-01-2006-mini-cooper-s-bimota-kb1","status":"publish","type":"product","link":"https:\/\/motorrad-erinnerungen.de\/shop\/produkt\/oldtimer-praxis-01-2006-mini-cooper-s-bimota-kb1\/","title":{"rendered":"Oldtimer Praxis 01\/2006 \u2013 Mini Cooper S; IWL Troll 1; Bimota KB1"},"content":{"rendered":"<p>Ein St\u00fcck Zeitgeschichte f\u00fcr Fans klassischer Technik: die <strong>Oldtimer Praxis 01\/2006<\/strong><\/p>\n<h2>\ud83d\udccc Titelthema dieser Ausgabe<\/h2>\n<ul>\n<li><strong>Mini Cooper S<\/strong> \u2013 Fein restauriert \u2013 und kr\u00e4ftig getunt!<\/li>\n<\/ul>\n<h2>\ud83c\udfcd\ufe0f Motorr\u00e4der &amp; Zweir\u00e4der in dieser Ausgabe<\/h2>\n<ul>\n<li><strong>IWL Troll 1<\/strong> \u2013 mit dem Troll samt Anh\u00e4nger auf drei R\u00e4dern ins Camping-Wochenende<\/li>\n<li><strong>Bimota KB1<\/strong> \u2013 Von der vielleicht sch\u00f6nsten Art, einen klassischen japanischen Vierzylinder zu verpacken<\/li>\n<\/ul>\n<h2>\ud83d\ude97 Weitere Oldtimer-Themen<\/h2>\n<ul>\n<li><strong>Mercedes 200\/8<\/strong> \u2013 In erster Hand: 30 Jahre Mercedes \/8 \u2013 warum f\u00fcr eine betagte Dame kein anderes Auto in Frage kommt<\/li>\n<li><strong>Morgan Plus 4<\/strong> \u2013 Roadster-Ausfahrt: Durch die Schweiz<\/li>\n<li><strong>Porsche 912 Elektro<\/strong> \u2013 Nie mehr Tanken: Auf Testfahrt mit einem Porsche 912 \u2013 mit Elektromotor!<\/li>\n<li><strong>Alu-Teile gie\u00dfen<\/strong> \u2013 So wird&#8217;s gemacht: Alu-Teile selbst gie\u00dfen!<\/li>\n<\/ul>\n<h2>\ud83d\udca1 Tipp<\/h2>\n<ul>\n<li>Eine Oldtimer-Zeitschrift kann auch eine willkommene \u00dcberraschung sein, f\u00fcr Liebhaber klassischer Autos und Motorr\u00e4der \u2013 zum Verschenken von Erinnerungen und Tr\u00e4umen.<\/li>\n<\/ul>\n<h2>\ud83d\udce6 Versand &amp; Service<\/h2>\n<ul>\n<li>Kostenloser Versand in Deutschland, Auslandsversand f\u00fcr eine geringe Pauschale<\/li>\n<li>Erfahrung aus weit \u00fcber 30.000 erfolgreichen Sendungen<\/li>\n<li>Ihre Zeitschrift wird sicher und liebevoll verpackt<\/li>\n<\/ul>\n<h2>\ud83c\udf0d Zustand der Zeitschrift<\/h2>\n<ul>\n<li>Gebraucht, weil gelesen, durchgebl\u00e4ttert, gestapelt, alles original \ud83d\ude09<\/li>\n<\/ul>\n","protected":false},"excerpt":{"rendered":"<p>Hier wird noch selbst geschraubt: Oldtimer Praxis liefert das n\u00f6tige Wissen f\u00fcr die Garage. Von der Wartung bis zur Komplettrestaurierung \u2013 echte Hilfe f\u00fcr alle, die ihre Klassiker auf der Stra\u00dfe halten wollen.<\/p>\n","protected":false},"featured_media":13295,"template":"","meta":{"iawp_total_views":1},"product_brand":[],"product_cat":[10216],"product_tag":[11319,11320,11321,11391,855,10799,11165,11317,11318],"class_list":{"0":"post-13282","1":"product","2":"type-product","3":"status-publish","4":"has-post-thumbnail","6":"product_cat-oldtimer-praxis","7":"product_tag-alu-teile-giessen","8":"product_tag-morgan-plus-4","9":"product_tag-porsche-912","10":"product_tag-iwl-troll-1","11":"product_tag-bimota-kb1","12":"product_tag-mercedes-200-8","13":"product_tag-mercedes-8","14":"product_tag-mini-cooper-s","15":"product_tag-elektromotor","17":"first","18":"instock","19":"shipping-taxable","20":"purchasable","21":"product-type-simple"},"_links":{"self":[{"href":"https:\/\/motorrad-erinnerungen.de\/shop\/wp-json\/wp\/v2\/product\/13282","targetHints":{"allow":["GET"]}}],"collection":[{"href":"https:\/\/motorrad-erinnerungen.de\/shop\/wp-json\/wp\/v2\/product"}],"about":[{"href":"https:\/\/motorrad-erinnerungen.de\/shop\/wp-json\/wp\/v2\/types\/product"}],"wp:featuredmedia":[{"embeddable":true,"href":"https:\/\/motorrad-erinnerungen.de\/shop\/wp-json\/wp\/v2\/media\/13295"}],"wp:attachment":[{"href":"https:\/\/motorrad-erinnerungen.de\/shop\/wp-json\/wp\/v2\/media?parent=13282"}],"wp:term":[{"taxonomy":"product_brand","embeddable":true,"href":"https:\/\/motorrad-erinnerungen.de\/shop\/wp-json\/wp\/v2\/product_brand?post=13282"},{"taxonomy":"product_cat","embeddable":true,"href":"https:\/\/motorrad-erinnerungen.de\/shop\/wp-json\/wp\/v2\/product_cat?post=13282"},{"taxonomy":"product_tag","embeddable":true,"href":"https:\/\/motorrad-erinnerungen.de\/shop\/wp-json\/wp\/v2\/product_tag?post=13282"}],"curies":[{"name":"wp","href":"https:\/\/api.w.org\/{rel}","templated":true}]}}