{"id":13292,"date":"2026-01-11T10:04:17","date_gmt":"2026-01-11T09:04:17","guid":{"rendered":"https:\/\/motorrad-erinnerungen.de\/shop\/produkt\/oldtimer-praxis-10-2006-sunbeam-tiger-benelli-quattro-tornax-2-30-sport\/"},"modified":"2026-01-11T13:37:19","modified_gmt":"2026-01-11T12:37:19","slug":"oldtimer-praxis-10-2006-sunbeam-tiger-benelli-quattro-tornax-2-30-sport","status":"publish","type":"product","link":"https:\/\/motorrad-erinnerungen.de\/shop\/produkt\/oldtimer-praxis-10-2006-sunbeam-tiger-benelli-quattro-tornax-2-30-sport\/","title":{"rendered":"Oldtimer Praxis 10\/2006 \u2013 Sunbeam Tiger; Benelli 500 Quattro; Tornax II\/30 Sport"},"content":{"rendered":"<p>Ein St\u00fcck Zeitgeschichte f\u00fcr Fans klassischer Technik: die <strong>Oldtimer Praxis 10\/2006<\/strong><\/p>\n<h2>\ud83d\udccc Titelthema dieser Ausgabe<\/h2>\n<ul>\n<li><strong>Sunbeam Tiger<\/strong> \u2013 Kleiner Sportler \u2013 gro\u00dfer Motor<\/li>\n<\/ul>\n<h2>\ud83c\udfcd\ufe0f Motorr\u00e4der &amp; Zweir\u00e4der in dieser Ausgabe<\/h2>\n<ul>\n<li><strong>Benelli 500 Quattro<\/strong> \u2013 Vier Zylinder und 500 Kubik: Experten erz\u00e4hlen von ihren Erfahrungen<\/li>\n<li><strong>Tornax II\/30 Sport<\/strong> \u2013 Mit 600er Jap-ohv!<\/li>\n<\/ul>\n<h2>\ud83d\ude97 Weitere Oldtimer-Themen<\/h2>\n<ul>\n<li><strong>Opel Kadett C Coup\u00e9<\/strong> \u2013 Jede Menge Schotter: Wie ein originaler Rallye-Renner gerettet wurde<\/li>\n<li><strong>Volvo 144<\/strong> \u2013 Erfahrungen eines \u00dcberzeugungst\u00e4ters: 32 Jahre mit dem Volvo 144<\/li>\n<li><strong>BMW DA4<\/strong> \u2013 Auf Tour mit dem Vorkriegscabrio im Westentaschenformat<\/li>\n<li><strong>Magirus-Deutz Saturn II 150 HHA<\/strong> \u2013 der Omnibus hat einen engagierten Fanclub<\/li>\n<li><strong>Alur\u00e4der ausbessern<\/strong> \u2013 Technik-Tipps: Alur\u00e4der selbst ausbessern \/ Kardanwellen \u00fcberholen<\/li>\n<\/ul>\n<h2>\ud83d\udca1 Tipp<\/h2>\n<ul>\n<li>Eine Oldtimer-Zeitschrift kann auch eine willkommene \u00dcberraschung sein, f\u00fcr Liebhaber klassischer Autos und Motorr\u00e4der \u2013 zum Verschenken von Erinnerungen und Tr\u00e4umen.<\/li>\n<\/ul>\n<h2>\ud83d\udce6 Versand &amp; Service<\/h2>\n<ul>\n<li>Kostenloser Versand in Deutschland, Auslandsversand f\u00fcr eine geringe Pauschale<\/li>\n<li>Erfahrung aus weit \u00fcber 30.000 erfolgreichen Sendungen<\/li>\n<li>Ihre Zeitschrift wird sicher und liebevoll verpackt<\/li>\n<\/ul>\n<h2>\ud83c\udf0d Zustand der Zeitschrift<\/h2>\n<ul>\n<li>Gebraucht, weil gelesen, durchgebl\u00e4ttert, gestapelt, alles original \ud83d\ude09<\/li>\n<\/ul>\n","protected":false},"excerpt":{"rendered":"<p>Hier wird noch selbst geschraubt: Oldtimer Praxis liefert das n\u00f6tige Wissen f\u00fcr die Garage. Von der Wartung bis zur Komplettrestaurierung \u2013 echte Hilfe f\u00fcr alle, die ihre Klassiker auf der Stra\u00dfe halten wollen.<\/p>\n","protected":false},"featured_media":13304,"template":"","meta":{"iawp_total_views":0},"product_brand":[],"product_cat":[10216],"product_tag":[11378,11401,11402,468,10942,11374,11375,11376,11377],"class_list":{"0":"post-13292","1":"product","2":"type-product","3":"status-publish","4":"has-post-thumbnail","6":"product_cat-oldtimer-praxis","7":"product_tag-alufelgen","8":"product_tag-tornax-ii-30-sport","9":"product_tag-magirus-deutz-saturn-ii-150-hha","10":"product_tag-benelli-500-quattro","11":"product_tag-volvo-144","12":"product_tag-sunbeam-tiger","13":"product_tag-opel-kadett-c","14":"product_tag-bmw-da4","15":"product_tag-kardanwelle","17":"first","18":"instock","19":"shipping-taxable","20":"purchasable","21":"product-type-simple"},"_links":{"self":[{"href":"https:\/\/motorrad-erinnerungen.de\/shop\/wp-json\/wp\/v2\/product\/13292","targetHints":{"allow":["GET"]}}],"collection":[{"href":"https:\/\/motorrad-erinnerungen.de\/shop\/wp-json\/wp\/v2\/product"}],"about":[{"href":"https:\/\/motorrad-erinnerungen.de\/shop\/wp-json\/wp\/v2\/types\/product"}],"wp:featuredmedia":[{"embeddable":true,"href":"https:\/\/motorrad-erinnerungen.de\/shop\/wp-json\/wp\/v2\/media\/13304"}],"wp:attachment":[{"href":"https:\/\/motorrad-erinnerungen.de\/shop\/wp-json\/wp\/v2\/media?parent=13292"}],"wp:term":[{"taxonomy":"product_brand","embeddable":true,"href":"https:\/\/motorrad-erinnerungen.de\/shop\/wp-json\/wp\/v2\/product_brand?post=13292"},{"taxonomy":"product_cat","embeddable":true,"href":"https:\/\/motorrad-erinnerungen.de\/shop\/wp-json\/wp\/v2\/product_cat?post=13292"},{"taxonomy":"product_tag","embeddable":true,"href":"https:\/\/motorrad-erinnerungen.de\/shop\/wp-json\/wp\/v2\/product_tag?post=13292"}],"curies":[{"name":"wp","href":"https:\/\/api.w.org\/{rel}","templated":true}]}}