{"id":13318,"date":"2026-01-11T16:20:26","date_gmt":"2026-01-11T15:20:26","guid":{"rendered":"https:\/\/motorrad-erinnerungen.de\/shop\/produkt\/oldtimer-praxis-02-2007-fiat-1500-s-honda-ducati-eigenbau\/"},"modified":"2026-01-11T16:43:08","modified_gmt":"2026-01-11T15:43:08","slug":"oldtimer-praxis-02-2007-fiat-1500-s-honda-ducati-eigenbau","status":"publish","type":"product","link":"https:\/\/motorrad-erinnerungen.de\/shop\/produkt\/oldtimer-praxis-02-2007-fiat-1500-s-honda-ducati-eigenbau\/","title":{"rendered":"Oldtimer Praxis 02\/2007 \u2013 Fiat 1500 S; Honda-CBX-Eigenbau; Standart Rekord"},"content":{"rendered":"<p>Ein St\u00fcck Zeitgeschichte f\u00fcr Fans klassischer Technik: die <strong>Oldtimer Praxis 02\/2007<\/strong><\/p>\n<h2>\ud83d\udccc Titelthema dieser Ausgabe<\/h2>\n<ul>\n<li><strong>Fiat 1500 S<\/strong> \u2013 Mit Maserati-Doppelnocker!<\/li>\n<\/ul>\n<h2>\ud83c\udfcd\ufe0f Motorr\u00e4der &amp; Zweir\u00e4der in dieser Ausgabe<\/h2>\n<ul>\n<li><strong>Standart Rekord<\/strong> \u2013 das erste Motorrad \u2013 neu entdeckt<\/li>\n<li><strong>Honda-CBX-Eigenbau<\/strong> \u2013 Brillanter Eigenbau: Honda-CBX-Sechszylinder im Ducati-Rahmen<\/li>\n<\/ul>\n<h2>\ud83d\ude97 Weitere Oldtimer-Themen<\/h2>\n<ul>\n<li><strong>Ford Consul Capri<\/strong> \u2013 Flossen-Coup\u00e9 aus England<\/li>\n<li><strong>Opel Rekord A<\/strong> \u2013 Reise in die Vergangenheit: Am Beginn der Restaurierung standen Kindheitserinnerungen<\/li>\n<li><strong>Magirus KS20 Feuerwehr<\/strong> \u2013 Ein ziemlich spezieller Fall: Feuerwehr von 1923<\/li>\n<li><strong>Keramik-Beschichtung<\/strong> \u2013 Wenn&#8217;s hei\u00df wird: Beschichten mit Keramik (Auspuffkr\u00fcmmer)<\/li>\n<li><strong>Gewinde nachschneiden<\/strong> \u2013 Simpel, preiswert, effektiv: Gewinde nachschneiden<\/li>\n<\/ul>\n<h2>\ud83d\udca1 Tipp<\/h2>\n<ul>\n<li>Eine Oldtimer-Zeitschrift kann auch eine willkommene \u00dcberraschung sein, f\u00fcr Liebhaber klassischer Autos und Motorr\u00e4der \u2013 zum Verschenken von Erinnerungen und Tr\u00e4umen.<\/li>\n<\/ul>\n<h2>\ud83d\udce6 Versand &amp; Service<\/h2>\n<ul>\n<li>Kostenloser Versand in Deutschland, Auslandsversand f\u00fcr eine geringe Pauschale<\/li>\n<li>Erfahrung aus weit \u00fcber 30.000 erfolgreichen Sendungen<\/li>\n<li>Ihre Zeitschrift wird sicher und liebevoll verpackt<\/li>\n<\/ul>\n<h2>\ud83c\udf0d Zustand der Zeitschrift<\/h2>\n<ul>\n<li>Gebraucht, weil gelesen, durchgebl\u00e4ttert, gestapelt, alles original \ud83d\ude09<\/li>\n<\/ul>\n","protected":false},"excerpt":{"rendered":"<p>Hier wird noch selbst geschraubt: Oldtimer Praxis liefert das n\u00f6tige Wissen f\u00fcr die Garage. Von der Wartung bis zur Komplettrestaurierung \u2013 echte Hilfe f\u00fcr alle, die ihre Klassiker auf der Stra\u00dfe halten wollen.<\/p>\n","protected":false},"featured_media":13331,"template":"","meta":{"iawp_total_views":1},"product_brand":[],"product_cat":[10216],"product_tag":[11410,11411,11412,11413,11414,11481,11482,7727,11049],"class_list":{"0":"post-13318","1":"product","2":"type-product","3":"status-publish","4":"has-post-thumbnail","6":"product_cat-oldtimer-praxis","7":"product_tag-fiat-1500-s","8":"product_tag-ford-consul-capri","9":"product_tag-keramikbeschichtung","10":"product_tag-magirus-ks20","11":"product_tag-gewinde","12":"product_tag-standart-rekord","13":"product_tag-honda-cbx-eigenbau","14":"product_tag-ducati","15":"product_tag-opel-rekord-a","17":"first","18":"instock","19":"shipping-taxable","20":"purchasable","21":"product-type-simple"},"_links":{"self":[{"href":"https:\/\/motorrad-erinnerungen.de\/shop\/wp-json\/wp\/v2\/product\/13318","targetHints":{"allow":["GET"]}}],"collection":[{"href":"https:\/\/motorrad-erinnerungen.de\/shop\/wp-json\/wp\/v2\/product"}],"about":[{"href":"https:\/\/motorrad-erinnerungen.de\/shop\/wp-json\/wp\/v2\/types\/product"}],"wp:featuredmedia":[{"embeddable":true,"href":"https:\/\/motorrad-erinnerungen.de\/shop\/wp-json\/wp\/v2\/media\/13331"}],"wp:attachment":[{"href":"https:\/\/motorrad-erinnerungen.de\/shop\/wp-json\/wp\/v2\/media?parent=13318"}],"wp:term":[{"taxonomy":"product_brand","embeddable":true,"href":"https:\/\/motorrad-erinnerungen.de\/shop\/wp-json\/wp\/v2\/product_brand?post=13318"},{"taxonomy":"product_cat","embeddable":true,"href":"https:\/\/motorrad-erinnerungen.de\/shop\/wp-json\/wp\/v2\/product_cat?post=13318"},{"taxonomy":"product_tag","embeddable":true,"href":"https:\/\/motorrad-erinnerungen.de\/shop\/wp-json\/wp\/v2\/product_tag?post=13318"}],"curies":[{"name":"wp","href":"https:\/\/api.w.org\/{rel}","templated":true}]}}