{"id":13360,"date":"2026-01-11T18:17:39","date_gmt":"2026-01-11T17:17:39","guid":{"rendered":"https:\/\/motorrad-erinnerungen.de\/shop\/produkt\/oldtimer-praxis-08-2008-alfa-romeo-2600-spider-victoria-avanti-morini-tresette-sprint\/"},"modified":"2026-01-27T21:40:53","modified_gmt":"2026-01-27T20:40:53","slug":"oldtimer-praxis-08-2008-alfa-romeo-2600-spider-victoria-avanti-morini-tresette-sprint","status":"publish","type":"product","link":"https:\/\/motorrad-erinnerungen.de\/shop\/produkt\/oldtimer-praxis-08-2008-alfa-romeo-2600-spider-victoria-avanti-morini-tresette-sprint\/","title":{"rendered":"Oldtimer Praxis 08\/2008 \u2013 Alfa Romeo 2600 Spider; Victoria Avanti; Morini Tresette Sprint"},"content":{"rendered":"<p>Ein St\u00fcck Zeitgeschichte f\u00fcr Fans klassischer Technik: die <strong>Oldtimer Praxis 08\/2008<\/strong><\/p>\n<h2>\ud83d\udccc Titelthema dieser Ausgabe<\/h2>\n<ul>\n<li><strong>Alfa Romeo 2600 Spider<\/strong> \u2013 Alfas Topmodell!<\/li>\n<\/ul>\n<h2>\ud83c\udfcd\ufe0f Motorr\u00e4der &amp; Zweir\u00e4der in dieser Ausgabe<\/h2>\n<ul>\n<li><strong>Victoria Avanti<\/strong> \u2013 Kleine Sch\u00f6nheit<\/li>\n<li><strong>Morini Tresette Sprint<\/strong> \u2013 Sportlich<\/li>\n<li><strong>Kawasaki Z900 Motor<\/strong> \u2013 Seziert: Kawas Z900-Vierzylinder<\/li>\n<\/ul>\n<h2>\ud83d\ude97 Weitere Oldtimer-Themen<\/h2>\n<ul>\n<li><strong>DKW F5 Ger\u00e4tewagen<\/strong> \u2013 Bau-Kasten: Auferstanden aus Fragmenten \u2013 der einzige seiner Art!<\/li>\n<li><strong>VW Spark\u00e4fer<\/strong> \u2013 Der Bauspar-K\u00e4fer: Von einem nicht sparsam restaurierten Spark\u00e4fer<\/li>\n<li><strong>Saab 900 Turbo<\/strong> \u2013 Hei\u00dfer Schweden-Happen: So gut ist der Kult-Schwede<\/li>\n<li><strong>Triumph Spitfire 1500<\/strong> \u2013 Eine Sommerliebe: 27 Jahre Spitfire 1500<\/li>\n<li><strong>Kawasaki Z900 Motor<\/strong> \u2013 Seziert: Kawas Z900-Vierzylinder (Engine tech)<\/li>\n<li><strong>Solex-Vergaser<\/strong> \u2013 Technik-Grundkurs: Solex-Vergaser<\/li>\n<li><strong>Warnblinker<\/strong> \u2013 Elektrik-Tipps: Warnblinker nachr\u00fcsten<\/li>\n<\/ul>\n<h2>\ud83d\udca1 Tipp<\/h2>\n<ul>\n<li>Eine Oldtimer-Zeitschrift kann auch eine willkommene \u00dcberraschung sein, f\u00fcr Liebhaber klassischer Autos und Motorr\u00e4der \u2013 zum Verschenken von Erinnerungen und Tr\u00e4umen.<\/li>\n<\/ul>\n<h2>\ud83d\udce6 Versand &amp; Service<\/h2>\n<ul>\n<li>Kostenloser Versand in Deutschland, Auslandsversand f\u00fcr eine geringe Pauschale<\/li>\n<li>Erfahrung aus weit \u00fcber 30.000 erfolgreichen Sendungen<\/li>\n<li>Ihre Zeitschrift wird sicher und liebevoll verpackt<\/li>\n<\/ul>\n<h2>\ud83c\udf0d Zustand der Zeitschrift<\/h2>\n<ul>\n<li>Gebraucht, weil gelesen, durchgebl\u00e4ttert, gestapelt, alles original \ud83d\ude09<\/li>\n<\/ul>\n","protected":false},"excerpt":{"rendered":"<p>Hier wird noch selbst geschraubt: Oldtimer Praxis liefert das n\u00f6tige Wissen f\u00fcr die Garage. Von der Wartung bis zur Komplettrestaurierung \u2013 echte Hilfe f\u00fcr alle, die ihre Klassiker auf der Stra\u00dfe halten wollen.<\/p>\n","protected":false},"featured_media":13372,"template":"","meta":{"iawp_total_views":1},"product_brand":[],"product_cat":[10216],"product_tag":[11536,11537,4619,11174,11532,11533,11534,11535],"class_list":{"0":"post-13360","1":"product","2":"type-product","3":"status-publish","4":"has-post-thumbnail","6":"product_cat-oldtimer-praxis","7":"product_tag-solex-vergaser","8":"product_tag-morini-tresette","9":"product_tag-victoria-avanti","10":"product_tag-vw-kaefer","11":"product_tag-dkw-f5","12":"product_tag-triumph-spitfire","13":"product_tag-saab-900-turbo","14":"product_tag-alfa-romeo-2600","16":"first","17":"instock","18":"shipping-taxable","19":"purchasable","20":"product-type-simple"},"_links":{"self":[{"href":"https:\/\/motorrad-erinnerungen.de\/shop\/wp-json\/wp\/v2\/product\/13360","targetHints":{"allow":["GET"]}}],"collection":[{"href":"https:\/\/motorrad-erinnerungen.de\/shop\/wp-json\/wp\/v2\/product"}],"about":[{"href":"https:\/\/motorrad-erinnerungen.de\/shop\/wp-json\/wp\/v2\/types\/product"}],"wp:featuredmedia":[{"embeddable":true,"href":"https:\/\/motorrad-erinnerungen.de\/shop\/wp-json\/wp\/v2\/media\/13372"}],"wp:attachment":[{"href":"https:\/\/motorrad-erinnerungen.de\/shop\/wp-json\/wp\/v2\/media?parent=13360"}],"wp:term":[{"taxonomy":"product_brand","embeddable":true,"href":"https:\/\/motorrad-erinnerungen.de\/shop\/wp-json\/wp\/v2\/product_brand?post=13360"},{"taxonomy":"product_cat","embeddable":true,"href":"https:\/\/motorrad-erinnerungen.de\/shop\/wp-json\/wp\/v2\/product_cat?post=13360"},{"taxonomy":"product_tag","embeddable":true,"href":"https:\/\/motorrad-erinnerungen.de\/shop\/wp-json\/wp\/v2\/product_tag?post=13360"}],"curies":[{"name":"wp","href":"https:\/\/api.w.org\/{rel}","templated":true}]}}