{"id":13392,"date":"2026-01-12T10:18:06","date_gmt":"2026-01-12T09:18:06","guid":{"rendered":"https:\/\/motorrad-erinnerungen.de\/shop\/produkt\/oldtimer-praxis-06-2009-volkswagen-sp2-bmw-r90s-motom-48-gg\/"},"modified":"2026-01-12T11:01:37","modified_gmt":"2026-01-12T10:01:37","slug":"oldtimer-praxis-06-2009-volkswagen-sp2-bmw-r90s-motom-48-gg","status":"publish","type":"product","link":"https:\/\/motorrad-erinnerungen.de\/shop\/produkt\/oldtimer-praxis-06-2009-volkswagen-sp2-bmw-r90s-motom-48-gg\/","title":{"rendered":"Oldtimer Praxis 06\/2009 \u2013 Volkswagen SP2; BMW R90S; Motom 48 GG; Moto Guzzi Falcone"},"content":{"rendered":"<p>Ein St\u00fcck Zeitgeschichte f\u00fcr Fans klassischer Technik: die <strong>Oldtimer Praxis 06\/2009<\/strong><\/p>\n<h2>\ud83d\udccc Titelthema dieser Ausgabe<\/h2>\n<ul>\n<li><strong>Volkswagen SP2<\/strong> \u2013 Sportwagen do Brasil<\/li>\n<\/ul>\n<h2>\ud83c\udfcd\ufe0f Motorr\u00e4der &amp; Zweir\u00e4der in dieser Ausgabe<\/h2>\n<ul>\n<li><strong>BMW R 90 S<\/strong> \u2013 top restauriert<\/li>\n<li><strong>Motom 48 GG<\/strong> \u2013 Fuffzich Kubik, vier Takte<\/li>\n<li><strong>Moto Guzzi Falcone<\/strong> \u2013 die legend\u00e4re\u00a0 seziert<\/li>\n<\/ul>\n<h2>\ud83d\ude97 Weitere Oldtimer-Themen<\/h2>\n<ul>\n<li><strong>Peugeot 203<\/strong> \u2013 Einfach gut: Der Buckel aus Frankreich<\/li>\n<li><strong>IFA H6<\/strong> \u2013 Darf&#8217;s auch etwas mehr sein? IFA-H6-Erlebnisse (LKW)<\/li>\n<li><strong>NSU Ro 80<\/strong> \u2013 Von 210.000 Wankel-Kilometern: Fahrtenbuch-Fakten<\/li>\n<li><strong>Corvette C4<\/strong> \u2013 Steckbrief: Was die hei\u00dfe Corvette C4 bietet<\/li>\n<li><strong>Bosch D-Jetronic<\/strong> \u2013 Funktion, Pflege, Reparatur<\/li>\n<li><strong>Elektronikz\u00fcndungen<\/strong> \u2013 Markt\u00fcbersicht Elektronikz\u00fcndungen<\/li>\n<\/ul>\n<h2>\ud83d\udca1 Tipp<\/h2>\n<ul>\n<li>Eine Oldtimer-Zeitschrift kann auch eine willkommene \u00dcberraschung sein, f\u00fcr Liebhaber klassischer Autos und Motorr\u00e4der \u2013 zum Verschenken von Erinnerungen und Tr\u00e4umen.<\/li>\n<\/ul>\n<h2>\ud83d\udce6 Versand &amp; Service<\/h2>\n<ul>\n<li>Kostenloser Versand in Deutschland, Auslandsversand f\u00fcr eine geringe Pauschale<\/li>\n<li>Erfahrung aus weit \u00fcber 30.000 erfolgreichen Sendungen<\/li>\n<li>Ihre Zeitschrift wird sicher und liebevoll verpackt<\/li>\n<\/ul>\n<h2>\ud83c\udf0d Zustand der Zeitschrift<\/h2>\n<ul>\n<li>Gebraucht, weil gelesen, durchgebl\u00e4ttert, gestapelt, alles original \ud83d\ude09<\/li>\n<\/ul>\n","protected":false},"excerpt":{"rendered":"<p>Hier wird noch selbst geschraubt: Oldtimer Praxis liefert das n\u00f6tige Wissen f\u00fcr die Garage. Von der Wartung bis zur Komplettrestaurierung \u2013 echte Hilfe f\u00fcr alle, die ihre Klassiker auf der Stra\u00dfe halten wollen.<\/p>\n","protected":false},"featured_media":13405,"template":"","meta":{"iawp_total_views":1},"product_brand":[],"product_cat":[10216],"product_tag":[11631,405,2663,10907,11625,11626,11627,11628,11629,11630],"class_list":{"0":"post-13392","1":"product","2":"type-product","3":"status-publish","4":"has-post-thumbnail","6":"product_cat-oldtimer-praxis","7":"product_tag-d-jetronic","8":"product_tag-moto-guzzi-falcone","9":"product_tag-bmw-r90s","10":"product_tag-nsu-ro-80","11":"product_tag-corvette-c4","12":"product_tag-motom-48-gg","13":"product_tag-peugeot-203","14":"product_tag-elektronikzuendung","15":"product_tag-vw-sp2","16":"product_tag-ifa-h6","18":"first","19":"instock","20":"shipping-taxable","21":"purchasable","22":"product-type-simple"},"_links":{"self":[{"href":"https:\/\/motorrad-erinnerungen.de\/shop\/wp-json\/wp\/v2\/product\/13392","targetHints":{"allow":["GET"]}}],"collection":[{"href":"https:\/\/motorrad-erinnerungen.de\/shop\/wp-json\/wp\/v2\/product"}],"about":[{"href":"https:\/\/motorrad-erinnerungen.de\/shop\/wp-json\/wp\/v2\/types\/product"}],"wp:featuredmedia":[{"embeddable":true,"href":"https:\/\/motorrad-erinnerungen.de\/shop\/wp-json\/wp\/v2\/media\/13405"}],"wp:attachment":[{"href":"https:\/\/motorrad-erinnerungen.de\/shop\/wp-json\/wp\/v2\/media?parent=13392"}],"wp:term":[{"taxonomy":"product_brand","embeddable":true,"href":"https:\/\/motorrad-erinnerungen.de\/shop\/wp-json\/wp\/v2\/product_brand?post=13392"},{"taxonomy":"product_cat","embeddable":true,"href":"https:\/\/motorrad-erinnerungen.de\/shop\/wp-json\/wp\/v2\/product_cat?post=13392"},{"taxonomy":"product_tag","embeddable":true,"href":"https:\/\/motorrad-erinnerungen.de\/shop\/wp-json\/wp\/v2\/product_tag?post=13392"}],"curies":[{"name":"wp","href":"https:\/\/api.w.org\/{rel}","templated":true}]}}