{"id":13647,"date":"2026-01-19T22:12:50","date_gmt":"2026-01-19T21:12:50","guid":{"rendered":"https:\/\/motorrad-erinnerungen.de\/shop\/produkt\/oldtimer-praxis-10-1993-saab-96-v4-harley-davidson-xlh-sportster\/"},"modified":"2026-01-19T22:52:58","modified_gmt":"2026-01-19T21:52:58","slug":"oldtimer-praxis-10-1993-saab-96-v4-harley-davidson-xlh-sportster","status":"publish","type":"product","link":"https:\/\/motorrad-erinnerungen.de\/shop\/produkt\/oldtimer-praxis-10-1993-saab-96-v4-harley-davidson-xlh-sportster\/","title":{"rendered":"Oldtimer Praxis 10\/1993 \u2013 Saab 96 V4; Harley-Davidson XLH Sportster; Hoffmann Gouverneur; NSU Quickly N"},"content":{"rendered":"<p>Erg\u00e4nzen Sie Ihre Sammlung mit der Originalausgabe <strong>Oldtimer Praxis 10\/1993<\/strong>.<\/p>\n<h2>\ud83d\udccc Titelthema dieser Ausgabe<\/h2>\n<ul>\n<li><strong>Saab 96 V4<\/strong> \u2013 Faules Ei aus Trollh\u00e4ttan?<\/li>\n<\/ul>\n<h2>\ud83c\udfcd\ufe0f Motorr\u00e4der &amp; Zweir\u00e4der in dieser Ausgabe<\/h2>\n<ul>\n<li><strong>Harley-Davidson XLH Sportster<\/strong> \u2013 nicht original, aber alltagstauglich!<\/li>\n<li><strong>Hoffmann Gouverneur<\/strong> \u2013 war zu teuer, f\u00fcr die Kunden und ihren Hersteller<\/li>\n<li><strong>NSU Quickly N<\/strong> \u2013 Erinnerungen<\/li>\n<\/ul>\n<h2>\ud83d\ude97 Weitere Oldtimer-Themen<\/h2>\n<ul>\n<li><strong>VW 411 L<\/strong> \u2013 Ein Nasenb\u00e4r kehrt zur\u00fcck<\/li>\n<li><strong>DKW F5 Cabrio-Limousine<\/strong> \u2013 Stationen einer Top-Restaurierung<\/li>\n<li><strong>Fiat 127<\/strong> \u2013 mit 99 Prozent Originalblech<\/li>\n<li><strong>Dodge Coronet<\/strong> \u2013 wurde nach Deutschland nie offiziell importiert<\/li>\n<li><strong>Volvo B20-Motor<\/strong> \u2013 Demontiert und restauriert, Teil 2<\/li>\n<\/ul>\n<h2>\ud83d\udca1 Tipp<\/h2>\n<ul>\n<li>Eine Oldtimer-Zeitschrift kann auch eine willkommene \u00dcberraschung sein, f\u00fcr Liebhaber klassischer Autos und Motorr\u00e4der \u2013 zum Verschenken von Erinnerungen und Tr\u00e4umen.<\/li>\n<\/ul>\n<h2>\ud83d\udce6 Versand &amp; Service<\/h2>\n<ul>\n<li>Kostenloser Versand in Deutschland, Auslandsversand f\u00fcr eine geringe Pauschale<\/li>\n<li>Erfahrung aus weit \u00fcber 30.000 erfolgreichen Sendungen<\/li>\n<li>Ihre Zeitschrift wird sicher und liebevoll verpackt<\/li>\n<\/ul>\n<h2>\ud83c\udf0d Zustand der Zeitschrift<\/h2>\n<ul>\n<li>Gebraucht, weil gelesen, durchgebl\u00e4ttert, gestapelt, alles original \ud83d\ude09<\/li>\n<\/ul>\n","protected":false},"excerpt":{"rendered":"<p>Oldtimer Praxis ist die Zeitschrift f\u00fcr Schrauberherzen: Technik, Praxis\u2011Tipps und Restaurierungsberichte f\u00fcr Oldtimer\u2011Autos und klassische Motorr\u00e4der \u2013 damit aus Erinnerungen wieder fahrbare Wirklichkeit wird.<\/p>\n","protected":false},"featured_media":13635,"template":"","meta":{"iawp_total_views":0},"product_brand":[],"product_cat":[10216],"product_tag":[11912,11913,11914,44,10275,11532,11896,11897,11898,11911],"class_list":{"0":"post-13647","1":"product","2":"type-product","3":"status-publish","4":"has-post-thumbnail","6":"product_cat-oldtimer-praxis","7":"product_tag-dodge-coronet","8":"product_tag-volvo-b20-motor","9":"product_tag-nsu-quickly-n","10":"product_tag-harley-davidson-sportster","11":"product_tag-hoffmann-gouverneur","12":"product_tag-dkw-f5","13":"product_tag-saab-96-v4","14":"product_tag-trollhaettan","15":"product_tag-vw-411-l","16":"product_tag-fiat-127","18":"first","19":"instock","20":"shipping-taxable","21":"purchasable","22":"product-type-simple"},"_links":{"self":[{"href":"https:\/\/motorrad-erinnerungen.de\/shop\/wp-json\/wp\/v2\/product\/13647","targetHints":{"allow":["GET"]}}],"collection":[{"href":"https:\/\/motorrad-erinnerungen.de\/shop\/wp-json\/wp\/v2\/product"}],"about":[{"href":"https:\/\/motorrad-erinnerungen.de\/shop\/wp-json\/wp\/v2\/types\/product"}],"wp:featuredmedia":[{"embeddable":true,"href":"https:\/\/motorrad-erinnerungen.de\/shop\/wp-json\/wp\/v2\/media\/13635"}],"wp:attachment":[{"href":"https:\/\/motorrad-erinnerungen.de\/shop\/wp-json\/wp\/v2\/media?parent=13647"}],"wp:term":[{"taxonomy":"product_brand","embeddable":true,"href":"https:\/\/motorrad-erinnerungen.de\/shop\/wp-json\/wp\/v2\/product_brand?post=13647"},{"taxonomy":"product_cat","embeddable":true,"href":"https:\/\/motorrad-erinnerungen.de\/shop\/wp-json\/wp\/v2\/product_cat?post=13647"},{"taxonomy":"product_tag","embeddable":true,"href":"https:\/\/motorrad-erinnerungen.de\/shop\/wp-json\/wp\/v2\/product_tag?post=13647"}],"curies":[{"name":"wp","href":"https:\/\/api.w.org\/{rel}","templated":true}]}}