{"id":13852,"date":"2026-01-26T23:23:25","date_gmt":"2026-01-26T22:23:25","guid":{"rendered":"https:\/\/motorrad-erinnerungen.de\/shop\/produkt\/oldtimer-praxis-07-2001-ford-17m-p3-honda-gold-wing-mz-ts-250\/"},"modified":"2026-01-27T00:00:23","modified_gmt":"2026-01-26T23:00:23","slug":"oldtimer-praxis-07-2001-ford-17m-p3-honda-gold-wing-mz-ts-250","status":"publish","type":"product","link":"https:\/\/motorrad-erinnerungen.de\/shop\/produkt\/oldtimer-praxis-07-2001-ford-17m-p3-honda-gold-wing-mz-ts-250\/","title":{"rendered":"Oldtimer Praxis 07\/2001 \u2013 Ford 17M P3; Honda GL 1000 Gold Wing; MZ TS 250"},"content":{"rendered":"<p>Erg\u00e4nzen Sie Ihre Sammlung mit der Originalausgabe <strong>Oldtimer Praxis 07\/2001<\/strong>.<\/p>\n<h2>\ud83d\udccc Titelthema dieser Ausgabe<\/h2>\n<ul>\n<li><strong>Ford 17M P3<\/strong> \u2013 Der Meilenstein aus K\u00f6ln (Badewanne)<\/li>\n<\/ul>\n<h2>\ud83c\udfcd\ufe0f Motorr\u00e4der &amp; Zweir\u00e4der in dieser Ausgabe<\/h2>\n<ul>\n<li><strong>Honda GL 1000 Gold Wing<\/strong> \u2013 Dickschiff aus Japan: hat l\u00e4ngst eine treue Gefolgschaft<\/li>\n<li><strong>MZ TS 250<\/strong> \u2013 Nicht nur als Gespann interessant: die &#8218;Emmi&#8216; unter der Lupe<\/li>\n<li><strong>NSU OSL 350<\/strong> \u2013 Serie Motorradrestaurierung \u2013 Alle Arbeitsschritte im Detail<\/li>\n<li><\/li>\n<\/ul>\n<h2>\ud83d\ude97 Weitere Oldtimer-Themen<\/h2>\n<ul>\n<li><strong>Fiat X1\/9<\/strong> \u2013 Mittelmotor-Keil aus Turin: Sportler mit Schw\u00e4chen<\/li>\n<li><strong>Velorex 350<\/strong> \u2013 Halb Auto, halb Motorrad: Wir schauen dem skurrilen Velorex 350 unters knapp geschnittene Kunstlederkleid<\/li>\n<li><strong>B\u00fcssing 6000 S<\/strong> \u2013 Ein kultiges Schwergewicht: vollrestauriert!<\/li>\n<li><strong>Autogenschwei\u00dfen<\/strong> \u2013 Technik-Thema: Die Kunst des Autogenschwei\u00dfens<\/li>\n<\/ul>\n<h2>\ud83d\udca1 Tipp<\/h2>\n<ul>\n<li>Eine Oldtimer-Zeitschrift kann auch eine willkommene \u00dcberraschung sein, f\u00fcr Liebhaber klassischer Autos und Motorr\u00e4der \u2013 zum Verschenken von Erinnerungen und Tr\u00e4umen.<\/li>\n<\/ul>\n<h2>\ud83d\udce6 Versand &amp; Service<\/h2>\n<ul>\n<li>Kostenloser Versand in Deutschland, Auslandsversand f\u00fcr eine geringe Pauschale<\/li>\n<li>Erfahrung aus weit \u00fcber 30.000 erfolgreichen Sendungen<\/li>\n<li>Ihre Zeitschrift wird sicher und liebevoll verpackt<\/li>\n<\/ul>\n<h2>\ud83c\udf0d Zustand der Zeitschrift<\/h2>\n<ul>\n<li>Gebraucht, weil gelesen, durchgebl\u00e4ttert, gestapelt, alles original \ud83d\ude09<\/li>\n<\/ul>\n","protected":false},"excerpt":{"rendered":"<p>Oldtimer Praxis ist die Zeitschrift f\u00fcr Schrauberherzen: Technik, Praxis\u2011Tipps und Restaurierungsberichte f\u00fcr Oldtimer\u2011Autos und klassische Motorr\u00e4der \u2013 damit aus Erinnerungen wieder fahrbare Wirklichkeit wird.<\/p>\n","protected":false},"featured_media":13861,"template":"","meta":{"iawp_total_views":2},"product_brand":[],"product_cat":[10216],"product_tag":[10851,11000,12261,12262,12263,12264,382,484],"class_list":{"0":"post-13852","1":"product","2":"type-product","3":"status-publish","4":"has-post-thumbnail","6":"product_cat-oldtimer-praxis","7":"product_tag-fiat-x1-9","8":"product_tag-nsu-osl-350","9":"product_tag-autogenschweissen","10":"product_tag-buessing-6000-s","11":"product_tag-ford-17m-p3","12":"product_tag-velorex-350","13":"product_tag-mz-ts-250","14":"product_tag-honda-gl-1000-gold-wing","16":"first","17":"instock","18":"shipping-taxable","19":"purchasable","20":"product-type-simple"},"_links":{"self":[{"href":"https:\/\/motorrad-erinnerungen.de\/shop\/wp-json\/wp\/v2\/product\/13852","targetHints":{"allow":["GET"]}}],"collection":[{"href":"https:\/\/motorrad-erinnerungen.de\/shop\/wp-json\/wp\/v2\/product"}],"about":[{"href":"https:\/\/motorrad-erinnerungen.de\/shop\/wp-json\/wp\/v2\/types\/product"}],"wp:featuredmedia":[{"embeddable":true,"href":"https:\/\/motorrad-erinnerungen.de\/shop\/wp-json\/wp\/v2\/media\/13861"}],"wp:attachment":[{"href":"https:\/\/motorrad-erinnerungen.de\/shop\/wp-json\/wp\/v2\/media?parent=13852"}],"wp:term":[{"taxonomy":"product_brand","embeddable":true,"href":"https:\/\/motorrad-erinnerungen.de\/shop\/wp-json\/wp\/v2\/product_brand?post=13852"},{"taxonomy":"product_cat","embeddable":true,"href":"https:\/\/motorrad-erinnerungen.de\/shop\/wp-json\/wp\/v2\/product_cat?post=13852"},{"taxonomy":"product_tag","embeddable":true,"href":"https:\/\/motorrad-erinnerungen.de\/shop\/wp-json\/wp\/v2\/product_tag?post=13852"}],"curies":[{"name":"wp","href":"https:\/\/api.w.org\/{rel}","templated":true}]}}