{"id":13871,"date":"2026-01-27T14:33:17","date_gmt":"2026-01-27T13:33:17","guid":{"rendered":"https:\/\/motorrad-erinnerungen.de\/shop\/produkt\/oldtimer-praxis-01-2003-opel-gt-bmw-r-90-s\/"},"modified":"2026-01-27T14:43:03","modified_gmt":"2026-01-27T13:43:03","slug":"oldtimer-praxis-01-2003-opel-gt-bmw-r-90-s","status":"publish","type":"product","link":"https:\/\/motorrad-erinnerungen.de\/shop\/produkt\/oldtimer-praxis-01-2003-opel-gt-bmw-r-90-s\/","title":{"rendered":"Oldtimer Praxis 01\/2003 \u2013 Opel GT; BMW R 90 S; CZ 450"},"content":{"rendered":"<p>Erg\u00e4nzen Sie Ihre Sammlung mit der Originalausgabe <strong>Oldtimer Praxis 01\/2003<\/strong>.<\/p>\n<h2>\ud83d\udccc Titelthema dieser Ausgabe<\/h2>\n<ul>\n<li><strong>Opel GT<\/strong> \u2013 Kult-Coup\u00e9, R\u00fcsselsheimer Rochen<\/li>\n<\/ul>\n<h2>\ud83c\udfcd\ufe0f Motorr\u00e4der &amp; Zweir\u00e4der in dieser Ausgabe<\/h2>\n<ul>\n<li><strong>BMW R 90 S<\/strong> \u2013 Die N\u00fcrburgring-Legende: Wie eine gelungene Kopie der unvergesslichen BMW R 90 S von Helmut D\u00e4hne entstand<\/li>\n<li><strong>CZ 450<\/strong> \u2013 Kleine Sch\u00f6nheit, fein restauriert<\/li>\n<\/ul>\n<h2>\ud83d\ude97 Weitere Oldtimer-Themen<\/h2>\n<ul>\n<li><strong>Ford 20M Turnier<\/strong> \u2013 Kilometerstand: 485.000! Der Dauerl\u00e4ufer<\/li>\n<li><strong>Fiat Dino<\/strong> \u2013 Voll auf Sparkurs: Von einem Fiat Dino, der trotz knappen Budgets zur\u00fcck auf die Stra\u00dfe kam<\/li>\n<li><strong>Krupp Mustang<\/strong> \u2013 K\u00f6nig der Landstra\u00dfe \u2013 fein restauriert<\/li>\n<li><strong>Autobianchi Biachina<\/strong> \u2013 Restaurieren von A &#8211; Z, Hauptdarsteller der neuen Serie<\/li>\n<li><strong>Ratgeber Elektrik<\/strong> \u2013 Wenn nichts mehr geht: Fehlersuche<\/li>\n<\/ul>\n<h2>\ud83d\udca1 Tipp<\/h2>\n<ul>\n<li>Eine Oldtimer-Zeitschrift kann auch eine willkommene \u00dcberraschung sein, f\u00fcr Liebhaber klassischer Autos und Motorr\u00e4der \u2013 zum Verschenken von Erinnerungen und Tr\u00e4umen.<\/li>\n<\/ul>\n<h2>\ud83d\udce6 Versand &amp; Service<\/h2>\n<ul>\n<li>Kostenloser Versand in Deutschland, Auslandsversand f\u00fcr eine geringe Pauschale<\/li>\n<li>Erfahrung aus weit \u00fcber 30.000 erfolgreichen Sendungen<\/li>\n<li>Ihre Zeitschrift wird sicher und liebevoll verpackt<\/li>\n<\/ul>\n<h2>\ud83c\udf0d Zustand der Zeitschrift<\/h2>\n<ul>\n<li>Gebraucht, weil gelesen, durchgebl\u00e4ttert, gestapelt, alles original \ud83d\ude09<\/li>\n<\/ul>\n","protected":false},"excerpt":{"rendered":"<p>Oldtimer Praxis ist die Zeitschrift f\u00fcr Schrauberherzen: Technik, Praxis\u2011Tipps und Restaurierungsberichte f\u00fcr Oldtimer\u2011Autos und klassische Motorr\u00e4der \u2013 damit aus Erinnerungen wieder fahrbare Wirklichkeit wird.<\/p>\n","protected":false},"featured_media":13876,"template":"","meta":{"iawp_total_views":0},"product_brand":[],"product_cat":[10216],"product_tag":[456,11449,12012,12288,12289,12290,12308,12309],"class_list":{"0":"post-13871","1":"product","2":"type-product","3":"status-publish","4":"has-post-thumbnail","6":"product_cat-oldtimer-praxis","7":"product_tag-bmw-r-90-s","8":"product_tag-elektrik","9":"product_tag-opel-gt","10":"product_tag-fiat-dino","11":"product_tag-ford-20m-turnier","12":"product_tag-krupp-mustang","13":"product_tag-cz-450","14":"product_tag-autobianchi-biachina","16":"first","17":"instock","18":"shipping-taxable","19":"purchasable","20":"product-type-simple"},"_links":{"self":[{"href":"https:\/\/motorrad-erinnerungen.de\/shop\/wp-json\/wp\/v2\/product\/13871","targetHints":{"allow":["GET"]}}],"collection":[{"href":"https:\/\/motorrad-erinnerungen.de\/shop\/wp-json\/wp\/v2\/product"}],"about":[{"href":"https:\/\/motorrad-erinnerungen.de\/shop\/wp-json\/wp\/v2\/types\/product"}],"wp:featuredmedia":[{"embeddable":true,"href":"https:\/\/motorrad-erinnerungen.de\/shop\/wp-json\/wp\/v2\/media\/13876"}],"wp:attachment":[{"href":"https:\/\/motorrad-erinnerungen.de\/shop\/wp-json\/wp\/v2\/media?parent=13871"}],"wp:term":[{"taxonomy":"product_brand","embeddable":true,"href":"https:\/\/motorrad-erinnerungen.de\/shop\/wp-json\/wp\/v2\/product_brand?post=13871"},{"taxonomy":"product_cat","embeddable":true,"href":"https:\/\/motorrad-erinnerungen.de\/shop\/wp-json\/wp\/v2\/product_cat?post=13871"},{"taxonomy":"product_tag","embeddable":true,"href":"https:\/\/motorrad-erinnerungen.de\/shop\/wp-json\/wp\/v2\/product_tag?post=13871"}],"curies":[{"name":"wp","href":"https:\/\/api.w.org\/{rel}","templated":true}]}}