{"id":13980,"date":"2026-01-31T20:37:50","date_gmt":"2026-01-31T19:37:50","guid":{"rendered":"https:\/\/motorrad-erinnerungen.de\/shop\/produkt\/oldtimer-praxis-05-2012-triumph-gt6-hercules-k50-rl-victoria-kr-6\/"},"modified":"2026-01-31T22:34:50","modified_gmt":"2026-01-31T21:34:50","slug":"oldtimer-praxis-05-2012-triumph-gt6-hercules-k50-rl-victoria-kr-6","status":"publish","type":"product","link":"https:\/\/motorrad-erinnerungen.de\/shop\/produkt\/oldtimer-praxis-05-2012-triumph-gt6-hercules-k50-rl-victoria-kr-6\/","title":{"rendered":"Oldtimer Praxis 05\/2012 \u2013 Triumph GT6 Mk3; Hercules K 50 RL; Victoria KR 6"},"content":{"rendered":"<p>Ein St\u00fcck Zeitgeschichte f\u00fcr Fans klassischer Technik: die <strong>Oldtimer Praxis 05\/2012<\/strong>.<\/p>\n<h2>\ud83d\udccc Titelthema dieser Ausgabe<\/h2>\n<ul>\n<li><strong>Triumph GT6 Mk3<\/strong> \u2013 Sechs Zylinder, bildh\u00fcbsch verpackt!<\/li>\n<\/ul>\n<h2>\ud83c\udfcd\ufe0f Motorr\u00e4der &amp; Zweir\u00e4der in dieser Ausgabe<\/h2>\n<ul>\n<li><strong>Hercules K 50 RL<\/strong> \u2013 Eine echte Vollrestauration<\/li>\n<li><strong>Victoria KR 6<\/strong> \u2013 Der ohv-L\u00e4ngsboxer unter der Lupe<\/li>\n<li><strong>MV Agusta 350 Bicilindra<\/strong> \u2013 Restauriert: ein 20 Jahre alter Traum<\/li>\n<\/ul>\n<h2>\ud83d\ude97 Weitere Oldtimer-Themen<\/h2>\n<ul>\n<li><strong>VW Golf 2 GTI<\/strong> \u2013 Hei\u00dfer Tipp: Es ist h\u00f6chste Zeit!<\/li>\n<li><strong>Mercedes 450 SEL (W116)<\/strong> \u2013 Fahrtenbuch: S-Klasse-Zuschlag?<\/li>\n<li><strong>Fiat 850 Spider<\/strong> \u2013 Sonniges Gem\u00fct: Sommerfrische<\/li>\n<li><strong>BMW Isetta<\/strong> \u2013 Halbzeit, Restauration gleich mehrerer Knutschkugeln<\/li>\n<li><strong>Weber-Vergaser<\/strong> \u2013 Technik-Know-how: Weber-Vergaser einstellen<\/li>\n<li><strong>Metrinch &amp; Co<\/strong> \u2013 Werkzeugtipps: Was flankenkraftgetriebenes Werkzeug kann<\/li>\n<\/ul>\n<h2>\ud83d\udca1 Tipp<\/h2>\n<ul>\n<li>Eine Oldtimer-Zeitschrift kann auch eine willkommene \u00dcberraschung sein, f\u00fcr Liebhaber klassischer Autos und Motorr\u00e4der \u2013 zum Verschenken von Erinnerungen und Tr\u00e4umen.<\/li>\n<\/ul>\n<h2>\ud83d\udce6 Versand &amp; Service<\/h2>\n<ul>\n<li>Kostenloser Versand in Deutschland, Auslandsversand f\u00fcr eine geringe Pauschale<\/li>\n<li>Erfahrung aus weit \u00fcber 30.000 erfolgreichen Sendungen<\/li>\n<li>Ihre Zeitschrift wird sicher und liebevoll verpackt<\/li>\n<\/ul>\n<h2>\ud83c\udf0d Zustand der Zeitschrift<\/h2>\n<ul>\n<li>Gebraucht, weil gelesen, durchgebl\u00e4ttert, gestapelt, alles original \ud83d\ude09<\/li>\n<\/ul>\n","protected":false},"excerpt":{"rendered":"<p>Hier wird noch selbst geschraubt: Oldtimer Praxis liefert das n\u00f6tige Wissen f\u00fcr die Garage. Von der Wartung bis zur Komplettrestaurierung \u2013 echte Hilfe f\u00fcr alle, die ihre Klassiker auf der Stra\u00dfe halten wollen.<\/p>\n","protected":false},"featured_media":13967,"template":"","meta":{"iawp_total_views":0},"product_brand":[],"product_cat":[10216],"product_tag":[12714,12732,12745,12746,12747,598,10967,11018,11501],"class_list":{"0":"post-13980","1":"product","2":"type-product","3":"status-publish","4":"has-post-thumbnail","6":"product_cat-oldtimer-praxis","7":"product_tag-werkzeug","8":"product_tag-vw-golf-2-gti","9":"product_tag-triumph-gt6-mk3","10":"product_tag-mercedes-450-sel-w116","11":"product_tag-mv-agusta-350-bicilindra","12":"product_tag-hercules-k-50-rl","13":"product_tag-fiat-850-spider","14":"product_tag-weber-vergaser","15":"product_tag-bmw-isetta","17":"first","18":"instock","19":"shipping-taxable","20":"purchasable","21":"product-type-simple"},"_links":{"self":[{"href":"https:\/\/motorrad-erinnerungen.de\/shop\/wp-json\/wp\/v2\/product\/13980","targetHints":{"allow":["GET"]}}],"collection":[{"href":"https:\/\/motorrad-erinnerungen.de\/shop\/wp-json\/wp\/v2\/product"}],"about":[{"href":"https:\/\/motorrad-erinnerungen.de\/shop\/wp-json\/wp\/v2\/types\/product"}],"wp:featuredmedia":[{"embeddable":true,"href":"https:\/\/motorrad-erinnerungen.de\/shop\/wp-json\/wp\/v2\/media\/13967"}],"wp:attachment":[{"href":"https:\/\/motorrad-erinnerungen.de\/shop\/wp-json\/wp\/v2\/media?parent=13980"}],"wp:term":[{"taxonomy":"product_brand","embeddable":true,"href":"https:\/\/motorrad-erinnerungen.de\/shop\/wp-json\/wp\/v2\/product_brand?post=13980"},{"taxonomy":"product_cat","embeddable":true,"href":"https:\/\/motorrad-erinnerungen.de\/shop\/wp-json\/wp\/v2\/product_cat?post=13980"},{"taxonomy":"product_tag","embeddable":true,"href":"https:\/\/motorrad-erinnerungen.de\/shop\/wp-json\/wp\/v2\/product_tag?post=13980"}],"curies":[{"name":"wp","href":"https:\/\/api.w.org\/{rel}","templated":true}]}}