{"id":13989,"date":"2026-02-02T10:09:02","date_gmt":"2026-02-02T09:09:02","guid":{"rendered":"https:\/\/motorrad-erinnerungen.de\/shop\/produkt\/oldtimer-praxis-07-2012-peugeot-504-cabrio-guzzi-le-mans-nsu-125-ps\/"},"modified":"2026-02-02T10:17:44","modified_gmt":"2026-02-02T09:17:44","slug":"oldtimer-praxis-07-2012-peugeot-504-cabrio-guzzi-le-mans-nsu-125-ps","status":"publish","type":"product","link":"https:\/\/motorrad-erinnerungen.de\/shop\/produkt\/oldtimer-praxis-07-2012-peugeot-504-cabrio-guzzi-le-mans-nsu-125-ps\/","title":{"rendered":"Oldtimer Praxis 07\/2012 \u2013 Peugeot 504 Cabrio; Moto Guzzi Le Mans I; 1907er NSU 1,25 PS"},"content":{"rendered":"<p>Ein St\u00fcck Zeitgeschichte f\u00fcr Fans klassischer Technik: die <strong>Oldtimer Praxis 07\/2012<\/strong>.<\/p>\n<h2>\ud83d\udccc Titelthema dieser Ausgabe<\/h2>\n<ul>\n<li><strong>Peugeot 504 Cabrio<\/strong> \u2013 Peugeots gro\u00dfer, kultivierter Gleiter<\/li>\n<\/ul>\n<h2>\ud83c\udfcd\ufe0f Motorr\u00e4der &amp; Zweir\u00e4der in dieser Ausgabe<\/h2>\n<ul>\n<li><strong>Moto Guzzi Le Mans I<\/strong> \u2013 Bildsch\u00f6n, sauschnell: Guzzi Le Mans<\/li>\n<li><strong>NSU 1,25 PS<\/strong> \u2013 Unter der Lupe: der Motor einer 1907er NSU 1,25 PS<\/li>\n<li><strong>Post-Moped-Sammler<\/strong> \u2013 Ganz sch\u00f6n gelb: Zu Besuch bei einem Post-Moped-Sammler<\/li>\n<\/ul>\n<h2>\ud83d\ude97 Weitere Oldtimer-Themen<\/h2>\n<ul>\n<li><strong>Alfa Romeo Giulia<\/strong> \u2013 Wie sich&#8217;s mit Alfas sch\u00f6ner Giulia lebt: Die Bilanz von 21 Jahren<\/li>\n<li><strong>Opel Kadett A Caravan<\/strong> \u2013 Perfekt restauriert: Einer der Besten!<\/li>\n<li><strong>Saab 900 Cabriolet<\/strong> \u2013 Schweden im Sommer: wie gut ist der Oben-ohne-Youngster?<\/li>\n<li><strong>VW 411 <\/strong>\u2013 Halbzeit: VW Typ 4<\/li>\n<li><strong>Kunststoffteile aufbereiten<\/strong> \u2013 Perfekte Kosmetik: Kunststoffteile aufbereiten<\/li>\n<li><strong>Reibahle<\/strong> \u2013 Werkzeug-Grundkurs: Richtig mit der Reibahle arbeiten<\/li>\n<\/ul>\n<h2>\ud83d\udca1 Tipp<\/h2>\n<ul>\n<li>Eine Oldtimer-Zeitschrift kann auch eine willkommene \u00dcberraschung sein, f\u00fcr Liebhaber klassischer Autos und Motorr\u00e4der \u2013 zum Verschenken von Erinnerungen und Tr\u00e4umen.<\/li>\n<\/ul>\n<h2>\ud83d\udce6 Versand &amp; Service<\/h2>\n<ul>\n<li>Kostenloser Versand in Deutschland, Auslandsversand f\u00fcr eine geringe Pauschale<\/li>\n<li>Erfahrung aus weit \u00fcber 30.000 erfolgreichen Sendungen<\/li>\n<li>Ihre Zeitschrift wird sicher und liebevoll verpackt<\/li>\n<\/ul>\n<h2>\ud83c\udf0d Zustand der Zeitschrift<\/h2>\n<ul>\n<li>Gebraucht, weil gelesen, durchgebl\u00e4ttert, gestapelt, alles original \ud83d\ude09<\/li>\n<\/ul>\n","protected":false},"excerpt":{"rendered":"<p>Hier wird noch selbst geschraubt: Oldtimer Praxis liefert das n\u00f6tige Wissen f\u00fcr die Garage. Von der Wartung bis zur Komplettrestaurierung \u2013 echte Hilfe f\u00fcr alle, die ihre Klassiker auf der Stra\u00dfe halten wollen.<\/p>\n","protected":false},"featured_media":13969,"template":"","meta":{"iawp_total_views":1},"product_brand":[],"product_cat":[10216],"product_tag":[12751,12752,12753,12754,12779,12780,5762,12067,12714,12750],"class_list":{"0":"post-13989","1":"product","2":"type-product","3":"status-publish","4":"has-post-thumbnail","6":"product_cat-oldtimer-praxis","7":"product_tag-kunststoffpflege","8":"product_tag-opel-kadett-a-caravan","9":"product_tag-saab-900-cabrio","10":"product_tag-vw-typ-4","11":"product_tag-vw-411","12":"product_tag-nsu-1-25-ps","13":"product_tag-moto-guzzi-le-mans-i","14":"product_tag-peugeot-504-cabrio","15":"product_tag-werkzeug","16":"product_tag-alfa-romeo-giulia","18":"first","19":"instock","20":"shipping-taxable","21":"purchasable","22":"product-type-simple"},"_links":{"self":[{"href":"https:\/\/motorrad-erinnerungen.de\/shop\/wp-json\/wp\/v2\/product\/13989","targetHints":{"allow":["GET"]}}],"collection":[{"href":"https:\/\/motorrad-erinnerungen.de\/shop\/wp-json\/wp\/v2\/product"}],"about":[{"href":"https:\/\/motorrad-erinnerungen.de\/shop\/wp-json\/wp\/v2\/types\/product"}],"wp:featuredmedia":[{"embeddable":true,"href":"https:\/\/motorrad-erinnerungen.de\/shop\/wp-json\/wp\/v2\/media\/13969"}],"wp:attachment":[{"href":"https:\/\/motorrad-erinnerungen.de\/shop\/wp-json\/wp\/v2\/media?parent=13989"}],"wp:term":[{"taxonomy":"product_brand","embeddable":true,"href":"https:\/\/motorrad-erinnerungen.de\/shop\/wp-json\/wp\/v2\/product_brand?post=13989"},{"taxonomy":"product_cat","embeddable":true,"href":"https:\/\/motorrad-erinnerungen.de\/shop\/wp-json\/wp\/v2\/product_cat?post=13989"},{"taxonomy":"product_tag","embeddable":true,"href":"https:\/\/motorrad-erinnerungen.de\/shop\/wp-json\/wp\/v2\/product_tag?post=13989"}],"curies":[{"name":"wp","href":"https:\/\/api.w.org\/{rel}","templated":true}]}}