{"id":1400,"date":"2025-09-05T10:09:03","date_gmt":"2025-09-05T08:09:03","guid":{"rendered":"https:\/\/motorrad-erinnerungen.de\/2026\/produkt\/motorrad-4-1986-suzuki-gsx-r-1100-mit-74-kw-100-ps-im-vergleichstest-kawasaki-gpz-1000-rx-mit-74-kw-100-ps-im-vergleichstest\/"},"modified":"2026-03-21T00:01:37","modified_gmt":"2026-03-20T23:01:37","slug":"motorrad-4-1986-suzuki-gsx-r-1100-mit-74-kw-100-ps-im-vergleichstest-kawasaki-gpz-1000-rx-mit-74-kw-100-ps-im-vergleichstest","status":"publish","type":"product","link":"https:\/\/motorrad-erinnerungen.de\/shop\/produkt\/motorrad-4-1986-suzuki-gsx-r-1100-mit-74-kw-100-ps-im-vergleichstest-kawasaki-gpz-1000-rx-mit-74-kw-100-ps-im-vergleichstest\/","title":{"rendered":"MOTORRAD 4\/1986 \u2013 10 Jahre Yamaha XT 500; Fahrbericht Honda CB 450 S, Kawasaki ZL 600"},"content":{"rendered":"<p>Hier k\u00f6nnen Sie die <strong>Motorrad\u2011Zeitschrift &#8222;MOTORRAD 4\/1986&#8220;<\/strong> erwerben:<\/p>\n<h2>\ud83d\udcccInhalt dieser Ausgabe (u.a.):<\/h2>\n<ul>\n<li><strong>Suzuki GSX-R 1100 vs. Honda VF 1000 R vs. Kawasaki GP Z 1000 RX <\/strong>\u2013 Vergleich der Schnellsten, Testbericht (Teil 1) in Wort und Bild auf 8 Seiten<\/li>\n<li><strong>Yamaha XT 500, die Story nach 10 Jahren<\/strong> \u2013 Jubil\u00e4ums-Report in Wort und Bild auf 5 Seiten<\/li>\n<li><strong>Yamaha XT 600 Z T\u00e9n\u00e9r\u00e9<\/strong> mit 34 kW (46 PS) Test &amp; Technik \u2013 Testbericht in Wort und Bild auf 4 Seiten<\/li>\n<li><strong>Kawasaki GPZ 900 R, sechs Auspuffanlagen<\/strong> im Vergleichstest \u2013 Testbericht in Wort und Bild auf 6 Seiten<\/li>\n<li><strong>Honda CB 450 S<\/strong> mit 29\/32 kW (27\/44 PS) im Test \u2013 Fahrbericht in Wort und Bild auf 4 Seiten<\/li>\n<li><strong>Kawasaki ZL 600<\/strong> mit 54 kW (74 PS) im Test \u2013 Fahrbericht in Wort und Bild auf 2 Seiten<\/li>\n<li><strong>Suzuki RG 80 Gamma<\/strong> mit 7 kW (10 PS) nach dem Langstrecken-Test \u2013 Abschluss-Bilanz nach 10000 Test-km in Wort und Bild auf 4 Seiten<\/li>\n<li><strong>Kawasaki GTR 1000<\/strong> mit 74 kW (100 PS) im Test \u2013 Fahrbericht in Wort und Bild auf 4 Seiten<\/li>\n<\/ul>\n<h2>\ud83c\udf0d Zustand der Zeitschrift<\/h2>\n<ul>\n<li><strong>Gebraucht, weil gelesen, durchgebl\u00e4ttert oder gestapelt \ud83d\ude09<\/strong>\u00a0dem Alter angemessen gut bis sehr gut erhalten.<\/li>\n<li>Alles original, Klebespuren von abgel\u00f6sten Abo-Versandaufklebern k\u00f6nnen vorhanden sein.<\/li>\n<\/ul>\n<h2>\ud83d\udce6 Versand &amp; Service<\/h2>\n<ul>\n<li>Kostenloser Versand innerhalb Deutschlands<\/li>\n<li>Versand auch ins Ausland m\u00f6glich<\/li>\n<li>Sicher verpackt \u2013 wir wissen, wie wertvoll diese Sch\u00e4tze sind!<\/li>\n<\/ul>\n","protected":false},"excerpt":{"rendered":"<p>Originalausgabe, wie es sie damals im Zeitschriftenkiosk zu kaufen gab \u2013 f\u00fcrs Wiederfinden der eigenen Motorrad\u2011Erinnerungen beim Bl\u00e4ttern.<\/p>\n","protected":false},"featured_media":1221,"template":"","meta":{"iawp_total_views":3},"product_brand":[],"product_cat":[23],"product_tag":[1426,1435,1445,1461,1462,1463,1464,1641,585,1244,1250],"class_list":{"0":"post-1400","1":"product","2":"type-product","3":"status-publish","4":"has-post-thumbnail","6":"product_cat-motorrad","7":"product_tag-suzuki-rg-80-gamma","8":"product_tag-kawasaki-gpz-1000-rx","9":"product_tag-suzuki-gsx-r-1100","10":"product_tag-honda-cb-450-s","11":"product_tag-kawasaki-zl-600","12":"product_tag-kawasaki-gtr-1000","13":"product_tag-kawasaki-gp-z-1000-rx","14":"product_tag-yamaha-xt-600-z-tenere","15":"product_tag-yamaha-xt-500","16":"product_tag-honda-vf-1000-r","17":"product_tag-kawasaki-gpz-900-r","19":"first","20":"instock","21":"shipping-taxable","22":"purchasable","23":"product-type-simple"},"_links":{"self":[{"href":"https:\/\/motorrad-erinnerungen.de\/shop\/wp-json\/wp\/v2\/product\/1400","targetHints":{"allow":["GET"]}}],"collection":[{"href":"https:\/\/motorrad-erinnerungen.de\/shop\/wp-json\/wp\/v2\/product"}],"about":[{"href":"https:\/\/motorrad-erinnerungen.de\/shop\/wp-json\/wp\/v2\/types\/product"}],"wp:featuredmedia":[{"embeddable":true,"href":"https:\/\/motorrad-erinnerungen.de\/shop\/wp-json\/wp\/v2\/media\/1221"}],"wp:attachment":[{"href":"https:\/\/motorrad-erinnerungen.de\/shop\/wp-json\/wp\/v2\/media?parent=1400"}],"wp:term":[{"taxonomy":"product_brand","embeddable":true,"href":"https:\/\/motorrad-erinnerungen.de\/shop\/wp-json\/wp\/v2\/product_brand?post=1400"},{"taxonomy":"product_cat","embeddable":true,"href":"https:\/\/motorrad-erinnerungen.de\/shop\/wp-json\/wp\/v2\/product_cat?post=1400"},{"taxonomy":"product_tag","embeddable":true,"href":"https:\/\/motorrad-erinnerungen.de\/shop\/wp-json\/wp\/v2\/product_tag?post=1400"}],"curies":[{"name":"wp","href":"https:\/\/api.w.org\/{rel}","templated":true}]}}