{"id":14067,"date":"2026-02-03T21:20:44","date_gmt":"2026-02-03T20:20:44","guid":{"rendered":"https:\/\/motorrad-erinnerungen.de\/shop\/produkt\/oldtimer-praxis-01-2014-low-budget-projekte-yamaha-rt-360-vespas-150er-sprint-motor\/"},"modified":"2026-02-03T21:34:54","modified_gmt":"2026-02-03T20:34:54","slug":"oldtimer-praxis-01-2014-low-budget-projekte-yamaha-rt-360-vespas-150er-sprint-motor","status":"publish","type":"product","link":"https:\/\/motorrad-erinnerungen.de\/shop\/produkt\/oldtimer-praxis-01-2014-low-budget-projekte-yamaha-rt-360-vespas-150er-sprint-motor\/","title":{"rendered":"Oldtimer Praxis 01\/2014 \u2013 Volvo PV 544 und Fiat 600; Yamaha RT 360; Norton 850 Commando"},"content":{"rendered":"<p>Ein St\u00fcck Zeitgeschichte f\u00fcr Fans klassischer Technik: die <strong>Oldtimer Praxis 01\/2014<\/strong>.<\/p>\n<h2>\ud83d\udccc Titelthema dieser Ausgabe<\/h2>\n<ul>\n<li><strong>Volvo PV 544 und Fiat 600<\/strong>\u00a0\u2013 Fix und fertig f\u00fcr 7.500 \u20ac: 10 Schrauber und ihre Projekte<\/li>\n<\/ul>\n<h2>\ud83c\udfcd\ufe0f Motorr\u00e4der &amp; Zweir\u00e4der in dieser Ausgabe<\/h2>\n<ul>\n<li><strong>Yamaha RT 360<\/strong> \u2013 Eine fr\u00fche Japan-Enduro im Bestzustand<\/li>\n<li><strong>Vespas 150er Sprint-Motor<\/strong> \u2013 Seziert<\/li>\n<li><strong>Norton 850 Commando<\/strong> \u2013 Aus Erfahrung: Bilanz: 30 Jahre Norton Commando<\/li>\n<\/ul>\n<h2>\ud83d\ude97 Weitere Oldtimer-Themen<\/h2>\n<ul>\n<li><strong>Bedford CA Dormobile Romany<\/strong> \u2013 Urlaubsreif: Ein tolles Womo: Dormobile<\/li>\n<li><strong>BMW 628 CSi<\/strong> \u2013 \u00dcberholspur: Vollrestauriert<\/li>\n<li><strong>IFA F8 Cabrio<\/strong> \u2013 Auf Zeitreise: Sonniges Gem\u00fct<\/li>\n<li><strong>BMC mini<\/strong> \u2013 Seziert: Braves Herz einer Legende<\/li>\n<li><\/li>\n<li><strong>Gleichstrom-Limas<\/strong> \u2013 Technik-Know-how: So k\u00f6nnen Sie das E-Werk Ihres Oldies selbst \u00fcberholen<\/li>\n<li><strong>Kupplung<\/strong> \u2013 Ernstfall: So entsteht eine Kupplung nach Ma\u00df<\/li>\n<\/ul>\n<h2>\ud83d\udca1 Tipp<\/h2>\n<ul>\n<li>Eine Oldtimer-Zeitschrift kann auch eine willkommene \u00dcberraschung sein, f\u00fcr Liebhaber klassischer Autos und Motorr\u00e4der \u2013 zum Verschenken von Erinnerungen und Tr\u00e4umen.<\/li>\n<\/ul>\n<h2>\ud83d\udce6 Versand &amp; Service<\/h2>\n<ul>\n<li>Kostenloser Versand in Deutschland, Auslandsversand f\u00fcr eine geringe Pauschale<\/li>\n<li>Erfahrung aus weit \u00fcber 30.000 erfolgreichen Sendungen<\/li>\n<li>Ihre Zeitschrift wird sicher und liebevoll verpackt<\/li>\n<\/ul>\n<h2>\ud83c\udf0d Zustand der Zeitschrift<\/h2>\n<ul>\n<li>Gebraucht, weil gelesen, durchgebl\u00e4ttert, gestapelt, alles original \ud83d\ude09<\/li>\n<\/ul>\n","protected":false},"excerpt":{"rendered":"<p>Hier wird noch selbst geschraubt: Oldtimer Praxis liefert das n\u00f6tige Wissen f\u00fcr die Garage. Von der Wartung bis zur Komplettrestaurierung \u2013 echte Hilfe f\u00fcr alle, die ihre Klassiker auf der Stra\u00dfe halten wollen.<\/p>\n","protected":false},"featured_media":14073,"template":"","meta":{"iawp_total_views":7},"product_brand":[],"product_cat":[10216],"product_tag":[12975,12976,11598,11703,11749,12938,12939,12940,12942,12973,12974],"class_list":{"0":"post-14067","1":"product","2":"type-product","3":"status-publish","4":"has-post-thumbnail","6":"product_cat-oldtimer-praxis","7":"product_tag-bmc-mini","8":"product_tag-norton-850-commando","9":"product_tag-lichtmaschine","10":"product_tag-ifa-f8","11":"product_tag-kupplung","12":"product_tag-bmw-628-csi","13":"product_tag-low-budget","14":"product_tag-vespa-150-sprint","15":"product_tag-yamaha-rt-360","16":"product_tag-volvo-pv-544-und-fiat-600","17":"product_tag-bedford-ca-dormobile-romany","19":"first","20":"instock","21":"shipping-taxable","22":"purchasable","23":"product-type-simple"},"_links":{"self":[{"href":"https:\/\/motorrad-erinnerungen.de\/shop\/wp-json\/wp\/v2\/product\/14067","targetHints":{"allow":["GET"]}}],"collection":[{"href":"https:\/\/motorrad-erinnerungen.de\/shop\/wp-json\/wp\/v2\/product"}],"about":[{"href":"https:\/\/motorrad-erinnerungen.de\/shop\/wp-json\/wp\/v2\/types\/product"}],"wp:featuredmedia":[{"embeddable":true,"href":"https:\/\/motorrad-erinnerungen.de\/shop\/wp-json\/wp\/v2\/media\/14073"}],"wp:attachment":[{"href":"https:\/\/motorrad-erinnerungen.de\/shop\/wp-json\/wp\/v2\/media?parent=14067"}],"wp:term":[{"taxonomy":"product_brand","embeddable":true,"href":"https:\/\/motorrad-erinnerungen.de\/shop\/wp-json\/wp\/v2\/product_brand?post=14067"},{"taxonomy":"product_cat","embeddable":true,"href":"https:\/\/motorrad-erinnerungen.de\/shop\/wp-json\/wp\/v2\/product_cat?post=14067"},{"taxonomy":"product_tag","embeddable":true,"href":"https:\/\/motorrad-erinnerungen.de\/shop\/wp-json\/wp\/v2\/product_tag?post=14067"}],"curies":[{"name":"wp","href":"https:\/\/api.w.org\/{rel}","templated":true}]}}