{"id":14070,"date":"2026-02-03T21:20:45","date_gmt":"2026-02-03T20:20:45","guid":{"rendered":"https:\/\/motorrad-erinnerungen.de\/shop\/produkt\/oldtimer-praxis-04-2014-bmw-600-suzuki-katana-horex-resident\/"},"modified":"2026-02-03T22:06:10","modified_gmt":"2026-02-03T21:06:10","slug":"oldtimer-praxis-04-2014-bmw-600-suzuki-katana-horex-resident","status":"publish","type":"product","link":"https:\/\/motorrad-erinnerungen.de\/shop\/produkt\/oldtimer-praxis-04-2014-bmw-600-suzuki-katana-horex-resident\/","title":{"rendered":"Oldtimer Praxis 04\/2014 \u2013 BMW 600 &#038; Heinkel Tourist&#8211;Gespann; Suzuki GSX 1100S \/ 750S Katana"},"content":{"rendered":"<p>Ein St\u00fcck Zeitgeschichte f\u00fcr Fans klassischer Technik: die <strong>Oldtimer Praxis 04\/2014<\/strong>.<\/p>\n<h2>\ud83d\udccc Titelthema dieser Ausgabe<\/h2>\n<ul>\n<li><strong>BMW 600 &amp; Heinkel Tourist&#8211;Gespann<\/strong> \u2013 Kleine Freuden: Restauriert<\/li>\n<\/ul>\n<h2>\ud83c\udfcd\ufe0f Motorr\u00e4der &amp; Zweir\u00e4der in dieser Ausgabe<\/h2>\n<ul>\n<li><strong>Suzuki GSX 1100S \/ 750S Katana<\/strong> \u2013 B\u00e4riger Motor, kultiges Design: Suzuki-Katana-Erfahrungen<\/li>\n<li><strong>Horex Resident<\/strong> \u2013 Seziert: Das Horex-Resident-Triebwerk im Detail<\/li>\n<\/ul>\n<h2>\ud83d\ude97 Weitere Oldtimer-Themen<\/h2>\n<ul>\n<li><strong>Mercedes 230\/6<\/strong> \u2013 Stern-Stunden: Aus dem Werkstatt-Tagebuch eines Mercedes 230\/6<\/li>\n<li><strong>Tatra 87 Motor<\/strong> \u2013 Gro\u00dfartig: der Tatra 87 Motor<\/li>\n<li><strong>Porsche 356 A<\/strong> \u2013 Noch in Arbeit: Alles wird gut<\/li>\n<li><strong>Jaguar XK8<\/strong> \u2013 Leistung und Luxus: Was er bietet und kostet<\/li>\n<li><strong>Citro\u00ebn CX<\/strong> \u2013 Auf lange Sicht: 30 Jahre mit dem Citro\u00ebn CX<\/li>\n<li><strong>Klimaanlagen<\/strong> \u2013 Technik-Know-how: Wie Klimaanlagen arbeiten<\/li>\n<li><strong>Elektrische Benzinpumpen<\/strong> \u2013 Mit dem Strom: nachr\u00fcsten<\/li>\n<\/ul>\n<h2>\ud83d\udca1 Tipp<\/h2>\n<ul>\n<li>Eine Oldtimer-Zeitschrift kann auch eine willkommene \u00dcberraschung sein, f\u00fcr Liebhaber klassischer Autos und Motorr\u00e4der \u2013 zum Verschenken von Erinnerungen und Tr\u00e4umen.<\/li>\n<\/ul>\n<h2>\ud83d\udce6 Versand &amp; Service<\/h2>\n<ul>\n<li>Kostenloser Versand in Deutschland, Auslandsversand f\u00fcr eine geringe Pauschale<\/li>\n<li>Erfahrung aus weit \u00fcber 30.000 erfolgreichen Sendungen<\/li>\n<li>Ihre Zeitschrift wird sicher und liebevoll verpackt<\/li>\n<\/ul>\n<h2>\ud83c\udf0d Zustand der Zeitschrift<\/h2>\n<ul>\n<li>Gebraucht, weil gelesen, durchgebl\u00e4ttert, gestapelt, alles original \ud83d\ude09<\/li>\n<\/ul>\n","protected":false},"excerpt":{"rendered":"<p>Hier wird noch selbst geschraubt: Oldtimer Praxis liefert das n\u00f6tige Wissen f\u00fcr die Garage. Von der Wartung bis zur Komplettrestaurierung \u2013 echte Hilfe f\u00fcr alle, die ihre Klassiker auf der Stra\u00dfe halten wollen.<\/p>\n","protected":false},"featured_media":14076,"template":"","meta":{"iawp_total_views":2},"product_brand":[],"product_cat":[10216],"product_tag":[12981,10981,11551,12072,12949,12955,12956,12957,12958,75,12980,4513],"class_list":{"0":"post-14070","1":"product","2":"type-product","3":"status-publish","4":"has-post-thumbnail","6":"product_cat-oldtimer-praxis","7":"product_tag-suzuki-gsx-1100s-750s-katana","8":"product_tag-porsche-356","9":"product_tag-citroen-cx","10":"product_tag-heinkel-roller-2","11":"product_tag-benzinpumpe","12":"product_tag-jaguar-xk8","13":"product_tag-klimaanlage","14":"product_tag-mercedes-strich-acht","15":"product_tag-tatra-87","16":"product_tag-horex-resident","17":"product_tag-heinkel-tourist-gespann","18":"product_tag-bmw-600","20":"first","21":"instock","22":"shipping-taxable","23":"purchasable","24":"product-type-simple"},"_links":{"self":[{"href":"https:\/\/motorrad-erinnerungen.de\/shop\/wp-json\/wp\/v2\/product\/14070","targetHints":{"allow":["GET"]}}],"collection":[{"href":"https:\/\/motorrad-erinnerungen.de\/shop\/wp-json\/wp\/v2\/product"}],"about":[{"href":"https:\/\/motorrad-erinnerungen.de\/shop\/wp-json\/wp\/v2\/types\/product"}],"wp:featuredmedia":[{"embeddable":true,"href":"https:\/\/motorrad-erinnerungen.de\/shop\/wp-json\/wp\/v2\/media\/14076"}],"wp:attachment":[{"href":"https:\/\/motorrad-erinnerungen.de\/shop\/wp-json\/wp\/v2\/media?parent=14070"}],"wp:term":[{"taxonomy":"product_brand","embeddable":true,"href":"https:\/\/motorrad-erinnerungen.de\/shop\/wp-json\/wp\/v2\/product_brand?post=14070"},{"taxonomy":"product_cat","embeddable":true,"href":"https:\/\/motorrad-erinnerungen.de\/shop\/wp-json\/wp\/v2\/product_cat?post=14070"},{"taxonomy":"product_tag","embeddable":true,"href":"https:\/\/motorrad-erinnerungen.de\/shop\/wp-json\/wp\/v2\/product_tag?post=14070"}],"curies":[{"name":"wp","href":"https:\/\/api.w.org\/{rel}","templated":true}]}}