{"id":14157,"date":"2026-02-06T17:22:06","date_gmt":"2026-02-06T16:22:06","guid":{"rendered":"https:\/\/motorrad-erinnerungen.de\/shop\/produkt\/oldtimer-praxis-08-2016-toyota-celica-ta22-simson-sperber-weslake-triumph\/"},"modified":"2026-02-06T21:03:34","modified_gmt":"2026-02-06T20:03:34","slug":"oldtimer-praxis-08-2016-toyota-celica-ta22-simson-sperber-weslake-triumph","status":"publish","type":"product","link":"https:\/\/motorrad-erinnerungen.de\/shop\/produkt\/oldtimer-praxis-08-2016-toyota-celica-ta22-simson-sperber-weslake-triumph\/","title":{"rendered":"Oldtimer Praxis 08\/2016 \u2013 Toyota Celica GT (TA22); Simson Sperber; Weslake-Triumph"},"content":{"rendered":"<p>Ein St\u00fcck Zeitgeschichte f\u00fcr Fans klassischer Technik: die <strong>Oldtimer Praxis 08\/2016<\/strong>.<\/p>\n<h2>\ud83d\udccc Titelthema dieser Ausgabe<\/h2>\n<ul>\n<li><strong>Toyota Celica GT (TA22)<\/strong> \u2013 Nippon-GT: Toyota Celica<\/li>\n<\/ul>\n<h2>\ud83c\udfcd\ufe0f Motorr\u00e4der &amp; Zweir\u00e4der in dieser Ausgabe<\/h2>\n<ul>\n<li><strong>Simson Sperber<\/strong> \u2013 Ost-West-Dialog: Simson Sperber trifft Kreidler Florett<\/li>\n<li><strong>Weslake-Triumph 500<\/strong> \u2013 Seziert: Weslake-Vierventil-Triumph<\/li>\n<li><strong>Kreidler Florett<\/strong> \u2013 Ost-West-Dialog: Simson Sperber trifft Kreidler Florett<\/li>\n<li><strong>BMW R 57\/R63<\/strong> \u2013 Reichlich Leistung und erstaunliche Zuverl\u00e4ssigkeit<\/li>\n<li><\/li>\n<\/ul>\n<h2>\ud83d\ude97 Weitere Oldtimer-Themen<\/h2>\n<ul>\n<li><strong>Mercedes-Benz 300 SL Motor<\/strong> \u2013 Legende im Detail: Der Motor des Mercedes 300 SL M 198 !<\/li>\n<li><strong>Opel Admiral B<\/strong> \u2013 Zu Gro\u00dfem berufen: Aus dem Logbuch eines Opel Admiral<\/li>\n<li><strong>Triumph 2000 und 2500<\/strong> \u2013 Sportsfreund: V\u00f6llig untersch\u00e4tzt<\/li>\n<li><strong>BMW Z3 Roadster 1,9i<\/strong>\u00a0\u2013 Platz an der Sonne: Youngtimer-Tipp: BMW Z3 Cabrio<\/li>\n<li><strong>Z\u00fcndapp Janus<\/strong> \u2013 Mehr als nur kurios! Beide Gesichter des Z\u00fcndapp Janus<\/li>\n<li><strong>Kurbeltrieb<\/strong> \u2013 Technik-Know-how: Wie der Kurbeltrieb richtig \u00fcberholt wird, was sich dabei optimieren l\u00e4sst<\/li>\n<li><strong>Bremssattelreparatur<\/strong> \u2013 Von 100 auf 0! Nicht zwangsl\u00e4ufig ein Fall f\u00fcr Profis<\/li>\n<\/ul>\n<h2>\ud83d\udca1 Tipp<\/h2>\n<ul>\n<li>Eine Oldtimer-Zeitschrift kann auch eine willkommene \u00dcberraschung sein, f\u00fcr Liebhaber klassischer Autos und Motorr\u00e4der \u2013 zum Verschenken von Erinnerungen und Tr\u00e4umen.<\/li>\n<\/ul>\n<h2>\ud83d\udce6 Versand &amp; Service<\/h2>\n<ul>\n<li>Kostenloser Versand in Deutschland, Auslandsversand f\u00fcr eine geringe Pauschale<\/li>\n<li>Erfahrung aus weit \u00fcber 30.000 erfolgreichen Sendungen<\/li>\n<li>Ihre Zeitschrift wird sicher und liebevoll verpackt<\/li>\n<\/ul>\n<h2>\ud83c\udf0d Zustand der Zeitschrift<\/h2>\n<ul>\n<li>Gebraucht, weil gelesen, durchgebl\u00e4ttert, gestapelt, alles original \ud83d\ude09<\/li>\n<\/ul>\n","protected":false},"excerpt":{"rendered":"<p>Hier wird noch selbst geschraubt: Oldtimer Praxis liefert das n\u00f6tige Wissen f\u00fcr die Garage. Von der Wartung bis zur Komplettrestaurierung \u2013 echte Hilfe f\u00fcr alle, die ihre Klassiker auf der Stra\u00dfe halten wollen.<\/p>\n","protected":false},"featured_media":14169,"template":"","meta":{"iawp_total_views":1},"product_brand":[],"product_cat":[10216],"product_tag":[13249,13250,13251,163,13252,13253,11083,13254,11431,11852,12856,13197,13198],"class_list":{"0":"post-14157","1":"product","2":"type-product","3":"status-publish","4":"has-post-thumbnail","6":"product_cat-oldtimer-praxis","7":"product_tag-toyota-celica-gt-ta22","8":"product_tag-weslake-triumph-500","9":"product_tag-bmw-z3-roadster-1-9i","10":"product_tag-kreidler-florett","11":"product_tag-triumph-2000-und-2500","12":"product_tag-bmw-r-57-r63","13":"product_tag-opel-admiral-b","14":"product_tag-mercedes-benz-300-sl-motor","15":"product_tag-bremsen","16":"product_tag-zuendapp-janus","17":"product_tag-simson-sperber","18":"product_tag-bmw-z3-cabrio","19":"product_tag-kurbeltrieb","21":"first","22":"instock","23":"shipping-taxable","24":"purchasable","25":"product-type-simple"},"_links":{"self":[{"href":"https:\/\/motorrad-erinnerungen.de\/shop\/wp-json\/wp\/v2\/product\/14157","targetHints":{"allow":["GET"]}}],"collection":[{"href":"https:\/\/motorrad-erinnerungen.de\/shop\/wp-json\/wp\/v2\/product"}],"about":[{"href":"https:\/\/motorrad-erinnerungen.de\/shop\/wp-json\/wp\/v2\/types\/product"}],"wp:featuredmedia":[{"embeddable":true,"href":"https:\/\/motorrad-erinnerungen.de\/shop\/wp-json\/wp\/v2\/media\/14169"}],"wp:attachment":[{"href":"https:\/\/motorrad-erinnerungen.de\/shop\/wp-json\/wp\/v2\/media?parent=14157"}],"wp:term":[{"taxonomy":"product_brand","embeddable":true,"href":"https:\/\/motorrad-erinnerungen.de\/shop\/wp-json\/wp\/v2\/product_brand?post=14157"},{"taxonomy":"product_cat","embeddable":true,"href":"https:\/\/motorrad-erinnerungen.de\/shop\/wp-json\/wp\/v2\/product_cat?post=14157"},{"taxonomy":"product_tag","embeddable":true,"href":"https:\/\/motorrad-erinnerungen.de\/shop\/wp-json\/wp\/v2\/product_tag?post=14157"}],"curies":[{"name":"wp","href":"https:\/\/api.w.org\/{rel}","templated":true}]}}