{"id":14159,"date":"2026-02-06T17:22:06","date_gmt":"2026-02-06T16:22:06","guid":{"rendered":"https:\/\/motorrad-erinnerungen.de\/shop\/produkt\/oldtimer-praxis-10-2016-honda-s800-moto-guzzi-750-s3-yamaha-xt-500\/"},"modified":"2026-02-06T21:21:47","modified_gmt":"2026-02-06T20:21:47","slug":"oldtimer-praxis-10-2016-honda-s800-moto-guzzi-750-s3-yamaha-xt-500","status":"publish","type":"product","link":"https:\/\/motorrad-erinnerungen.de\/shop\/produkt\/oldtimer-praxis-10-2016-honda-s800-moto-guzzi-750-s3-yamaha-xt-500\/","title":{"rendered":"Oldtimer Praxis 10\/2016 \u2013 Honda S800; Moto Guzzi 750 S3; Yamaha XT 500"},"content":{"rendered":"<p>Ein St\u00fcck Zeitgeschichte f\u00fcr Fans klassischer Technik: die <strong>Oldtimer Praxis 10\/2016<\/strong>.<\/p>\n<h2>\ud83d\udccc Titelthema dieser Ausgabe<\/h2>\n<ul>\n<li><strong>Honda S800<\/strong> \u2013 Technik, die fasziniert! Vom Teiletr\u00e4ger zum Sahnest\u00fcck<\/li>\n<\/ul>\n<h2>\ud83c\udfcd\ufe0f Motorr\u00e4der &amp; Zweir\u00e4der in dieser Ausgabe<\/h2>\n<ul>\n<li><strong>Moto Guzzi 750 S3<\/strong> \u2013 Sportivo! Rarissimo!<\/li>\n<li><strong>Yamaha XT 500<\/strong> \u2013 Die Kult-Enduro lebt: Unterwegs mit einer 1976er<\/li>\n<li><strong>MZ ETZ 250<\/strong> \u2013 Seziert: Der Zweitakt-Single<\/li>\n<\/ul>\n<h2>\ud83d\ude97 Weitere Oldtimer-Themen<\/h2>\n<ul>\n<li><strong>BMW 700 LS Luxus<\/strong> \u2013 Vergessener Held: Echte K\u00e4fer-Alternative?<\/li>\n<li><strong>Opel Omega 3000 24V<\/strong> \u2013 Jetzt kaufen? Hei\u00dfer Tipp: Opel Omega A 3000<\/li>\n<li><strong>Citro\u00ebn M\u00e9hari<\/strong> \u2013 Pures Vergn\u00fcgen: Sauber restauriert<\/li>\n<li><strong>Triumph Stag<\/strong> \u2013 Ist der Ruf erst&#8230; &#8230;ruiniert: Neun Jahre Triumph Stag<\/li>\n<li><strong>Volvo B230F<\/strong> \u2013 Technik im Detail: Volvos erste ohc-Motoren-Generation<\/li>\n<li><strong>Elektrik<\/strong> \u2013 Werkstatt-Wissen: Einleuchtende Gedanken, z\u00fcndende Ideen: Expertentipps zum Thema Elektrik<\/li>\n<li><strong>Kolben und Kurbeltrieb<\/strong> \u2013 Triebwerk-Tipps: Ratschl\u00e4ge zur optimalen Montage<\/li>\n<\/ul>\n<h2>\ud83d\udca1 Tipp<\/h2>\n<ul>\n<li>Eine Oldtimer-Zeitschrift kann auch eine willkommene \u00dcberraschung sein, f\u00fcr Liebhaber klassischer Autos und Motorr\u00e4der \u2013 zum Verschenken von Erinnerungen und Tr\u00e4umen.<\/li>\n<\/ul>\n<h2>\ud83d\udce6 Versand &amp; Service<\/h2>\n<ul>\n<li>Kostenloser Versand in Deutschland, Auslandsversand f\u00fcr eine geringe Pauschale<\/li>\n<li>Erfahrung aus weit \u00fcber 30.000 erfolgreichen Sendungen<\/li>\n<li>Ihre Zeitschrift wird sicher und liebevoll verpackt<\/li>\n<\/ul>\n<h2>\ud83c\udf0d Zustand der Zeitschrift<\/h2>\n<ul>\n<li>Gebraucht, weil gelesen, durchgebl\u00e4ttert, gestapelt, alles original \ud83d\ude09<\/li>\n<\/ul>\n","protected":false},"excerpt":{"rendered":"<p>Hier wird noch selbst geschraubt: Oldtimer Praxis liefert das n\u00f6tige Wissen f\u00fcr die Garage. Von der Wartung bis zur Komplettrestaurierung \u2013 echte Hilfe f\u00fcr alle, die ihre Klassiker auf der Stra\u00dfe halten wollen.<\/p>\n","protected":false},"featured_media":14171,"template":"","meta":{"iawp_total_views":1},"product_brand":[],"product_cat":[10216],"product_tag":[11449,12961,13207,13208,13209,13210,583,13258,585,13259,1102,13260,11298],"class_list":{"0":"post-14159","1":"product","2":"type-product","3":"status-publish","4":"has-post-thumbnail","6":"product_cat-oldtimer-praxis","7":"product_tag-elektrik","8":"product_tag-honda-s800","9":"product_tag-citroen-mehari","10":"product_tag-kolbenmontage","11":"product_tag-opel-omega-a-3000","12":"product_tag-volvo-ohc-motor","13":"product_tag-moto-guzzi-750-s3","14":"product_tag-opel-omega-3000-24v","15":"product_tag-yamaha-xt-500","16":"product_tag-bmw-700-ls-luxus","17":"product_tag-mz-etz-250","18":"product_tag-volvo-b230f","19":"product_tag-triumph-stag","21":"first","22":"instock","23":"shipping-taxable","24":"purchasable","25":"product-type-simple"},"_links":{"self":[{"href":"https:\/\/motorrad-erinnerungen.de\/shop\/wp-json\/wp\/v2\/product\/14159","targetHints":{"allow":["GET"]}}],"collection":[{"href":"https:\/\/motorrad-erinnerungen.de\/shop\/wp-json\/wp\/v2\/product"}],"about":[{"href":"https:\/\/motorrad-erinnerungen.de\/shop\/wp-json\/wp\/v2\/types\/product"}],"wp:featuredmedia":[{"embeddable":true,"href":"https:\/\/motorrad-erinnerungen.de\/shop\/wp-json\/wp\/v2\/media\/14171"}],"wp:attachment":[{"href":"https:\/\/motorrad-erinnerungen.de\/shop\/wp-json\/wp\/v2\/media?parent=14159"}],"wp:term":[{"taxonomy":"product_brand","embeddable":true,"href":"https:\/\/motorrad-erinnerungen.de\/shop\/wp-json\/wp\/v2\/product_brand?post=14159"},{"taxonomy":"product_cat","embeddable":true,"href":"https:\/\/motorrad-erinnerungen.de\/shop\/wp-json\/wp\/v2\/product_cat?post=14159"},{"taxonomy":"product_tag","embeddable":true,"href":"https:\/\/motorrad-erinnerungen.de\/shop\/wp-json\/wp\/v2\/product_tag?post=14159"}],"curies":[{"name":"wp","href":"https:\/\/api.w.org\/{rel}","templated":true}]}}