{"id":14224,"date":"2026-02-08T11:20:02","date_gmt":"2026-02-08T10:20:02","guid":{"rendered":"https:\/\/motorrad-erinnerungen.de\/shop\/produkt\/oldtimer-praxis-06-2018-vw-karmann-ghia-typ-34-moto-guzzi-lodola-235-gt-horex-s6\/"},"modified":"2026-02-08T15:48:15","modified_gmt":"2026-02-08T14:48:15","slug":"oldtimer-praxis-06-2018-vw-karmann-ghia-typ-34-moto-guzzi-lodola-235-gt-horex-s6","status":"publish","type":"product","link":"https:\/\/motorrad-erinnerungen.de\/shop\/produkt\/oldtimer-praxis-06-2018-vw-karmann-ghia-typ-34-moto-guzzi-lodola-235-gt-horex-s6\/","title":{"rendered":"Oldtimer Praxis 06\/2018 \u2013 VW Karmann Ghia Cabrio Typ 14; Moto Guzzi Lodola 235 GT; Horex S6"},"content":{"rendered":"<p>Ein St\u00fcck Zeitgeschichte f\u00fcr Fans klassischer Technik: die <strong>Oldtimer Praxis 06\/2018<\/strong>.<\/p>\n<h2>\ud83d\udccc Titelthema dieser Ausgabe<\/h2>\n<ul>\n<li><strong>VW Karmann Ghia Cabrio Typ 14<\/strong> \u2013 Sommer, Sonne, Karmann: VW Karmann Ghia Typ 34<\/li>\n<\/ul>\n<h2>\ud83c\udfcd\ufe0f Motorr\u00e4der &amp; Zweir\u00e4der in dieser Ausgabe<\/h2>\n<ul>\n<li><strong>Moto Guzzi Lodola 235 GT<\/strong> \u2013 Kleine Freude: Ein echter Geheimtipp<\/li>\n<li><strong>Horex S6<\/strong> \u2013 Richtig rar: Horex S6 \u2013 der gro\u00dfe 600er Single aus Bad Homburg<\/li>\n<li><strong>Hoffmann-Gouverneur<\/strong> \u2013 Seziert: Der Hoffmann-Gouverneur-Boxer<\/li>\n<\/ul>\n<h2>\ud83d\ude97 Weitere Oldtimer-Themen<\/h2>\n<ul>\n<li><strong>Morris Minor 1000 Convertible<\/strong> \u2013 Einfach nur nett! Leben mit dem Morris Minor Tourer<\/li>\n<li><strong>Ford Capri III 2.8i<\/strong>\u00a0\u2013 Coup\u00e9-Klassiker: Ford in Bestform<\/li>\n<li><strong>Studebaker Dictator Six<\/strong> \u2013 Hohe Anspr\u00fcche: Kernsaniert<\/li>\n<li><strong>Mazda MX-3<\/strong> \u2013 V6 mit 1800 Kubik! Youngtimer-Tipp<\/li>\n<li><strong>Mercedes M100<\/strong> \u2013 Der m\u00e4chtige M100: Die Geheimnisse des ersten V8 von Mercedes<\/li>\n<li><strong>Motoren\u00fcberholung<\/strong> \u2013 Alles ist m\u00f6glich: Motoren\u00fcberholung in Serie \u2013 und in speziellen F\u00e4llen<\/li>\n<li><strong>Kabelb\u00e4ume<\/strong> \u2013 Die Strippenzieher: Auch komplexe Kabelb\u00e4ume sind sanierbar<\/li>\n<\/ul>\n<h2>\ud83d\udca1 Tipp<\/h2>\n<ul>\n<li>Eine Oldtimer-Zeitschrift kann auch eine willkommene \u00dcberraschung sein, f\u00fcr Liebhaber klassischer Autos und Motorr\u00e4der \u2013 zum Verschenken von Erinnerungen und Tr\u00e4umen.<\/li>\n<\/ul>\n<h2>\ud83d\udce6 Versand &amp; Service<\/h2>\n<ul>\n<li>Kostenloser Versand in Deutschland, Auslandsversand f\u00fcr eine geringe Pauschale<\/li>\n<li>Erfahrung aus weit \u00fcber 30.000 erfolgreichen Sendungen<\/li>\n<li>Ihre Zeitschrift wird sicher und liebevoll verpackt<\/li>\n<\/ul>\n<h2>\ud83c\udf0d Zustand der Zeitschrift<\/h2>\n<ul>\n<li>Gebraucht, weil gelesen, durchgebl\u00e4ttert, gestapelt, alles original \ud83d\ude09<\/li>\n<\/ul>\n","protected":false},"excerpt":{"rendered":"<p>Mehr als nur Altpapier: Diese Zeitschrift ist ein St\u00fcck Zeitgeschichte und technisches Archiv zugleich. Perfekt f\u00fcr Sammler und Schrauber, die tief in die Technik vergangener Jahrzehnte eintauchen m\u00f6chten.<\/p>\n","protected":false},"featured_media":14230,"template":"","meta":{"iawp_total_views":0},"product_brand":[],"product_cat":[10216],"product_tag":[13389,13407,13408,13409,13410,10275,11511,13385,13386,13387,13388],"class_list":{"0":"post-14224","1":"product","2":"type-product","3":"status-publish","4":"has-post-thumbnail","6":"product_cat-oldtimer-praxis","7":"product_tag-motorenueberholung","8":"product_tag-vw-karmann-ghia-cabrio","9":"product_tag-studebaker-dictator-six","10":"product_tag-ford-capri-iii-2-8i","11":"product_tag-morris-minor-1000-convertible","12":"product_tag-hoffmann-gouverneur","13":"product_tag-kabelbaum","14":"product_tag-horex-s6","15":"product_tag-mazda-mx-3","16":"product_tag-mercedes-m100","17":"product_tag-moto-guzzi-lodola-235-gt","19":"first","20":"instock","21":"shipping-taxable","22":"purchasable","23":"product-type-simple"},"_links":{"self":[{"href":"https:\/\/motorrad-erinnerungen.de\/shop\/wp-json\/wp\/v2\/product\/14224","targetHints":{"allow":["GET"]}}],"collection":[{"href":"https:\/\/motorrad-erinnerungen.de\/shop\/wp-json\/wp\/v2\/product"}],"about":[{"href":"https:\/\/motorrad-erinnerungen.de\/shop\/wp-json\/wp\/v2\/types\/product"}],"wp:featuredmedia":[{"embeddable":true,"href":"https:\/\/motorrad-erinnerungen.de\/shop\/wp-json\/wp\/v2\/media\/14230"}],"wp:attachment":[{"href":"https:\/\/motorrad-erinnerungen.de\/shop\/wp-json\/wp\/v2\/media?parent=14224"}],"wp:term":[{"taxonomy":"product_brand","embeddable":true,"href":"https:\/\/motorrad-erinnerungen.de\/shop\/wp-json\/wp\/v2\/product_brand?post=14224"},{"taxonomy":"product_cat","embeddable":true,"href":"https:\/\/motorrad-erinnerungen.de\/shop\/wp-json\/wp\/v2\/product_cat?post=14224"},{"taxonomy":"product_tag","embeddable":true,"href":"https:\/\/motorrad-erinnerungen.de\/shop\/wp-json\/wp\/v2\/product_tag?post=14224"}],"curies":[{"name":"wp","href":"https:\/\/api.w.org\/{rel}","templated":true}]}}