{"id":14259,"date":"2026-02-09T15:26:29","date_gmt":"2026-02-09T14:26:29","guid":{"rendered":"https:\/\/motorrad-erinnerungen.de\/shop\/produkt\/oldtimer-praxis-03-2019-opel-p2-pick-up-yamaha-fj-1200-simson-350\/"},"modified":"2026-02-09T22:53:00","modified_gmt":"2026-02-09T21:53:00","slug":"oldtimer-praxis-03-2019-opel-p2-pick-up-yamaha-fj-1200-simson-350","status":"publish","type":"product","link":"https:\/\/motorrad-erinnerungen.de\/shop\/produkt\/oldtimer-praxis-03-2019-opel-p2-pick-up-yamaha-fj-1200-simson-350\/","title":{"rendered":"Oldtimer Praxis 03\/2019 \u2013 Opel Rekord P2 Pick-up; Yamaha FJ 1200; Simson 350 GS"},"content":{"rendered":"<p>Ein St\u00fcck Zeitgeschichte f\u00fcr Fans klassischer Technik: die <strong>Oldtimer Praxis 03\/2019<\/strong>.<\/p>\n<h2>\ud83d\udccc Titelthema dieser Ausgabe<\/h2>\n<ul>\n<li><strong>Opel Rekord P2 Pick-up<\/strong> \u2013 In Perfektion! F\u00fcr die Arbeit viel zu schade<\/li>\n<\/ul>\n<h2>\ud83c\udfcd\ufe0f Motorr\u00e4der &amp; Zweir\u00e4der in dieser Ausgabe<\/h2>\n<ul>\n<li><strong>Yamaha FJ 1200<\/strong> \u2013 Kilometerfresser, Erfahrungen<\/li>\n<li><strong>Simson 350 GS<\/strong> \u2013 Tolle Replika: Simson 350 Gel\u00e4ndesport<\/li>\n<li><strong>Z\u00fcndapp KS 125<\/strong> \u2013 Seziert: Z\u00fcndapps KS-125-Zweitakter<\/li>\n<\/ul>\n<h2>\ud83d\ude97 Weitere Oldtimer-Themen<\/h2>\n<ul>\n<li><strong>MG YA \/ YB\u00a0 Saloon<\/strong> \u2013 In Arbeit: Voll bei der Sache: MG Y Saloon<\/li>\n<li><strong>Porsche 944<\/strong> \u2013 Im Alltag:\u00a0 auf Dauer gut?<\/li>\n<li><strong>Chrysler 300 C Touring 3.0 CRD<\/strong> \u2013 Im Sonderangebot: Youngtimer-Tipp: Chrysler 300<\/li>\n<li><strong>Simca 1300 GL<\/strong> \u2013 In Vergessenheit: Restaurierungsbilanz<\/li>\n<li><strong>Lada 2101 1200er<\/strong>\u00a0\u2013 Auto-Technik im Detail: Der Lada-Vierzylinder<\/li>\n<li><strong>Schlauchleitungen<\/strong> \u2013 Unter Hochdruck: Schlauchleitungen nachfertigen: was geht \u2013 und zu welchem Preis?<\/li>\n<li><strong>Instrumente<\/strong> \u2013 Kontrollorgane: Instrumenten-Medizin: Manometer, Thermometer &amp; Co. im Technikcheck<\/li>\n<\/ul>\n<h2>\ud83d\udca1 Tipp<\/h2>\n<ul>\n<li>Eine Oldtimer-Zeitschrift kann auch eine willkommene \u00dcberraschung sein, f\u00fcr Liebhaber klassischer Autos und Motorr\u00e4der \u2013 zum Verschenken von Erinnerungen und Tr\u00e4umen.<\/li>\n<\/ul>\n<h2>\ud83d\udce6 Versand &amp; Service<\/h2>\n<ul>\n<li>Kostenloser Versand in Deutschland, Auslandsversand f\u00fcr eine geringe Pauschale<\/li>\n<li>Erfahrung aus weit \u00fcber 30.000 erfolgreichen Sendungen<\/li>\n<li>Ihre Zeitschrift wird sicher und liebevoll verpackt<\/li>\n<\/ul>\n<h2>\ud83c\udf0d Zustand der Zeitschrift<\/h2>\n<ul>\n<li>Gebraucht, weil gelesen, durchgebl\u00e4ttert, gestapelt, alles original \ud83d\ude09<\/li>\n<\/ul>\n","protected":false},"excerpt":{"rendered":"<p>Mehr als nur Altpapier: Diese Zeitschrift ist ein St\u00fcck Zeitgeschichte und technisches Archiv zugleich. Perfekt f\u00fcr Sammler und Schrauber, die tief in die Technik vergangener Jahrzehnte eintauchen m\u00f6chten.<\/p>\n","protected":false},"featured_media":14265,"template":"","meta":{"iawp_total_views":0},"product_brand":[],"product_cat":[10216],"product_tag":[11155,11215,11508,11509,13482,13485,13525,13526,503,13527,1455,13528,13529],"class_list":{"0":"post-14259","1":"product","2":"type-product","3":"status-publish","4":"has-post-thumbnail","6":"product_cat-oldtimer-praxis","7":"product_tag-simca-1300","8":"product_tag-simca-1300-gl","9":"product_tag-instrumente","10":"product_tag-porsche-944","11":"product_tag-lada-motor","12":"product_tag-schlauchleitungen","13":"product_tag-opel-rekord-p2-pick-up","14":"product_tag-chrysler-300-c-touring-3-0-crd","15":"product_tag-zuendapp-ks-125","16":"product_tag-simson-350-gs","17":"product_tag-yamaha-fj-1200","18":"product_tag-mg-ya-yb-saloon","19":"product_tag-lada-2101-1200er","21":"first","22":"instock","23":"shipping-taxable","24":"purchasable","25":"product-type-simple"},"_links":{"self":[{"href":"https:\/\/motorrad-erinnerungen.de\/shop\/wp-json\/wp\/v2\/product\/14259","targetHints":{"allow":["GET"]}}],"collection":[{"href":"https:\/\/motorrad-erinnerungen.de\/shop\/wp-json\/wp\/v2\/product"}],"about":[{"href":"https:\/\/motorrad-erinnerungen.de\/shop\/wp-json\/wp\/v2\/types\/product"}],"wp:featuredmedia":[{"embeddable":true,"href":"https:\/\/motorrad-erinnerungen.de\/shop\/wp-json\/wp\/v2\/media\/14265"}],"wp:attachment":[{"href":"https:\/\/motorrad-erinnerungen.de\/shop\/wp-json\/wp\/v2\/media?parent=14259"}],"wp:term":[{"taxonomy":"product_brand","embeddable":true,"href":"https:\/\/motorrad-erinnerungen.de\/shop\/wp-json\/wp\/v2\/product_brand?post=14259"},{"taxonomy":"product_cat","embeddable":true,"href":"https:\/\/motorrad-erinnerungen.de\/shop\/wp-json\/wp\/v2\/product_cat?post=14259"},{"taxonomy":"product_tag","embeddable":true,"href":"https:\/\/motorrad-erinnerungen.de\/shop\/wp-json\/wp\/v2\/product_tag?post=14259"}],"curies":[{"name":"wp","href":"https:\/\/api.w.org\/{rel}","templated":true}]}}