{"id":14405,"date":"2026-02-14T10:39:23","date_gmt":"2026-02-14T09:39:23","guid":{"rendered":"https:\/\/motorrad-erinnerungen.de\/shop\/produkt\/oldtimer-praxis-01-2022-mercedes-250-se-zuendapp-ds-350-malaguti\/"},"modified":"2026-02-14T10:47:35","modified_gmt":"2026-02-14T09:47:35","slug":"oldtimer-praxis-01-2022-mercedes-250-se-zuendapp-ds-350-malaguti","status":"publish","type":"product","link":"https:\/\/motorrad-erinnerungen.de\/shop\/produkt\/oldtimer-praxis-01-2022-mercedes-250-se-zuendapp-ds-350-malaguti\/","title":{"rendered":"Oldtimer Praxis 01\/2022 \u2013 Mercedes-Benz 250 SE Cabrio; Z\u00fcndapp DS 350; Malaguti"},"content":{"rendered":"<p>Ein St\u00fcck Zeitgeschichte f\u00fcr Fans klassischer Technik: die <strong>Oldtimer Praxis 01\/2022<\/strong>.<\/p>\n<h2>\ud83d\udccc Titelthema dieser Ausgabe<\/h2>\n<ul>\n<li><strong>Mercedes-Benz 250 SE Cabrio<\/strong> \u2013 Im Sternen-Himmel!<\/li>\n<\/ul>\n<h2>\ud83c\udfcd\ufe0f Motorr\u00e4der &amp; Zweir\u00e4der in dieser Ausgabe<\/h2>\n<ul>\n<li><strong>Z\u00fcndapp DS 350<\/strong> \u2013 Die gro\u00dfe Ausnahme: Besonderheiten der raren Z\u00fcndapp<\/li>\n<li><strong>Malaguti Cavalcone HF 50, Aspes Navaho RCR 60, Fantic 50 Replica<\/strong>\u00a0\u2013 Auf Abwegen: Gel\u00e4ndespa\u00df aus Italien<\/li>\n<li><strong>Kawasaki GPZ 900 R<\/strong> \u2013 Der Motor im Detail seziert<\/li>\n<\/ul>\n<h2>\ud83d\ude97 Weitere Oldtimer-Themen<\/h2>\n<ul>\n<li><strong>IFA F9<\/strong> \u2013 Zweitakt de luxe im Doppelpack<\/li>\n<li><strong><strong>Citro\u00ebn LN<\/strong>A<\/strong> \u2013 Familien-Team: Das erste Auto mit 10<\/li>\n<li><strong>Fiat 500 Giannini-Replik<\/strong> \u2013 Sportiv: Spa\u00df muss sein!<\/li>\n<li><strong>Ford P6 12M<\/strong> \u2013 Die erste Liebe wie einst anno 1970<\/li>\n<li><strong>Triumph Spitfire 1500<\/strong> \u2013 Autotechnik: Der Vierzylinder im Detail<\/li>\n<li><strong>Vergaser-Service<\/strong> \u2013 Tipps zu Fehlerdiagnose, Wartung und Reparatur<\/li>\n<li><strong>Hohlraumkonservierung<\/strong> \u2013 Das ewige Leben: Selber machen f\u00fcr beste Ergebnisse<\/li>\n<\/ul>\n<h2>\ud83d\udca1 Tipp<\/h2>\n<ul>\n<li>Eine Oldtimer-Zeitschrift kann auch eine willkommene \u00dcberraschung sein&#8230; als Geschenk f\u00fcr Bastler oder zur Recherche f\u00fcr das eigene Traumauto.<\/li>\n<\/ul>\n<h2>\ud83d\udce6 Versand &amp; Service<\/h2>\n<ul>\n<li>Kostenloser Versand in Deutschland \u2013 schnell und zuverl\u00e4ssig direkt zu Ihnen nach Hause.<\/li>\n<\/ul>\n<h2>\ud83c\udf0d Zustand der Zeitschrift<\/h2>\n<ul>\n<li>Gebraucht, weil gelesen, durchgebl\u00e4ttert, gestapelt, alles original \ud83d\ude09<\/li>\n<\/ul>\n","protected":false},"excerpt":{"rendered":"<p>Leidenschaft, die nach \u00d6l und Benzin riecht: Diese Zeitschrift verbindet technische Tiefe mit der Liebe zu historischen Fahrzeugen \u2013 Inspiration f\u00fcr Ihr n\u00e4chstes Projekt. Highlights dieses Heftes: Mercedes 250 SE und Z\u00fcndapp DS 350.<\/p>\n","protected":false},"featured_media":14412,"template":"","meta":{"iawp_total_views":1},"product_brand":[],"product_cat":[10216],"product_tag":[13903,13904,1250,13905,1381,10866,11089,11533,13872,13901,13902],"class_list":{"0":"post-14405","1":"product","2":"type-product","3":"status-publish","4":"has-post-thumbnail","6":"product_cat-oldtimer-praxis","7":"product_tag-malaguti-cavalcone-hf-50","8":"product_tag-aspes-navaho-rcr-60","9":"product_tag-kawasaki-gpz-900-r","10":"product_tag-fantic-50-replica","11":"product_tag-zuendapp-ds-350","12":"product_tag-fiat-500","13":"product_tag-ifa-f9","14":"product_tag-triumph-spitfire","15":"product_tag-ford-p6-12m","16":"product_tag-mercedes-benz-250-se-cabrio","17":"product_tag-citroen-lna","19":"first","20":"instock","21":"shipping-taxable","22":"purchasable","23":"product-type-simple"},"_links":{"self":[{"href":"https:\/\/motorrad-erinnerungen.de\/shop\/wp-json\/wp\/v2\/product\/14405","targetHints":{"allow":["GET"]}}],"collection":[{"href":"https:\/\/motorrad-erinnerungen.de\/shop\/wp-json\/wp\/v2\/product"}],"about":[{"href":"https:\/\/motorrad-erinnerungen.de\/shop\/wp-json\/wp\/v2\/types\/product"}],"wp:featuredmedia":[{"embeddable":true,"href":"https:\/\/motorrad-erinnerungen.de\/shop\/wp-json\/wp\/v2\/media\/14412"}],"wp:attachment":[{"href":"https:\/\/motorrad-erinnerungen.de\/shop\/wp-json\/wp\/v2\/media?parent=14405"}],"wp:term":[{"taxonomy":"product_brand","embeddable":true,"href":"https:\/\/motorrad-erinnerungen.de\/shop\/wp-json\/wp\/v2\/product_brand?post=14405"},{"taxonomy":"product_cat","embeddable":true,"href":"https:\/\/motorrad-erinnerungen.de\/shop\/wp-json\/wp\/v2\/product_cat?post=14405"},{"taxonomy":"product_tag","embeddable":true,"href":"https:\/\/motorrad-erinnerungen.de\/shop\/wp-json\/wp\/v2\/product_tag?post=14405"}],"curies":[{"name":"wp","href":"https:\/\/api.w.org\/{rel}","templated":true}]}}