{"id":18164,"date":"2026-08-30T15:20:57","date_gmt":"2026-08-30T13:20:57","guid":{"rendered":"https:\/\/motorrad-erinnerungen.de\/shop\/produkt\/tourenfahrer-10-2025-bmw-r-1300-rs-vs-yamaha-tracer-9-gt\/"},"modified":"2026-08-30T15:57:36","modified_gmt":"2026-08-30T13:57:36","slug":"tourenfahrer-10-2025-bmw-r-1300-rs-vs-yamaha-tracer-9-gt","status":"publish","type":"product","link":"https:\/\/motorrad-erinnerungen.de\/shop\/produkt\/tourenfahrer-10-2025-bmw-r-1300-rs-vs-yamaha-tracer-9-gt\/","title":{"rendered":"Tourenfahrer 10\/2025 \u2013 BMW R 1300 RS vs. Yamaha Tracer 9 GT+"},"content":{"rendered":"<p>Eilige Mittel \u2013 das bietet der <strong>Tourenfahrer 10\/2025<\/strong>.<\/p>\n<h2>\ud83d\udccc Freuen Sie sich auf interessante Beitr\u00e4ge unter anderem zu:<\/h2>\n<ul>\n<li><strong>BMW R 1300 RS<\/strong> vs. <strong>Yamaha Tracer 9 GT+<\/strong> \u2013 \u201eEilige Mittel&#8220;, Sporttourer-Philosophien im Duell<\/li>\n<li><strong>Moto Morini X-Cape 700<\/strong> \u2013 Im Test<\/li>\n<li><strong>Honda XL 750 Transalp<\/strong> vs. <strong>Yamaha T\u00e9n\u00e9r\u00e9 700<\/strong> \u2013 \u201eNeue Generation&#8220;<\/li>\n<li><strong>Can-Am Canyon<\/strong> \u2013 Fahrbericht<\/li>\n<li><strong>BMW R 1250 RT<\/strong> \u2013 Gebrauchtberatung<\/li>\n<li><strong>Harley-Davidson Model K<\/strong> \u2013 Youngtimer<\/li>\n<li>S\u00fcdamerika\/USA \u2013 Motorradverschiffung mit T\u00fccken<\/li>\n<li>Au\u00dferdem: Traumhaft \u2013 Westerwald, Aude, Hebriden, Norwegen<\/li>\n<\/ul>\n<h2>\ud83d\udca1 Tipp<\/h2>\n<ul>\n<li>Ein (Reise-) Motorrad-Magazin kann auch eine willkommene \u00dcberraschung f\u00fcr Motorrad-\/Rollerfans sein &#8230; <strong>zum Verschenken von Erinnerungen &#8230; Tr\u00e4umen<\/strong> &#8230;<\/li>\n<\/ul>\n<h2>\ud83d\udce6 Versand &amp; Service<\/h2>\n<ul>\n<li>\u2713 Kostenloser Versand in Deutschland, Auslandsversand f\u00fcr eine geringe Pauschale<\/li>\n<li>\u2713 Erfahrung aus \u00fcber 30.000 erfolgreichen Sendungen<\/li>\n<li>\u2713 Ihre Zeitschrift wird sicher und liebevoll verpackt<\/li>\n<\/ul>\n<h2>\ud83c\udf0d Zustand der Zeitschrift<\/h2>\n<ul>\n<li><strong>Gebraucht, weil gelesen, durchgebl\u00e4ttert oder gestapelt \ud83d\ude09<\/strong><\/li>\n<li>dem Alter angemessen gut bis sehr gut erhalten, alles original<\/li>\n<\/ul>\n","protected":false},"excerpt":{"rendered":"<p>\u201eEilige Mittel&#8220; \u2013 Sporttourer-Philosophien im Duell: BMW R 1300 RS gegen Yamaha Tracer 9 GT+ \u2013 plus im Test Moto Morini X-Cape 700 sowie neue Generation: Honda XL 750 Transalp gegen Yamaha T\u00e9n\u00e9r\u00e9 700.<\/p>\n","protected":false},"featured_media":18185,"template":"","meta":[],"product_brand":[],"product_cat":[30],"product_tag":[15314,7132,7178,8619,9265,9290,13953,15261],"class_list":["post-18164","product","type-product","status-publish","has-post-thumbnail","product_cat-tourenfahrer","product_tag-can-am-canyon","product_tag-yamaha-tenere-700","product_tag-bmw-r-1250-rt","product_tag-yamaha-tracer-9-gt","product_tag-bmw-r-1300-rs","product_tag-moto-morini-x-cape-700","product_tag-harley-davidson-model-k","product_tag-honda-xl-750-transalp-2","first","instock","shipping-taxable","product-type-simple"],"_links":{"self":[{"href":"https:\/\/motorrad-erinnerungen.de\/shop\/wp-json\/wp\/v2\/product\/18164","targetHints":{"allow":["GET"]}}],"collection":[{"href":"https:\/\/motorrad-erinnerungen.de\/shop\/wp-json\/wp\/v2\/product"}],"about":[{"href":"https:\/\/motorrad-erinnerungen.de\/shop\/wp-json\/wp\/v2\/types\/product"}],"wp:featuredmedia":[{"embeddable":true,"href":"https:\/\/motorrad-erinnerungen.de\/shop\/wp-json\/wp\/v2\/media\/18185"}],"wp:attachment":[{"href":"https:\/\/motorrad-erinnerungen.de\/shop\/wp-json\/wp\/v2\/media?parent=18164"}],"wp:term":[{"taxonomy":"product_brand","embeddable":true,"href":"https:\/\/motorrad-erinnerungen.de\/shop\/wp-json\/wp\/v2\/product_brand?post=18164"},{"taxonomy":"product_cat","embeddable":true,"href":"https:\/\/motorrad-erinnerungen.de\/shop\/wp-json\/wp\/v2\/product_cat?post=18164"},{"taxonomy":"product_tag","embeddable":true,"href":"https:\/\/motorrad-erinnerungen.de\/shop\/wp-json\/wp\/v2\/product_tag?post=18164"}],"curies":[{"name":"wp","href":"https:\/\/api.w.org\/{rel}","templated":true}]}}

<p>Eilige Mittel – das bietet der <strong>Tourenfahrer 10/2025</strong>.</p>
<h2>📌 Freuen Sie sich auf interessante Beiträge unter anderem zu:</h2>
<ul>
<li><strong>BMW R 1300 RS</strong> vs. <strong>Yamaha Tracer 9 GT+</strong> – „Eilige Mittel&#8220;, Sporttourer-Philosophien im Duell</li>
<li><strong>Moto Morini X-Cape 700</strong> – Im Test</li>
<li><strong>Honda XL 750 Transalp</strong> vs. <strong>Yamaha Ténéré 700</strong> – „Neue Generation&#8220;</li>
<li><strong>Can-Am Canyon</strong> – Fahrbericht</li>
<li><strong>BMW R 1250 RT</strong> – Gebrauchtberatung</li>
<li><strong>Harley-Davidson Model K</strong> – Youngtimer</li>
<li>Südamerika/USA – Motorradverschiffung mit Tücken</li>
<li>Außerdem: Traumhaft – Westerwald, Aude, Hebriden, Norwegen</li>
</ul>
<h2>💡 Tipp</h2>
<ul>
<li>Ein (Reise-) Motorrad-Magazin kann auch eine willkommene Überraschung für Motorrad-/Rollerfans sein &#8230; <strong>zum Verschenken von Erinnerungen &#8230; Träumen</strong> &#8230;</li>
</ul>
<h2>📦 Versand &amp; Service</h2>
<ul>
<li>✓ Kostenloser Versand in Deutschland, Auslandsversand für eine geringe Pauschale</li>
<li>✓ Erfahrung aus über 30.000 erfolgreichen Sendungen</li>
<li>✓ Ihre Zeitschrift wird sicher und liebevoll verpackt</li>
</ul>
<h2>🌍 Zustand der Zeitschrift</h2>
<ul>
<li><strong>Gebraucht, weil gelesen, durchgeblättert oder gestapelt 😉</strong></li>
<li>dem Alter angemessen gut bis sehr gut erhalten, alles original</li>
</ul>

<p>„Eilige Mittel&#8220; – Sporttourer-Philosophien im Duell: BMW R 1300 RS gegen Yamaha Tracer 9 GT+ – plus im Test Moto Morini X-Cape 700 sowie neue Generation: Honda XL 750 Transalp gegen Yamaha Ténéré 700.</p>
