{"id":1900,"date":"2025-09-05T22:33:27","date_gmt":"2025-09-05T20:33:27","guid":{"rendered":"https:\/\/motorrad-erinnerungen.de\/2026\/produkt\/motorrad-2-1996-harley-davidson-dyna-super-glide-moto-guzzi-california-1100-i-triumph-thunderbird-900-test-bimota-mantra\/"},"modified":"2026-01-19T13:46:07","modified_gmt":"2026-01-19T12:46:07","slug":"motorrad-2-1996-harley-davidson-dyna-super-glide-moto-guzzi-california-1100-i-triumph-thunderbird-900-test-bimota-mantra","status":"publish","type":"product","link":"https:\/\/motorrad-erinnerungen.de\/shop\/produkt\/motorrad-2-1996-harley-davidson-dyna-super-glide-moto-guzzi-california-1100-i-triumph-thunderbird-900-test-bimota-mantra\/","title":{"rendered":"MOTORRAD 2\/1996 \u2013 Test Bimota Mantra; Vergleich Suzuki GSX 600 F und GSF 600 S Bandit"},"content":{"rendered":"<p>Hier k\u00f6nnen Sie die <strong>Motorrad\u2011Zeitschrift &#8222;MOTORRAD 2\/1996&#8220;<\/strong> erwerben:<\/p>\n<h2>\ud83d\udcccInhalt dieser Ausgabe (u.a.):<\/h2>\n<ul>\n<li><strong>Harley-Davidson Dyna Super Glide vs. Moto Guzzi California 1100 i vs. Triumph Thunderbird 900 <\/strong>\u2013 Neo-Klassiker im Vergleich, Testbericht auf 13 Seiten<\/li>\n<li><strong>Bimota Mantra<\/strong> mit 59 kW (80 PS) Test &amp; Technik \u2013 Testbericht auf 5 Seiten<\/li>\n<li><strong>Suzuki GSX 600 F und Suzuki GSF 600 S Bandit <\/strong>im Vergleich \u2013 Testbericht auf 7 Seiten<\/li>\n<li><strong>Honda XL 600 V Transalp, <\/strong>ab Modell 1987, gebraucht kaufen \u2013 Gebrauchtkauf-Tipps auf 6 Seiten<\/li>\n<\/ul>\n<h2>\ud83c\udf0d Zustand der Zeitschrift<\/h2>\n<p><strong>Gebraucht, weil gelesen, durchgebl\u00e4ttert oder gestapelt \ud83d\ude09<\/strong> dem Alter angemessen gut bis sehr gut erhalten.<br \/>\nAlles original, Klebespuren von abgel\u00f6sten Abo-Versandaufklebern k\u00f6nnen vorhanden sein.<\/p>\n<h2>\ud83d\udce6 Versand &amp; Service<\/h2>\n<ul>\n<li>\u2713 Kostenloser Versand innerhalb Deutschlands<\/li>\n<li>\u2713 Versand auch ins Ausland m\u00f6glich<\/li>\n<li>\u2713 Sicher verpackt \u2013 wir wissen, wie wertvoll diese Sch\u00e4tze sind!<\/li>\n<\/ul>\n","protected":false},"excerpt":{"rendered":"<p>Eine Motorrad\u2011Zeitschrift, in der sich die Erinnerungen an fr\u00fchere Tr\u00e4ume, Lieblingsmaschinen und legend\u00e4re Strecken wiederfinden.<\/p>\n","protected":false},"featured_media":1899,"template":"","meta":{"iawp_total_views":2},"product_brand":[],"product_cat":[23],"product_tag":[2004,2053,2142,2143,1551,1615,1951],"class_list":{"0":"post-1900","1":"product","2":"type-product","3":"status-publish","4":"has-post-thumbnail","6":"product_cat-motorrad","7":"product_tag-triumph-thunderbird-900","8":"product_tag-suzuki-gsf-600-s-bandit","9":"product_tag-harley-davidson-dyna-super-glide","10":"product_tag-bimota-mantra","11":"product_tag-honda-xl-600-v-transalp","12":"product_tag-suzuki-gsx-600-f","13":"product_tag-moto-guzzi-california-1100-i","15":"first","16":"instock","17":"shipping-taxable","18":"purchasable","19":"product-type-simple"},"_links":{"self":[{"href":"https:\/\/motorrad-erinnerungen.de\/shop\/wp-json\/wp\/v2\/product\/1900","targetHints":{"allow":["GET"]}}],"collection":[{"href":"https:\/\/motorrad-erinnerungen.de\/shop\/wp-json\/wp\/v2\/product"}],"about":[{"href":"https:\/\/motorrad-erinnerungen.de\/shop\/wp-json\/wp\/v2\/types\/product"}],"wp:featuredmedia":[{"embeddable":true,"href":"https:\/\/motorrad-erinnerungen.de\/shop\/wp-json\/wp\/v2\/media\/1899"}],"wp:attachment":[{"href":"https:\/\/motorrad-erinnerungen.de\/shop\/wp-json\/wp\/v2\/media?parent=1900"}],"wp:term":[{"taxonomy":"product_brand","embeddable":true,"href":"https:\/\/motorrad-erinnerungen.de\/shop\/wp-json\/wp\/v2\/product_brand?post=1900"},{"taxonomy":"product_cat","embeddable":true,"href":"https:\/\/motorrad-erinnerungen.de\/shop\/wp-json\/wp\/v2\/product_cat?post=1900"},{"taxonomy":"product_tag","embeddable":true,"href":"https:\/\/motorrad-erinnerungen.de\/shop\/wp-json\/wp\/v2\/product_tag?post=1900"}],"curies":[{"name":"wp","href":"https:\/\/api.w.org\/{rel}","templated":true}]}}