{"id":1936,"date":"2025-09-05T22:33:37","date_gmt":"2025-09-05T20:33:37","guid":{"rendered":"https:\/\/motorrad-erinnerungen.de\/2026\/produkt\/motorrad-20-1996-test-honda-cbr-1100-xx-test-kawasaki-er-5-bmw-r-1100-r-hier-als-wiwo-umbau-liberte\/"},"modified":"2025-12-19T16:50:22","modified_gmt":"2025-12-19T15:50:22","slug":"motorrad-20-1996-test-honda-cbr-1100-xx-test-kawasaki-er-5-bmw-r-1100-r-hier-als-wiwo-umbau-liberte","status":"publish","type":"product","link":"https:\/\/motorrad-erinnerungen.de\/shop\/produkt\/motorrad-20-1996-test-honda-cbr-1100-xx-test-kawasaki-er-5-bmw-r-1100-r-hier-als-wiwo-umbau-liberte\/","title":{"rendered":"MOTORRAD 20\/1996 \u2013 Test Honda CBR 1100 XX; Gebrauchtkauf Kawasaki Zephyr 750"},"content":{"rendered":"<p>Hier k\u00f6nnen Sie die <strong>Motorrad\u2011Zeitschrift &#8222;MOTORRAD 20\/1996&#8220;<\/strong> erwerben:<\/p>\n<h2>\ud83d\udcccInhalt dieser Ausgabe (u.a.):<\/h2>\n<ul>\n<li><strong>Honda CBR 1100 XX<\/strong> mit 121 kW (164 PS) Test &amp; Technik \u2013 Testbericht in Wort und Bild auf 6 Seiten<\/li>\n<li><strong>Kawasaki ER-5<\/strong> mit 37 kW (50 PS) Test &amp; Technik \u2013 Fahrbericht in Wort und Bild auf 3 Seiten<\/li>\n<li><strong>BMW R 1100 R, hier als WiWo-Umbau Liberte<\/strong> \u2013 Fahrbericht in Wort und Bild auf 3 Seiten<\/li>\n<li><strong>Moto Guzzi Nevada 750, hier umgebaut als Mako Shark Panther<\/strong> \u2013 Fahrbericht in Wort und Bild auf 3 Seiten<\/li>\n<li><strong>Kawasaki Zephyr 750, ab Modell 1991, gebraucht kaufen<\/strong> \u2013 Gebrauchtkauf-Beratung in Wort und Bild auf 7 Seiten<\/li>\n<\/ul>\n<h2>\ud83c\udf0d Zustand der Zeitschrift<\/h2>\n<p><strong>Gebraucht, weil gelesen, durchgebl\u00e4ttert oder gestapelt \ud83d\ude09<\/strong> dem Alter angemessen gut bis sehr gut erhalten.<br \/>\nAlles original, Klebespuren von abgel\u00f6sten Abo-Versandaufklebern k\u00f6nnen vorhanden sein.<\/p>\n<h2>\ud83d\udce6 Versand &amp; Service<\/h2>\n<ul>\n<li>\u2713 Kostenloser Versand innerhalb Deutschlands<\/li>\n<li>\u2713 Versand auch ins Ausland m\u00f6glich<\/li>\n<li>\u2713 Sicher verpackt \u2013 wir wissen, wie wertvoll diese Sch\u00e4tze sind!<\/li>\n<\/ul>\n","protected":false},"excerpt":{"rendered":"<p>Eine Motorrad\u2011Zeitschrift, in der sich die Erinnerungen an fr\u00fchere Tr\u00e4ume, Lieblingsmaschinen und legend\u00e4re Strecken wiederfinden.<\/p>\n","protected":false},"featured_media":1935,"template":"","meta":{"iawp_total_views":0},"product_brand":[],"product_cat":[23],"product_tag":[1784,2099,2113,2114,2137],"class_list":{"0":"post-1936","1":"product","2":"type-product","3":"status-publish","4":"has-post-thumbnail","6":"product_cat-motorrad","7":"product_tag-kawasaki-zephyr-750","8":"product_tag-honda-cbr-1100-xx","9":"product_tag-kawasaki-er-5","10":"product_tag-moto-guzzi-nevada-750","11":"product_tag-bmw-r-1100-r-als-wiwo-umbau-liberte","13":"first","14":"instock","15":"shipping-taxable","16":"purchasable","17":"product-type-simple"},"_links":{"self":[{"href":"https:\/\/motorrad-erinnerungen.de\/shop\/wp-json\/wp\/v2\/product\/1936","targetHints":{"allow":["GET"]}}],"collection":[{"href":"https:\/\/motorrad-erinnerungen.de\/shop\/wp-json\/wp\/v2\/product"}],"about":[{"href":"https:\/\/motorrad-erinnerungen.de\/shop\/wp-json\/wp\/v2\/types\/product"}],"wp:featuredmedia":[{"embeddable":true,"href":"https:\/\/motorrad-erinnerungen.de\/shop\/wp-json\/wp\/v2\/media\/1935"}],"wp:attachment":[{"href":"https:\/\/motorrad-erinnerungen.de\/shop\/wp-json\/wp\/v2\/media?parent=1936"}],"wp:term":[{"taxonomy":"product_brand","embeddable":true,"href":"https:\/\/motorrad-erinnerungen.de\/shop\/wp-json\/wp\/v2\/product_brand?post=1936"},{"taxonomy":"product_cat","embeddable":true,"href":"https:\/\/motorrad-erinnerungen.de\/shop\/wp-json\/wp\/v2\/product_cat?post=1936"},{"taxonomy":"product_tag","embeddable":true,"href":"https:\/\/motorrad-erinnerungen.de\/shop\/wp-json\/wp\/v2\/product_tag?post=1936"}],"curies":[{"name":"wp","href":"https:\/\/api.w.org\/{rel}","templated":true}]}}