{"id":2788,"date":"2025-09-08T21:40:20","date_gmt":"2025-09-08T19:40:20","guid":{"rendered":"https:\/\/motorrad-erinnerungen.de\/2026\/produkt\/motorrad-17-2012-bmw-hp4-test-horex-vr6-roadster-test-mv-agusta-brutale-675-vergleich-dkw-rt-175\/"},"modified":"2026-03-24T16:47:47","modified_gmt":"2026-03-24T15:47:47","slug":"motorrad-17-2012-bmw-hp4-test-horex-vr6-roadster-test-mv-agusta-brutale-675-vergleich-dkw-rt-175","status":"publish","type":"product","link":"https:\/\/motorrad-erinnerungen.de\/shop\/produkt\/motorrad-17-2012-bmw-hp4-test-horex-vr6-roadster-test-mv-agusta-brutale-675-vergleich-dkw-rt-175\/","title":{"rendered":"MOTORRAD 17\/2012 \u2013 Top-Test MV Agusta Brutale 675; BMW R 100 R Mystic im Jubil\u00e4umsspezial"},"content":{"rendered":"<p>Hier k\u00f6nnen Sie die <strong>Motorrad\u2011Zeitschrift &#8222;MOTORRAD 17\/2012&#8220;<\/strong> erwerben:<\/p>\n<h2>\ud83d\udcccInhalt dieser Ausgabe (u.a.):<\/h2>\n<ul>\n<li><strong>BMW HP4<\/strong> mit 142 kW (193 PS) als Neuheit f\u00fcr 2013 \u2013 Vorstellung in Wort und Bild auf 1 Seite<\/li>\n<li><strong>Horex VR6 Roadster<\/strong> mit 118 kW (161 PS) im Test \u2013 Fahrbericht in Wort und Bild auf 4 Seiten<\/li>\n<li><strong>MV Agusta Brutale 675<\/strong> mit 80,9 kW (110 PS) im TOP-Test \u2013 Testbericht in Wort und Bild auf 8 Seiten<\/li>\n<li><strong>DKW RT 175 + Z\u00fcndapp K 800 + Honda XL 250 Motorsport + BMW R 100 R Mystic + Ducati Multistrada 1200 S <\/strong>\u2013 F\u00fcnf-Generationen-Vergleich, 75 Jahre Motorrad-Entwicklung in Wort und Bild auf 8 Seiten in einem gr\u00f6\u00dferen Jubil\u00e4ums-Spezial<\/li>\n<li><strong>Kawasaki ZZR 1400 + Suzuki Hayabusa <\/strong>\u2013 Erfahrungen mit 250-km\/h-Speedbikes in Wort und Bild auf 8 Seiten in einem gr\u00f6\u00dferen Jubil\u00e4ums-Spezial<\/li>\n<li><strong>Piaggio X10 500 ie Executive<\/strong> mit 30 kW (41 PS) Test &amp; Technik \u2013 Testbericht in Wort und Bild auf 2 Seiten<\/li>\n<li><strong>BMW C 650 GT<\/strong> mit 44 kW (60 PS) Test &amp; Technik \u2013 Testbericht in Wort und Bild auf 6 Seiten<\/li>\n<li><strong>Suzuki DR 800 S + Honda Black Widow + Triumph Speed Triple + BMW K 100 RS <\/strong>\u2013 mit 4 2500-Euro-Bikes unterwegs im Erzgebirge, Reportage in Wort und Bild auf 13 Seiten in einem gr\u00f6\u00dferen Jubil\u00e4ums-Spezial<\/li>\n<li><strong>BMW K 75, hier von Bracht umgebaut als K 75 GS<\/strong> \u2013 Vorstellung in Wort und Bild auf 2 Seiten<\/li>\n<li><strong>Yamaha Vmax<\/strong> mit 107 kW (145 PS), hier als Traum-Bike von Lesern \u2013 Vorstellung in Wort und Bild auf 4 Seiten<\/li>\n<li><strong> Aprilia Dorsuduro 1200 vs. Husqvarna Nuda 900 R vs. Kawasaki Versys 1000 vs. KTM 690 Duke <\/strong>im Alpen-Masters 2012 (Teil 2) \u2013 Funbikes im Vergleich, Testbericht in Wort und Bild auf 5 Seiten<\/li>\n<li><strong>Ducati Streetfighter 848 vs. KTM 990 Super Duke R vs. Moto Morini Corsaro 1200 Veloce vs. Triumph Speed Triple R i<\/strong>m Alpen-Masters 2012 (Teil 2) \u2013 Naked Bikes im Vergleich, Testbericht in Wort und Bild auf 5 Seiten<\/li>\n<\/ul>\n<h2>\ud83c\udf0d Zustand der Zeitschrift<\/h2>\n<p><strong>Gebraucht, weil gelesen, durchgebl\u00e4ttert oder gestapelt \ud83d\ude09<\/strong> dem Alter angemessen gut bis sehr gut erhalten. Alles original, Klebespuren von abgel\u00f6sten Abo-Versandaufklebern k\u00f6nnen vorhanden sein.<\/p>\n<h2>\ud83d\udce6 Versand &amp; Service<\/h2>\n<ul>\n<li>\u2713 Kostenloser Versand innerhalb Deutschlands<\/li>\n<li>\u2713 Versand auch ins Ausland m\u00f6glich<\/li>\n<li>\u2713 Sicher verpackt \u2013 wir wissen, wie wertvoll diese Sch\u00e4tze sind!<\/li>\n<\/ul>\n","protected":false},"excerpt":{"rendered":"<p>Mit dieser kompletten Fachzeitschrift erhalten die Leser\/innen einen Blick zur\u00fcck in die Zeit, als Einspritzung, ABS und erste Elektronikpakete die Motorradwelt ver\u00e4ndert haben.<\/p>\n","protected":false},"featured_media":2787,"template":"","meta":{"iawp_total_views":1},"product_brand":[],"product_cat":[23],"product_tag":[2955,3597,3061,3641,622,3112,3643,1242,3139,3644,1382,3160,3645,1389,3397,3646,1781,3445,3647,1909,3522,3649,1927,3531,10419,2422,3559,14330,2783,3596],"class_list":{"0":"post-2788","1":"product","2":"type-product","3":"status-publish","4":"has-post-thumbnail","6":"product_cat-motorrad","7":"product_tag-kawasaki-zzr-1400","8":"product_tag-triumph-speed-triple-r","9":"product_tag-suzuki-hayabusa-1300","10":"product_tag-mv-agusta-brutale-675","11":"product_tag-zuendapp-k-800","12":"product_tag-ktm-690-duke","13":"product_tag-bmw-hp4","14":"product_tag-bmw-k-100-rs","15":"product_tag-ktm-990-super-duke-r","16":"product_tag-dkw-rt-175","17":"product_tag-bmw-k-75","18":"product_tag-moto-morini-corsaro-1200-veloce","19":"product_tag-honda-xl-250-motorsport","20":"product_tag-yamaha-vmax-1200","21":"product_tag-ducati-multistrada-1200-s","22":"product_tag-piaggio-x10-500-ie-executive","23":"product_tag-suzuki-dr-big-800-s","24":"product_tag-aprilia-dorsoduro-1200","25":"product_tag-bmw-c-650-gt","26":"product_tag-bmw-r-100-r-mystic","27":"product_tag-ducati-streetfighter-848","28":"product_tag-aprilia-dorsuduro-1200","29":"product_tag-triumph-speed-triple","30":"product_tag-kawasaki-versys-1000","31":"product_tag-bracht-bmw-k-75-gs","32":"product_tag-honda-vt-750-dc-black-widow","33":"product_tag-husqvarna-nuda-900-r","34":"product_tag-suzuki-dr-big","35":"product_tag-suzuki-hayabusa","36":"product_tag-horex-vr6-roadster","38":"first","39":"instock","40":"shipping-taxable","41":"purchasable","42":"product-type-simple"},"_links":{"self":[{"href":"https:\/\/motorrad-erinnerungen.de\/shop\/wp-json\/wp\/v2\/product\/2788","targetHints":{"allow":["GET"]}}],"collection":[{"href":"https:\/\/motorrad-erinnerungen.de\/shop\/wp-json\/wp\/v2\/product"}],"about":[{"href":"https:\/\/motorrad-erinnerungen.de\/shop\/wp-json\/wp\/v2\/types\/product"}],"wp:featuredmedia":[{"embeddable":true,"href":"https:\/\/motorrad-erinnerungen.de\/shop\/wp-json\/wp\/v2\/media\/2787"}],"wp:attachment":[{"href":"https:\/\/motorrad-erinnerungen.de\/shop\/wp-json\/wp\/v2\/media?parent=2788"}],"wp:term":[{"taxonomy":"product_brand","embeddable":true,"href":"https:\/\/motorrad-erinnerungen.de\/shop\/wp-json\/wp\/v2\/product_brand?post=2788"},{"taxonomy":"product_cat","embeddable":true,"href":"https:\/\/motorrad-erinnerungen.de\/shop\/wp-json\/wp\/v2\/product_cat?post=2788"},{"taxonomy":"product_tag","embeddable":true,"href":"https:\/\/motorrad-erinnerungen.de\/shop\/wp-json\/wp\/v2\/product_tag?post=2788"}],"curies":[{"name":"wp","href":"https:\/\/api.w.org\/{rel}","templated":true}]}}