{"id":2888,"date":"2025-09-08T21:40:50","date_gmt":"2025-09-08T19:40:50","guid":{"rendered":"https:\/\/motorrad-erinnerungen.de\/2026\/produkt\/motorrad-15-2014-honda-nc-750-x-moto-guzzi-v7-special-yamaha-mt-07-yamaha-xv-950\/"},"modified":"2026-03-28T21:29:13","modified_gmt":"2026-03-28T20:29:13","slug":"motorrad-15-2014-honda-nc-750-x-moto-guzzi-v7-special-yamaha-mt-07-yamaha-xv-950","status":"publish","type":"product","link":"https:\/\/motorrad-erinnerungen.de\/shop\/produkt\/motorrad-15-2014-honda-nc-750-x-moto-guzzi-v7-special-yamaha-mt-07-yamaha-xv-950\/","title":{"rendered":"MOTORRAD 15\/2014 \u2013 BMW F 800 GT vs. Kawasaki Z 1000 SX vs. Honda VFR 800 F"},"content":{"rendered":"<p>Hier k\u00f6nnen Sie die <strong>Motorrad\u2011Zeitschrift &#8222;MOTORRAD 15\/2014&#8220;<\/strong> erwerben:<\/p>\n<h2>\ud83d\udcccInhalt dieser Ausgabe (u.a.):<\/h2>\n<ul>\n<li><strong>Honda NC 750 X vs. Moto Guzzi V7 Special vs. Yamaha MT-07 vs. Yamaha XV 950 <\/strong>im Alpen-Masters 2014 (Teil 1) \u2013\u00a0 Beginner-Bikes im Vergleich, Testbericht in Wort und Bild auf 6 Seiten innerhalb einer gr\u00f6\u00dferen Reportage<\/li>\n<li><strong>Aprilia Tuono V4 R vs. BMW S 1000 R vs. Ducati Monster 1200 vs. KTM 1290 Super Duke R <\/strong>im Alpen-Masters 2014 (Teil 1) \u2013 Power-Bikes im Vergleich, Testbericht in Wort und Bild auf 6 Seiten innerhalb einer gr\u00f6\u00dferen Reportage<\/li>\n<li><strong>Ducati Monster 821<\/strong> mit 82 kW (112 PS) im Test \u2013 Fahrbericht in Wort und Bild auf 4 Seiten<\/li>\n<li><strong>KTM Sportenduros, Modelljahr 2015<\/strong> \u2013 Fahrbericht in Wort und Bild auf 2 Seiten<\/li>\n<li><strong>BMW F 800 GT vs. Kawasaki Z 1000 SX vs. Honda VFR 800 F <\/strong>\u2013 Sporttourer im Vergleich, Testbericht in Wort und Bild auf 11 Seiten<\/li>\n<li><strong>Yamaha MT-125<\/strong> mit 11 kW (15 PS) im Test \u2013 Fahrbericht in Wort und Bild auf 2 Seiten<\/li>\n<li><strong>Yamaha MT-07<\/strong> mit 55 kW (75 PS) im Dauertest \u2013 Zwischenbericht in Wort und Bild auf 2 Seiten<\/li>\n<li><strong>Yamaha XT 1200 Z Super T\u00e9n\u00e9r\u00e9, ab Modell 2010, gebraucht kaufen<\/strong> \u2013 Gebraucht-Beratung in Wort und Bild auf 2 Seiten<\/li>\n<li><strong>Ducati 1199 Panigale<\/strong> mit 143 kW (195 PS), hier als Traum-Bike \u2013 Vorstellung in Wort und Bild auf 4 Seiten<\/li>\n<li><strong>Moto Guzzi 1100 Sport<\/strong> mit 66 kW (90 PS), ein Kult-Bike \u2013 Erinnerungen in Wort und Bild auf 2 Seiten<\/li>\n<\/ul>\n<h2>\ud83c\udf0d Zustand der Zeitschrift<\/h2>\n<p><strong>Gebraucht, weil gelesen, durchgebl\u00e4ttert oder gestapelt \ud83d\ude09<\/strong> dem Alter angemessen gut bis sehr gut erhalten. Alles original, Klebespuren von abgel\u00f6sten Abo-Versandaufklebern k\u00f6nnen vorhanden sein.<\/p>\n<h2>\ud83d\udce6 Versand &amp; Service<\/h2>\n<ul>\n<li>\u2713 Kostenloser Versand innerhalb Deutschlands<\/li>\n<li>\u2713 Versand auch ins Ausland m\u00f6glich<\/li>\n<li>\u2713 Sicher verpackt \u2013 wir wissen, wie wertvoll diese Sch\u00e4tze sind!<\/li>\n<\/ul>\n","protected":false},"excerpt":{"rendered":"<p>Mit dieser kompletten Fachzeitschrift erhalten die Leser\/innen einen Blick zur\u00fcck in die Zeit, als Einspritzung, ABS und erste Elektronikpakete die Motorradwelt ver\u00e4ndert haben.<\/p>\n","protected":false},"featured_media":2887,"template":"","meta":{"iawp_total_views":2},"product_brand":[],"product_cat":[23],"product_tag":[3729,3742,3752,213,3753,1963,3763,3391,3770,3456,3789,3525,3790,3676,3791,3722,3846,3724],"class_list":{"0":"post-2888","1":"product","2":"type-product","3":"status-publish","4":"has-post-thumbnail","6":"product_cat-motorrad","7":"product_tag-bmw-s-1000-r","8":"product_tag-ducati-monster-1200-s","9":"product_tag-yamaha-mt-07","10":"product_tag-moto-guzzi-v7","11":"product_tag-honda-nc-750-x","12":"product_tag-moto-guzzi-1100-sport","13":"product_tag-aprilia-tuono-v4-r","14":"product_tag-yamaha-xt-1200-z-super-tenere","15":"product_tag-honda-vfr-800-f","16":"product_tag-kawasaki-z-1000-sx","17":"product_tag-ducati-monster-821","18":"product_tag-ducati-1199-panigale","19":"product_tag-yamaha-mt-125","20":"product_tag-bmw-f-800-gt","21":"product_tag-ducati-monster-1200","22":"product_tag-ktm-1290-super-duke-r","23":"product_tag-ktm-sportenduros-modelljahr-2015","24":"product_tag-yamaha-xv-950","26":"first","27":"instock","28":"shipping-taxable","29":"purchasable","30":"product-type-simple"},"_links":{"self":[{"href":"https:\/\/motorrad-erinnerungen.de\/shop\/wp-json\/wp\/v2\/product\/2888","targetHints":{"allow":["GET"]}}],"collection":[{"href":"https:\/\/motorrad-erinnerungen.de\/shop\/wp-json\/wp\/v2\/product"}],"about":[{"href":"https:\/\/motorrad-erinnerungen.de\/shop\/wp-json\/wp\/v2\/types\/product"}],"wp:featuredmedia":[{"embeddable":true,"href":"https:\/\/motorrad-erinnerungen.de\/shop\/wp-json\/wp\/v2\/media\/2887"}],"wp:attachment":[{"href":"https:\/\/motorrad-erinnerungen.de\/shop\/wp-json\/wp\/v2\/media?parent=2888"}],"wp:term":[{"taxonomy":"product_brand","embeddable":true,"href":"https:\/\/motorrad-erinnerungen.de\/shop\/wp-json\/wp\/v2\/product_brand?post=2888"},{"taxonomy":"product_cat","embeddable":true,"href":"https:\/\/motorrad-erinnerungen.de\/shop\/wp-json\/wp\/v2\/product_cat?post=2888"},{"taxonomy":"product_tag","embeddable":true,"href":"https:\/\/motorrad-erinnerungen.de\/shop\/wp-json\/wp\/v2\/product_tag?post=2888"}],"curies":[{"name":"wp","href":"https:\/\/api.w.org\/{rel}","templated":true}]}}