{"id":2908,"date":"2025-09-08T21:40:55","date_gmt":"2025-09-08T19:40:55","guid":{"rendered":"https:\/\/motorrad-erinnerungen.de\/2026\/produkt\/motorrad-25-2014-vergleich-bmw-s-1000-rr-harley-davidson-softail-breakot-yamaha-mt-07-bmw-r-ninet\/"},"modified":"2026-03-19T21:48:51","modified_gmt":"2026-03-19T20:48:51","slug":"motorrad-25-2014-vergleich-bmw-s-1000-rr-harley-davidson-softail-breakot-yamaha-mt-07-bmw-r-ninet","status":"publish","type":"product","link":"https:\/\/motorrad-erinnerungen.de\/shop\/produkt\/motorrad-25-2014-vergleich-bmw-s-1000-rr-harley-davidson-softail-breakot-yamaha-mt-07-bmw-r-ninet\/","title":{"rendered":"MOTORRAD 25\/2014 \u2013 BMW S 1000 RR 2014\/2015; drei mal Triumph Speed Triple"},"content":{"rendered":"<p>Hier k\u00f6nnen Sie die <strong>Motorrad\u2011Zeitschrift &#8222;MOTORRAD 25\/2014&#8220;<\/strong> erwerben:<\/p>\n<h2>\ud83d\udcccInhalt dieser Ausgabe (u.a.):<\/h2>\n<ul>\n<li><strong>BMW S 1000 RR<\/strong> mit 146 kW (199 PS) im Vergleich alt vs. neu \u2013 Testbericht in Wort und Bild auf 7 Seiten<\/li>\n<li><strong>Harley-Davidson Softail Breakot,\u00a0<\/strong><strong>Yamaha MT-07,\u00a0<\/strong><strong>BMW R nineT, <\/strong><strong>Royal Enfield Continental GP,\u00a0<\/strong><strong>Triumph Scrambler, <\/strong><strong>Ducati Diavel Carbon,\u00a0<\/strong><strong>KTM 1290 Super Duke R,\u00a0<\/strong><strong>Honda Gold Wing F6B,\u00a0<\/strong><strong>Honda CB 1100 EX,\u00a0<\/strong><strong>Indian Chief Classic <\/strong>auf dem Weg zum Kult-Bike \u2013 zehn coole Maschinen und ihre Besitzer trafen sich im Ruhrpott, Vorstellungen in Wort und Bild auf insgesamt 14 Seiten<\/li>\n<li><strong>Triumph Speed Triple, <\/strong>wurde im Jahr 2014 20 Jahre alt \u2013 unterwegs mit 3 Speedys aus verschiedenen Modellreihen, Erinnerungen \/ Jubil\u00e4umsreportage in Wort und Bild auf 8 Seiten<\/li>\n<li><strong>Kawasaki Ninja 300 vs. KTM RC 390 <\/strong>\u2013 zwei Kleine im Vergleich, Testbericht in Wort und Bild auf 6 Seiten<\/li>\n<li><strong>BMW F 800 S, hier turbo-getunt von Fanenstich<\/strong> \u2013 Vorstellung in Wort und Bild auf 3 Seiten<\/li>\n<li><strong>Kawasaki Z 800, hier als Test-Maschine f\u00fcr 10 Zubeh\u00f6r-Schalld\u00e4mpfer<\/strong> \u2013 Testbericht in Wort und Bild auf 6 Seiten<\/li>\n<li><strong>Yamaha Tmax, ab Modell 2001, gebraucht kaufen<\/strong> \u2013 Gebraucht-Beratung in Wort und Bild auf 2 Seiten<\/li>\n<li><strong>Yoshimura- Suzuki GS 700 ES, ein Kult-Bike<\/strong> \u2013 Vorstellung in Wort und Bild auf 2 Seiten<\/li>\n<\/ul>\n<h2>\ud83c\udf0d Zustand der Zeitschrift<\/h2>\n<p><strong>Gebraucht, weil gelesen, durchgebl\u00e4ttert oder gestapelt \ud83d\ude09<\/strong> dem Alter angemessen gut bis sehr gut erhalten. Alles original, Klebespuren von abgel\u00f6sten Abo-Versandaufklebern k\u00f6nnen vorhanden sein.<\/p>\n<h2>\ud83d\udce6 Versand &amp; Service<\/h2>\n<ul>\n<li>\u2713 Kostenloser Versand innerhalb Deutschlands<\/li>\n<li>\u2713 Versand auch ins Ausland m\u00f6glich<\/li>\n<li>\u2713 Sicher verpackt \u2013 wir wissen, wie wertvoll diese Sch\u00e4tze sind!<\/li>\n<\/ul>\n","protected":false},"excerpt":{"rendered":"<p>Mit dieser kompletten Fachzeitschrift erhalten die Leser\/innen einen Blick zur\u00fcck in die Zeit, als Einspritzung, ABS und erste Elektronikpakete die Motorradwelt ver\u00e4ndert haben.<\/p>\n","protected":false},"featured_media":2907,"template":"","meta":{"iawp_total_views":1},"product_brand":[],"product_cat":[23],"product_tag":[3801,1927,3802,2961,3816,3219,3817,3561,3826,3655,3827,3674,3828,3679,3829,3722,3830,3752,3800],"class_list":{"0":"post-2908","1":"product","2":"type-product","3":"status-publish","4":"has-post-thumbnail","6":"product_cat-motorrad","7":"product_tag-indian-chief-classic","8":"product_tag-triumph-speed-triple","9":"product_tag-ktm-rc-390","10":"product_tag-triumph-scrambler","11":"product_tag-harley-davidson-softail-breakot","12":"product_tag-bmw-s-1000-rr","13":"product_tag-suzuki-gs-700-es","14":"product_tag-ducati-diavel-carbon","15":"product_tag-bmw-r-ninet","16":"product_tag-kawasaki-ninja-300","17":"product_tag-royal-enfield-continental-gp","18":"product_tag-kawasaki-z-800","19":"product_tag-fanenstich-bmw-f-800-s","20":"product_tag-honda-gold-wing-f6b","21":"product_tag-yamaha-tmax","22":"product_tag-ktm-1290-super-duke-r","23":"product_tag-yoshimura-suzuki-gs-700-es","24":"product_tag-yamaha-mt-07","25":"product_tag-honda-cb-1100-ex","27":"first","28":"instock","29":"shipping-taxable","30":"purchasable","31":"product-type-simple"},"_links":{"self":[{"href":"https:\/\/motorrad-erinnerungen.de\/shop\/wp-json\/wp\/v2\/product\/2908","targetHints":{"allow":["GET"]}}],"collection":[{"href":"https:\/\/motorrad-erinnerungen.de\/shop\/wp-json\/wp\/v2\/product"}],"about":[{"href":"https:\/\/motorrad-erinnerungen.de\/shop\/wp-json\/wp\/v2\/types\/product"}],"wp:featuredmedia":[{"embeddable":true,"href":"https:\/\/motorrad-erinnerungen.de\/shop\/wp-json\/wp\/v2\/media\/2907"}],"wp:attachment":[{"href":"https:\/\/motorrad-erinnerungen.de\/shop\/wp-json\/wp\/v2\/media?parent=2908"}],"wp:term":[{"taxonomy":"product_brand","embeddable":true,"href":"https:\/\/motorrad-erinnerungen.de\/shop\/wp-json\/wp\/v2\/product_brand?post=2908"},{"taxonomy":"product_cat","embeddable":true,"href":"https:\/\/motorrad-erinnerungen.de\/shop\/wp-json\/wp\/v2\/product_cat?post=2908"},{"taxonomy":"product_tag","embeddable":true,"href":"https:\/\/motorrad-erinnerungen.de\/shop\/wp-json\/wp\/v2\/product_tag?post=2908"}],"curies":[{"name":"wp","href":"https:\/\/api.w.org\/{rel}","templated":true}]}}