{"id":3799,"date":"2025-09-10T22:30:33","date_gmt":"2025-09-10T20:30:33","guid":{"rendered":"https:\/\/motorrad-erinnerungen.de\/2026\/produkt\/motorrad-classic-3-2016-muench-4-1200-tts-hier-bmw-k-100-rs-hier-von-stuetz-getunt-matchless-g50-der-ex-renner-von-hugh-anderson\/"},"modified":"2026-02-17T23:17:55","modified_gmt":"2026-02-17T22:17:55","slug":"motorrad-classic-3-2016-muench-4-1200-tts-hier-bmw-k-100-rs-hier-von-stuetz-getunt-matchless-g50-der-ex-renner-von-hugh-anderson","status":"publish","type":"product","link":"https:\/\/motorrad-erinnerungen.de\/shop\/produkt\/motorrad-classic-3-2016-muench-4-1200-tts-hier-bmw-k-100-rs-hier-von-stuetz-getunt-matchless-g50-der-ex-renner-von-hugh-anderson\/","title":{"rendered":"Motorrad Classic 03\/2016 \u2013 M\u00fcnch 4 1200 TTS Turbo; St\u00fctz-BMW K 100 RS"},"content":{"rendered":"<p>Die Zeitschrift (\u201eMOTORRAD CLASSIC 3\/2016\u201c) steht hier zum Verkauf.<\/p>\n<h2>\ud83d\udccc Freuen Sie sich auf interessante Beitr\u00e4ge u.a. zu:<\/h2>\n<ul>\n<li><strong>M\u00fcnch 4 1200 TTS und St\u00fctz-BMW K 100 RS, beide mit Turbolader<\/strong> \u2013 Titel-Story in Wort und Bild auf insgesamt 14 Seiten<\/li>\n<li><strong>Matchless G50, der Ex-Renner von Hugh Anderson<\/strong> \u2013 Vorstellung in Wort und Bild auf insgesamt 8 Seiten<\/li>\n<li><strong>Edelweiss-Motorsport, machen den BMW-Boxern Beine<\/strong> \u2013 Szene-Reportage in Wort und Bild auf insgesamt 5 Seiten<\/li>\n<li><strong>Hercules und Z\u00fcndapp, eine Zweizylinder-Zweitakt-Projektstudie<\/strong> \u2013 zwei 350er-Prototypen von Hercules und Z\u00fcndapp werden vorgestellt in Wort und Bild auf insgesamt 6 Seiten<\/li>\n<li><strong>Jawa 553, seinerzeit erste Wahl f\u00fcr Gel\u00e4ndefahrer<\/strong> \u2013 Vorstellung in Wort und Bild auf insgesamt 6 Seiten<\/li>\n<li><strong>Magni MV Agusta 861, der Motor<\/strong> im Detail \u2013 technische Informationen in Wort und Bild auf 8 Seiten und auf weiteren 6 Seiten ein Nachruf zum Tode des genialen Konstrukteurs Magni<\/li>\n<li><strong>Tornax V 200, e<\/strong>in Brot &#8211; und Butter-Motorrad \u2013 Vorstellung in Wort und Bild auf insgesamt 6 Seiten<\/li>\n<li><strong>Honda CX 500<\/strong> mit 19,9\/36,8 kW (27\/50 PS) Test &amp; Technik \u2013 Nachdruck des Testberichtes aus der MOTORRAD 3\/1978 in Wort und Bild auf insgesamt 6 Seiten<\/li>\n<li><strong>Bimota DB1, hatte einen Ducati-Motor<\/strong> \u2013 Vorstellung in Wort und Bild auf insgesamt 6 Seiten<\/li>\n<li><strong>Harley-Davidson RR 500, ein Zweitakt-Rennmotorrad<\/strong> \u2013 Erinnerungen in Wort und Bild auf insgesamt 10 Seiten<\/li>\n<\/ul>\n<h2>\ud83c\udf0d Zustand der Zeitschrift<\/h2>\n<ul>\n<li>Gebraucht, weil gelesen, durchgebl\u00e4ttert oder gestapelt \ud83d\ude09<\/li>\n<li>Dem Alter angemessen gut bis sehr gut erhalten<\/li>\n<li>Alles original<\/li>\n<li>Klebespuren von abgel\u00f6sten Abo-Versandaufklebern k\u00f6nnen vorhanden sein<\/li>\n<\/ul>\n<h2>\ud83d\udce6 Versand &amp; Service<\/h2>\n<ul>\n<li>\u2713 Versand gratis in Deutschland<\/li>\n<li>\u2713 Auf Wunsch auch internationaler Versand<\/li>\n<li>\u2713 Stabil verpackt, damit die Zeitschrift heil bei Ihnen ankommt<\/li>\n<\/ul>\n","protected":false},"excerpt":{"rendered":"<p>Mit der M\u00fcnch 4 1200 TTS, der St\u00fctz-BMW K 100 RS und der Harley-Davidson RR 500 widmet sich diese Ausgabe pr\u00e4genden Kapiteln der Motorradgeschichte.<\/p>\n","protected":false},"featured_media":3798,"template":"","meta":{"iawp_total_views":2},"product_brand":[],"product_cat":[25],"product_tag":[4828,4829,4830,4876,4877,689,1242,1452,4825,4826,4827],"class_list":{"0":"post-3799","1":"product","2":"type-product","3":"status-publish","4":"has-post-thumbnail","6":"product_cat-motorrad-classic","7":"product_tag-magni-mv-agusta-861","8":"product_tag-tornax-v-200","9":"product_tag-harley-davidson-rr-500","10":"product_tag-edelweiss-motorsport","11":"product_tag-zuendapp-zweitakt-projektstudie","12":"product_tag-honda-cx-500","13":"product_tag-bmw-k-100-rs","14":"product_tag-bimota-db1","15":"product_tag-muench-4-1200-tts","16":"product_tag-matchless-g50","17":"product_tag-jawa-553","19":"first","20":"instock","21":"shipping-taxable","22":"purchasable","23":"product-type-simple"},"_links":{"self":[{"href":"https:\/\/motorrad-erinnerungen.de\/shop\/wp-json\/wp\/v2\/product\/3799","targetHints":{"allow":["GET"]}}],"collection":[{"href":"https:\/\/motorrad-erinnerungen.de\/shop\/wp-json\/wp\/v2\/product"}],"about":[{"href":"https:\/\/motorrad-erinnerungen.de\/shop\/wp-json\/wp\/v2\/types\/product"}],"wp:featuredmedia":[{"embeddable":true,"href":"https:\/\/motorrad-erinnerungen.de\/shop\/wp-json\/wp\/v2\/media\/3798"}],"wp:attachment":[{"href":"https:\/\/motorrad-erinnerungen.de\/shop\/wp-json\/wp\/v2\/media?parent=3799"}],"wp:term":[{"taxonomy":"product_brand","embeddable":true,"href":"https:\/\/motorrad-erinnerungen.de\/shop\/wp-json\/wp\/v2\/product_brand?post=3799"},{"taxonomy":"product_cat","embeddable":true,"href":"https:\/\/motorrad-erinnerungen.de\/shop\/wp-json\/wp\/v2\/product_cat?post=3799"},{"taxonomy":"product_tag","embeddable":true,"href":"https:\/\/motorrad-erinnerungen.de\/shop\/wp-json\/wp\/v2\/product_tag?post=3799"}],"curies":[{"name":"wp","href":"https:\/\/api.w.org\/{rel}","templated":true}]}}