{"id":5490,"date":"2025-09-13T12:33:28","date_gmt":"2025-09-13T10:33:28","guid":{"rendered":"https:\/\/motorrad-erinnerungen.de\/2026\/produkt\/mo-1-1993-bmw-k-1100-rs-mit-74-kw-100-ps-test-honda-cbr-1000-f-dual-mit-72-kw-98-ps-im-neuheiten-test\/"},"modified":"2026-03-24T22:58:45","modified_gmt":"2026-03-24T21:58:45","slug":"mo-1-1993-bmw-k-1100-rs-mit-74-kw-100-ps-test-honda-cbr-1000-f-dual-mit-72-kw-98-ps-im-neuheiten-test","status":"publish","type":"product","link":"https:\/\/motorrad-erinnerungen.de\/shop\/produkt\/mo-1-1993-bmw-k-1100-rs-mit-74-kw-100-ps-test-honda-cbr-1000-f-dual-mit-72-kw-98-ps-im-neuheiten-test\/","title":{"rendered":"MO 1\/1993 \u2013 Test BMW K 1100 RS; Vorstellung Honda CBR 1000 F Dual; Suzuki RF 600 R"},"content":{"rendered":"<p>Sch\u00f6n, dass die Motorradzeitschrift \u201eMO 1\/1993\u201c bei uns gefunden wurde. Diese Zeitschrift aus ehemaliger Sammlerhand wird hier zum Kauf angeboten.<\/p>\n<h2>\ud83d\udccc In dieser Ausgabe sind professionelle Berichte unter anderem zu folgenden Themen zu finden:<\/h2>\n<ul>\n<li><strong>BMW K 1100 RS<\/strong> mit 74 kW (100 PS) Test &amp; Technik \u2013 Testbericht und sch\u00f6ne Bilder auf 6 Seiten<\/li>\n<li><strong>Honda CBR 1000 F Dual,\u00a0<\/strong><strong>Honda CB 1000,\u00a0<\/strong><strong>Honda XRV 750 Africa Twin,\u00a0<\/strong><strong>Kawasaki ZXR 750,\u00a0<\/strong><strong>Suzuki RF 600 R,\u00a0<\/strong><strong>Yamaha YZF 750 R,\u00a0<\/strong><strong>Yamaha YZF 750 SP<\/strong> \u2013 Testbericht und sch\u00f6ne Bilder auf jeweils 1 Seite in einem gr\u00f6\u00dferen Neuheiten Test Spezial<\/li>\n<li><strong>Motomeccanica Moto Guzzi LM 1040, Hyde Triumph Hurricane 900, Buell Harley-Davidson RSS 1200, Hegemann Ducati 900 SS Camel <\/strong>\u2013 vier Caf\u00e9-Racer im Vergleich, Testbericht und sch\u00f6ne Bilder auf 10 Seiten<\/li>\n<\/ul>\n<h2>\ud83d\udce6 Versand &amp; Service<\/h2>\n<ul>\n<li>\u2713 Versand gratis in Deutschland<\/li>\n<li>\u2713 Auf Wunsch auch internationaler Versand<\/li>\n<li>\u2713 Stabil verpackt, damit die Zeitschrift heil bei Ihnen ankommt<\/li>\n<\/ul>\n<h2>\ud83c\udf0d Zustand der Zeitschrift<\/h2>\n<p><strong>Gebraucht, weil gelesen, durchgebl\u00e4ttert oder gestapelt \ud83d\ude09<\/strong> dem Alter angemessen gut bis sehr gut erhalten. Alles original, Klebespuren von abgel\u00f6sten Abo-Versandaufklebern k\u00f6nnen vorhanden sein.<\/p>\n","protected":false},"excerpt":{"rendered":"<p>Ein Motorrad\u2011Magazin im guten Originalzustand, das Erinnerungen an erste Maschinen, lange Touren und legend\u00e4re Tests und Kommentare wachruft.<\/p>\n","protected":false},"featured_media":5236,"template":"","meta":{"iawp_total_views":10},"product_brand":[],"product_cat":[19],"product_tag":[14334,1874,1881,1882,1904,5623,5624,661,5625,1678,5759,1755,14332,1822,14333,1870],"class_list":{"0":"post-5490","1":"product","2":"type-product","3":"status-publish","4":"has-post-thumbnail","6":"product_cat-mo","7":"product_tag-hegemann-ducati-900-ss-camel","8":"product_tag-bmw-k-1100-rs","9":"product_tag-honda-cb-1000","10":"product_tag-suzuki-rf-600-r","11":"product_tag-ducati-900-supersport","12":"product_tag-honda-cbr-1000-f-dual","13":"product_tag-yamaha-yzf-750-sp","14":"product_tag-ducati-900-ss","15":"product_tag-buell-harley-davidson-rss-1200","16":"product_tag-kawasaki-zxr-750","17":"product_tag-moto-guzzi-le-mans-iv","18":"product_tag-honda-xrv-750-africa-twin","19":"product_tag-motomeccanica-moto-guzzi-lm-1040","20":"product_tag-triumph-trident-900","21":"product_tag-hyde-triumph-hurricane-900","22":"product_tag-yamaha-yzf-750-r","24":"first","25":"instock","26":"shipping-taxable","27":"purchasable","28":"product-type-simple"},"_links":{"self":[{"href":"https:\/\/motorrad-erinnerungen.de\/shop\/wp-json\/wp\/v2\/product\/5490","targetHints":{"allow":["GET"]}}],"collection":[{"href":"https:\/\/motorrad-erinnerungen.de\/shop\/wp-json\/wp\/v2\/product"}],"about":[{"href":"https:\/\/motorrad-erinnerungen.de\/shop\/wp-json\/wp\/v2\/types\/product"}],"wp:featuredmedia":[{"embeddable":true,"href":"https:\/\/motorrad-erinnerungen.de\/shop\/wp-json\/wp\/v2\/media\/5236"}],"wp:attachment":[{"href":"https:\/\/motorrad-erinnerungen.de\/shop\/wp-json\/wp\/v2\/media?parent=5490"}],"wp:term":[{"taxonomy":"product_brand","embeddable":true,"href":"https:\/\/motorrad-erinnerungen.de\/shop\/wp-json\/wp\/v2\/product_brand?post=5490"},{"taxonomy":"product_cat","embeddable":true,"href":"https:\/\/motorrad-erinnerungen.de\/shop\/wp-json\/wp\/v2\/product_cat?post=5490"},{"taxonomy":"product_tag","embeddable":true,"href":"https:\/\/motorrad-erinnerungen.de\/shop\/wp-json\/wp\/v2\/product_tag?post=5490"}],"curies":[{"name":"wp","href":"https:\/\/api.w.org\/{rel}","templated":true}]}}