{"id":5493,"date":"2025-09-13T12:33:29","date_gmt":"2025-09-13T10:33:29","guid":{"rendered":"https:\/\/motorrad-erinnerungen.de\/2026\/produkt\/mo-4-1993-yamaha-yzf-750-r-mit-72-kw-98-ps-test-suzuki-rf-600-r-mit-72-kw-98-ps-test-technik\/"},"modified":"2025-12-28T22:46:31","modified_gmt":"2025-12-28T21:46:31","slug":"mo-4-1993-yamaha-yzf-750-r-mit-72-kw-98-ps-test-suzuki-rf-600-r-mit-72-kw-98-ps-test-technik","status":"publish","type":"product","link":"https:\/\/motorrad-erinnerungen.de\/shop\/produkt\/mo-4-1993-yamaha-yzf-750-r-mit-72-kw-98-ps-test-suzuki-rf-600-r-mit-72-kw-98-ps-test-technik\/","title":{"rendered":"MO 4\/1993 \u2013 Test Yamaha YZF 750 R; Suzuki RF 600 R; Suzuki GSX-R 1100 W"},"content":{"rendered":"<p>Sch\u00f6n, dass die Motorradzeitschrift \u201eMO 4\/1993\u201c bei uns gefunden wurde. Diese Zeitschrift aus ehemaliger Sammlerhand wird hier zum Kauf angeboten.<\/p>\n<h2>\ud83d\udccc In dieser Ausgabe sind professionelle Berichte unter anderem zu folgenden Themen zu finden:<\/h2>\n<ul>\n<li><strong>Yamaha YZF 750 R<\/strong> mit 72 kW (98 PS) Test &amp; Technik \u2013 Testbericht in Wort und Bild auf 4 Seiten<\/li>\n<li><strong>Suzuki RF 600 R<\/strong> mit 72 kW (98 PS) Test &amp; Technik \u2013 Testbericht in Wort und Bild auf 4 Seiten<\/li>\n<li><strong>Yamaha XTZ 660 T\u00e9n\u00e9r\u00e9 vs. Aprilia Pegaso 650 vs. Suzuki DR 650 RSE <\/strong>\u2013 drei Grobstoller im Vergleich, Testbericht in Wort und Bild auf 6 Seiten<\/li>\n<li><strong>Triumph Daytona 900<\/strong> mit 72 kW (98 PS) Test &amp; Technik \u2013 Testbericht in Wort und Bild auf 3 Seiten<\/li>\n<li><strong>Suzuki GSX-R 1100 W<\/strong> mit 72 kW (98 PS) Test &amp; Technik \u2013 Testbericht in Wort und Bild auf 5 Seiten<\/li>\n<li><strong>Moto Guzzi Quota 1000 vs. Honda XRV 750 Africa Twin <\/strong>\u2013 Enduros im Vergleich, Testbericht in Wort und Bild auf 4 Seiten<\/li>\n<li><strong>Ducati CF 01<\/strong>, hier die Brian-Bot-Renner \u2013 Vorstellung in Wort und Bild auf 3 Seiten<\/li>\n<\/ul>\n<h2>\ud83d\udce6 Versand &amp; Service<\/h2>\n<ul>\n<li>\u2713 Versand gratis in Deutschland<\/li>\n<li>\u2713 Auf Wunsch auch internationaler Versand<\/li>\n<li>\u2713 Stabil verpackt, damit die Zeitschrift heil bei Ihnen ankommt<\/li>\n<\/ul>\n<h2>\ud83c\udf0d Zustand der Zeitschrift<\/h2>\n<p><strong>Gebraucht, weil gelesen, durchgebl\u00e4ttert oder gestapelt \ud83d\ude09<\/strong> dem Alter angemessen gut bis sehr gut erhalten. Alles original, Klebespuren von abgel\u00f6sten Abo-Versandaufklebern k\u00f6nnen vorhanden sein.<\/p>\n","protected":false},"excerpt":{"rendered":"<p>Ein Motorrad\u2011Magazin im guten Originalzustand, das Erinnerungen an erste Maschinen, lange Touren und legend\u00e4re Tests und Kommentare wachruft.<\/p>\n","protected":false},"featured_media":5242,"template":"","meta":{"iawp_total_views":2},"product_brand":[],"product_cat":[19],"product_tag":[1848,1870,1882,1903,5010,5633,10430,1755,1797,1806,1831],"class_list":{"0":"post-5493","1":"product","2":"type-product","3":"status-publish","4":"has-post-thumbnail","6":"product_cat-mo","7":"product_tag-moto-guzzi-quota-1000","8":"product_tag-yamaha-yzf-750-r","9":"product_tag-suzuki-rf-600-r","10":"product_tag-triumph-daytona-900","11":"product_tag-suzuki-gsx-r-1100-w","12":"product_tag-ducati-cf-01","13":"product_tag-brian-bot-renner","14":"product_tag-honda-xrv-750-africa-twin","15":"product_tag-yamaha-xtz-660-tenere","16":"product_tag-suzuki-dr-650-rse","17":"product_tag-aprilia-pegaso-650","19":"first","20":"instock","21":"shipping-taxable","22":"purchasable","23":"product-type-simple"},"_links":{"self":[{"href":"https:\/\/motorrad-erinnerungen.de\/shop\/wp-json\/wp\/v2\/product\/5493","targetHints":{"allow":["GET"]}}],"collection":[{"href":"https:\/\/motorrad-erinnerungen.de\/shop\/wp-json\/wp\/v2\/product"}],"about":[{"href":"https:\/\/motorrad-erinnerungen.de\/shop\/wp-json\/wp\/v2\/types\/product"}],"wp:featuredmedia":[{"embeddable":true,"href":"https:\/\/motorrad-erinnerungen.de\/shop\/wp-json\/wp\/v2\/media\/5242"}],"wp:attachment":[{"href":"https:\/\/motorrad-erinnerungen.de\/shop\/wp-json\/wp\/v2\/media?parent=5493"}],"wp:term":[{"taxonomy":"product_brand","embeddable":true,"href":"https:\/\/motorrad-erinnerungen.de\/shop\/wp-json\/wp\/v2\/product_brand?post=5493"},{"taxonomy":"product_cat","embeddable":true,"href":"https:\/\/motorrad-erinnerungen.de\/shop\/wp-json\/wp\/v2\/product_cat?post=5493"},{"taxonomy":"product_tag","embeddable":true,"href":"https:\/\/motorrad-erinnerungen.de\/shop\/wp-json\/wp\/v2\/product_tag?post=5493"}],"curies":[{"name":"wp","href":"https:\/\/api.w.org\/{rel}","templated":true}]}}