{"id":6122,"date":"2025-09-15T11:41:43","date_gmt":"2025-09-15T09:41:43","guid":{"rendered":"https:\/\/motorrad-erinnerungen.de\/2026\/produkt\/mo-bmw-motorraeder-sonderheft-53-bmw-r-1200-gs-mit-92-kw-125-ps-nach-dem-dauertest-bmw-r-1200-r-mit-92-kw-125-ps-test-technik\/"},"modified":"2025-11-01T13:00:20","modified_gmt":"2025-11-01T12:00:20","slug":"mo-bmw-motorraeder-sonderheft-53-bmw-r-1200-gs-mit-92-kw-125-ps-nach-dem-dauertest-bmw-r-1200-r-mit-92-kw-125-ps-test-technik","status":"publish","type":"product","link":"https:\/\/motorrad-erinnerungen.de\/shop\/produkt\/mo-bmw-motorraeder-sonderheft-53-bmw-r-1200-gs-mit-92-kw-125-ps-nach-dem-dauertest-bmw-r-1200-r-mit-92-kw-125-ps-test-technik\/","title":{"rendered":"MO BMW Motorr\u00e4der \u2013 Test R 1200 R, Dauertest R 1200 GS \u2013 Sonderausgabe 53"},"content":{"rendered":"<p>Zum Kauf angeboten wird das Motorrad-Magazin\u00a0<strong>MO BMW-Motorr\u00e4der Sonderheft Nr. 53\u00a0 April &#8211; Juni 2015<\/strong><\/p>\n<h2>\ud83d\udccc Freuen Sie sich auf folgende Titelthemen<\/h2>\n<ul>\n<li><strong>BMW R 1200 R<\/strong> mit 92 kW (125 PS) Test &amp; Technik \u2013 Testbericht in Wort und Bild auf 8 Seiten<\/li>\n<li><strong>BMW R 1200 GS<\/strong> mit 92 kW (125 PS) nach dem Dauertest \u2013 Abschluss-Bilanz nach 25000 Test-km plus Zubeh\u00f6r-Tipps f\u00fcr Reifen und Schalld\u00e4mpfer in Wort und Bild auf 9 Seiten in einem gr\u00f6\u00dferen <strong>GS-Spezial<\/strong> <\/li>\n<li><strong>Renard Speed Shop-BMW K 75 Schmetterling<\/strong> \u2013 Vorstellung in Wort und Bild auf 6 Seiten in einem gr\u00f6\u00dferen <strong>K-Spezial<\/strong> <\/li>\n<li><strong>B\u00e4te-BMW R 100 S<\/strong> \u2013 Klassiker-Vorstellung in Wort und Bild auf 6 Seiten<\/li>\n<li><strong>BMW R 1100 GS<\/strong>, hier als Basis f\u00fcr die Nice Power Gladiator \u2013 Vorstellung in Wort und Bild auf 6 Seiten<\/li>\n<li><strong>BMW K 100<\/strong>, hier als Basis f\u00fcr verschiedene Scrambler Umbauten \u2013 Vorstellung der Umbauten von Daniel Doller und Cafemoto auf jeweils 6 Seiten in einem gr\u00f6\u00dferen K-Spezial<\/li>\n<\/ul>\n<h2>\u2795 Weitere Tests &amp; Highlights<\/h2>\n<ul>\n<li><strong>BMW F 800 R<\/strong> mit 66 kW (90 PS) Test &amp; Technik \u2013 Testbericht in Wort und Bild auf 6 Seiten<\/li>\n<li><strong>Jawa 500 OHC<\/strong>, der b\u00f6hmische Boxer \u2013 Vorstellung in Wort und Bild auf 6 Seiten<\/li>\n<\/ul>\n<h2>\ud83c\udf0d Zustand der Zeitschrift<\/h2>\n<ul>\n<li><strong>Gebraucht, weil gelesen, durchgebl\u00e4ttert oder auch nur gestapelt \ud83d\ude09<\/strong><\/li>\n<li>Dem Alter angemessen gut bis sehr gut erhalten, alles original<\/li>\n<\/ul>\n<h2>\ud83d\udce6 Versand &amp; Service<\/h2>\n<ul>\n<li>Stabil verpackt, damit die Zeitschrift heil bei Ihnen ankommt<\/li>\n<li>Kostenloser Versand innerhalb Deutschlands<\/li>\n<li>Weltweiter Versand auf Wunsch f\u00fcr eine geringe Pauschale<\/li>\n<li>interested Europeans or oversea peoples can also buy\u00a0 this article, of course<\/li>\n<li>should you have any questions, specially for ship &amp; handling, do not hesitate to contact us<\/li>\n<\/ul>\n","protected":false},"excerpt":{"rendered":"<p>BMW R 1200 GS mit 92 kW (125 PS nach dem Dauertest. Abschluss-Bilanz nach 25000 Test-km plus Zubeh\u00f6r-Tipps f\u00fcr Reifen und Schalld\u00e4mpfer in Wort und Bild auf 9 Seiten dieser MO-Sonderausgabe. BMW R 1200 R mit 92 kW (125 PS) Test &amp; Technik. Testbericht in Wort und Bild auf 8 Seiten dieser MO-Sonderausgabe. BMW F 800 R mit 66 kW (90 PS) Test &amp; Technik. Testbericht in Wort und Bild auf 6 Seiten dieser MO-Sonderausgabe.<\/p>\n","protected":false},"featured_media":6046,"template":"","meta":{"iawp_total_views":6},"product_brand":[],"product_cat":[20],"product_tag":[9581,1241,1920,2646,2985,3228,4509,9578,9579,9580],"class_list":{"0":"post-6122","1":"product","2":"type-product","3":"status-publish","4":"has-post-thumbnail","6":"product_cat-mo-bmw-motorraeder","7":"product_tag-baete-bmw-r-100-s","8":"product_tag-bmw-k-100","9":"product_tag-bmw-r-1100-gs","10":"product_tag-bmw-r-1200-gs","11":"product_tag-bmw-r-1200-r","12":"product_tag-bmw-f-800-r","13":"product_tag-jawa-500-ohc","14":"product_tag-renard-speed-shop-bmw-k-75-schmetterling","15":"product_tag-gs-spezial","16":"product_tag-k-spezial","18":"first","19":"instock","20":"shipping-taxable","21":"purchasable","22":"product-type-simple"},"_links":{"self":[{"href":"https:\/\/motorrad-erinnerungen.de\/shop\/wp-json\/wp\/v2\/product\/6122","targetHints":{"allow":["GET"]}}],"collection":[{"href":"https:\/\/motorrad-erinnerungen.de\/shop\/wp-json\/wp\/v2\/product"}],"about":[{"href":"https:\/\/motorrad-erinnerungen.de\/shop\/wp-json\/wp\/v2\/types\/product"}],"wp:featuredmedia":[{"embeddable":true,"href":"https:\/\/motorrad-erinnerungen.de\/shop\/wp-json\/wp\/v2\/media\/6046"}],"wp:attachment":[{"href":"https:\/\/motorrad-erinnerungen.de\/shop\/wp-json\/wp\/v2\/media?parent=6122"}],"wp:term":[{"taxonomy":"product_brand","embeddable":true,"href":"https:\/\/motorrad-erinnerungen.de\/shop\/wp-json\/wp\/v2\/product_brand?post=6122"},{"taxonomy":"product_cat","embeddable":true,"href":"https:\/\/motorrad-erinnerungen.de\/shop\/wp-json\/wp\/v2\/product_cat?post=6122"},{"taxonomy":"product_tag","embeddable":true,"href":"https:\/\/motorrad-erinnerungen.de\/shop\/wp-json\/wp\/v2\/product_tag?post=6122"}],"curies":[{"name":"wp","href":"https:\/\/api.w.org\/{rel}","templated":true}]}}