{"id":6801,"date":"2025-09-16T15:27:02","date_gmt":"2025-09-16T13:27:02","guid":{"rendered":"https:\/\/motorrad-erinnerungen.de\/2026\/produkt\/ps-4-1988-honda-nx-650-dominator-mit-33-kw-45-ps-im-vergleichstest-kawasaki-klr-650-mit-35-kw-48-ps-im-vergleichstest\/"},"modified":"2026-03-24T16:39:37","modified_gmt":"2026-03-24T15:39:37","slug":"ps-4-1988-honda-nx-650-dominator-mit-33-kw-45-ps-im-vergleichstest-kawasaki-klr-650-mit-35-kw-48-ps-im-vergleichstest","status":"publish","type":"product","link":"https:\/\/motorrad-erinnerungen.de\/shop\/produkt\/ps-4-1988-honda-nx-650-dominator-mit-33-kw-45-ps-im-vergleichstest-kawasaki-klr-650-mit-35-kw-48-ps-im-vergleichstest\/","title":{"rendered":"PS 4\/1988 \u2013 Honda NX 650 Dominator mit 33 kW (45 PS) im Vergleichstest, Kawasaki KLR 650 mit 35 kW (48 PS) im Vergleichstest"},"content":{"rendered":"<p>Zum Kauf angeboten wird die <strong>Motorrad-Zeitung \u201ePS 4\/1988\u201c<\/strong>.<\/p>\n<h2>\ud83d\udccc Freuen Sie sich auf folgende Beitr\u00e4ge unter anderem zu:<\/h2>\n<ul>\n<li><strong>BMW K 100 RS, hier die von Martin getunte Variante<\/strong> \u2013 Fahrbericht (Titelgeschichte) in Wort und Bild auf 5 Seiten<\/li>\n<li><strong>Honda NX 650 Dominator<\/strong> mit 33 kW (45 PS) im Vergleichstest \u2013 Einzylinder-Enduros im Vergleich, Honda NX 650 Dominator vs. Kawasaki KLR 650 vs. Suzuki DR Big 750 S vs. Yamaha XT 600 T\u00e9n\u00e9r\u00e9, Testbericht in Wort und Bild auf 9 Seiten<\/li>\n<li><strong>Kawasaki KLR 650<\/strong> mit 35 kW (48 PS) im Vergleichstest \u2013 Einzylinder-Enduros im Vergleich, Honda NX 650 Dominator vs. Kawasaki KLR 650 vs. Suzuki DR Big 750 S vs. Yamaha XT 600 T\u00e9n\u00e9r\u00e9, Testbericht in Wort und Bild auf 9 Seiten<\/li>\n<li><strong>Suzuki DR Big 750 S<\/strong> mit 37 kW (50 PS) im Vergleichstest \u2013 Einzylinder-Enduros im Vergleich, Honda NX 650 Dominator vs. Kawasaki KLR 650 vs. Suzuki DR Big 750 S vs. Yamaha XT 600 T\u00e9n\u00e9r\u00e9, Testbericht in Wort und Bild auf 9 Seiten<\/li>\n<li><strong>Yamaha XT 600 Z T\u00e9n\u00e9r\u00e9<\/strong> mit 34 kW (46 PS) im Vergleichstest \u2013 Einzylinder-Enduros im Vergleich, Honda NX 650 Dominator vs. Kawasaki KLR 650 vs. Suzuki DR Big 750 S vs. Yamaha XT 600 T\u00e9n\u00e9r\u00e9, Testbericht in Wort und Bild auf 9 Seiten<\/li>\n<li><strong>Yamaha SR 500<\/strong> mit 20 kW (27 PS) im Spezial-Test \u2013 Technik, Wartung und Pflege in Wort und Bild auf 7 Seiten und Historie, Fahrbericht und Gebraucht-Ratgeber auf weiteren 3 Seiten<\/li>\n<li><strong>Kawasaki ZX-10<\/strong> mit 74 kW (100 PS) Test &amp; Technik \u2013 Testbericht in Wort und Bild auf 5 Seiten<\/li>\n<li><strong>HPN BMW Paris-Dakar, <\/strong>hier im Vergleich mit der Hau-Maschine \u2013 Fahrbericht in Wort und Bild auf 5 Seiten<\/li>\n<\/ul>\n<h2>\ud83d\udce6 Versand &amp; Service<\/h2>\n<ul>\n<li>\u2713 Kostenloser Versand in Deutschland, Auslandsversand f\u00fcr eine geringe Pauschale<\/li>\n<li>\u2713 Erfahrung aus \u00fcber 30.000 erfolgreichen Sendungen<\/li>\n<li>\u2713 Ihre Zeitschrift wird sicher und liebevoll verpackt<\/li>\n<\/ul>\n<h2>\ud83c\udf0d Zustand der Zeitschrift<\/h2>\n<p><strong>Gebraucht, weil gelesen, durchgebl\u00e4ttert oder gestapelt \ud83d\ude09<\/strong> dem Alter angemessen gut bis sehr gut erhalten. Alles original. Es k\u00f6nnen Klebespuren von Abo-Adressaufklebern vorhanden sein.<\/p>\n","protected":false},"excerpt":{"rendered":"<p>BMW K 100 RS, hier die von Martin getunte Variante: Fahrbericht (Titelgeschichte) in Wort und Bild auf 5 Seiten . Honda NX 650 Dominator: Einzylinder-Enduros im Vergleich, Honda NX 650 Dominator vs. Kawasaki KLR 650 vs. Suzuki DR Big 750 S vs.<\/p>\n","protected":false},"featured_media":6800,"template":"","meta":{"iawp_total_views":2},"product_brand":[],"product_cat":[28],"product_tag":[1515,1614,1617,1622,1641,6926,14330,731,1242],"class_list":{"0":"post-6801","1":"product","2":"type-product","3":"status-publish","4":"has-post-thumbnail","6":"product_cat-ps","7":"product_tag-kawasaki-klr-650","8":"product_tag-honda-nx-650-dominator","9":"product_tag-suzuki-dr-big-750-s","10":"product_tag-kawasaki-zx-10","11":"product_tag-yamaha-xt-600-z-tenere","12":"product_tag-hpn-bmw-paris-dakar","13":"product_tag-suzuki-dr-big","14":"product_tag-yamaha-sr-500","15":"product_tag-bmw-k-100-rs","17":"first","18":"instock","19":"shipping-taxable","20":"purchasable","21":"product-type-simple"},"_links":{"self":[{"href":"https:\/\/motorrad-erinnerungen.de\/shop\/wp-json\/wp\/v2\/product\/6801","targetHints":{"allow":["GET"]}}],"collection":[{"href":"https:\/\/motorrad-erinnerungen.de\/shop\/wp-json\/wp\/v2\/product"}],"about":[{"href":"https:\/\/motorrad-erinnerungen.de\/shop\/wp-json\/wp\/v2\/types\/product"}],"wp:featuredmedia":[{"embeddable":true,"href":"https:\/\/motorrad-erinnerungen.de\/shop\/wp-json\/wp\/v2\/media\/6800"}],"wp:attachment":[{"href":"https:\/\/motorrad-erinnerungen.de\/shop\/wp-json\/wp\/v2\/media?parent=6801"}],"wp:term":[{"taxonomy":"product_brand","embeddable":true,"href":"https:\/\/motorrad-erinnerungen.de\/shop\/wp-json\/wp\/v2\/product_brand?post=6801"},{"taxonomy":"product_cat","embeddable":true,"href":"https:\/\/motorrad-erinnerungen.de\/shop\/wp-json\/wp\/v2\/product_cat?post=6801"},{"taxonomy":"product_tag","embeddable":true,"href":"https:\/\/motorrad-erinnerungen.de\/shop\/wp-json\/wp\/v2\/product_tag?post=6801"}],"curies":[{"name":"wp","href":"https:\/\/api.w.org\/{rel}","templated":true}]}}