{"id":6995,"date":"2025-09-16T16:45:47","date_gmt":"2025-09-16T14:45:47","guid":{"rendered":"https:\/\/motorrad-erinnerungen.de\/2026\/produkt\/reise-motorrad-ride-on-4-1999-bmw-k-1200-lt-damit-unterwegs-in-den-usa-florida-nsu-fox-damit-unterwegs-ueber-schweizer-alpenpaesse\/"},"modified":"2025-09-16T21:10:32","modified_gmt":"2025-09-16T19:10:32","slug":"reise-motorrad-ride-on-4-1999-bmw-k-1200-lt-damit-unterwegs-in-den-usa-florida-nsu-fox-damit-unterwegs-ueber-schweizer-alpenpaesse","status":"publish","type":"product","link":"https:\/\/motorrad-erinnerungen.de\/shop\/produkt\/reise-motorrad-ride-on-4-1999-bmw-k-1200-lt-damit-unterwegs-in-den-usa-florida-nsu-fox-damit-unterwegs-ueber-schweizer-alpenpaesse\/","title":{"rendered":"REISE MOTORRAD ride on! 4\/1999 \u2013 BMW K 1200 LT, damit unterwegs in den USA \/ Florida, NSU Fox, damit unterwegs \u00fcber Schweizer Alpenp\u00e4sse"},"content":{"rendered":"<p>Hier k\u00f6nnen Sie das Motorrad-Magazin \u201eREISE MOTORRAD ride on! 4\/1999\u201c erwerben.<\/p>\n<h2>\ud83d\udccc In dieser Ausgabe finden Sie u.a. folgende Berichte:<\/h2>\n<ul>\n<li><strong>Kawasaki ZR-7<\/strong> mit 56 kW (76 PS) im Schneller-Reisen-Test \u2013 Testbericht auf 2 Seiten in einem gr\u00f6\u00dferen Vergleichstest <\/li>\n<li><strong>Suzuki SV 650 S<\/strong> mit 52 kW (71 PS) im Schneller-Reisen-Test \u2013 Testbericht auf 2 Seiten in einem gr\u00f6\u00dferen Vergleichstest <\/li>\n<li><strong>Ducati Monster 750 City<\/strong> mit 46 kW (64 PS) im Schneller-Reisen-Test \u2013 Testbericht auf 2 Seiten in einem gr\u00f6\u00dferen Vergleichstest <\/li>\n<li><strong>Harley-Davidson Dyna Super Glide Sport<\/strong> mit 50 kW (68 PS) im Schneller-Reisen-Test \u2013 Testbericht auf 2 Seiten in einem gr\u00f6\u00dferen Vergleichstest <\/li>\n<li><strong>BMW R 850 R<\/strong> mit 52 kW (70 PS) im Schneller-Reisen-Test \u2013 Testbericht auf 2 Seiten in einem gr\u00f6\u00dferen Vergleichstest <\/li>\n<li><strong>Yamaha XVZ 1300 TF Royal Star Venture<\/strong> mit 72 kW (98 PS) im Schneller-Reisen-Test \u2013 Vergleich Yamaha XVZ 13 TF Royal Star Venture vs. Honda XL 1000 Varadero, Testbericht auf 4 Seiten in einem gr\u00f6\u00dferen Vergleichstest <\/li>\n<li><strong>Honda XL 1000 V Varadero<\/strong> mit 69 kW (94 PS) im Schneller-Reisen-Test \u2013 Vergleich Yamaha XVZ 13 TF Royal Star Venture vs. Honda XL 1000 Varadero, Testbericht auf 4 Seiten in einem gr\u00f6\u00dferen Vergleichstest <\/li>\n<li><strong>NSU Fox, damit unterwegs \u00fcber Schweizer Alpenp\u00e4sse<\/strong> \u2013 Wiederholung eines H\u00e4rtetests auf 4 Seiten <\/li>\n<li><strong>BMW R 1150 GS<\/strong> mit 62,5 kW (85 PS) Test &amp; Technik \u2013 Testbericht auf 3 Seiten <\/li>\n<li><strong>Excelsior-Henderson Super-X : Wiederauferstehung<\/strong> \u2013 Vorstellung auf 3 Seiten <\/li>\n<li><strong>BMW K 1200 LT, damit unterwegs<\/strong> in den USA \/ Florida \u2013 Reisebericht auf 10 Seiten <\/li>\n<\/ul>\n<h2>\ud83d\udce6 Versand &amp; Service<\/h2>\n<ul>\n<li>\u2713 Kostenloser Versand in Deutschland, Auslandsversand f\u00fcr eine geringe Pauschale<\/li>\n<li>\u2713 Erfahrung aus \u00fcber 30.000 erfolgreichen Sendungen<\/li>\n<li>\u2713 Ihre Zeitschrift wird sicher und liebevoll verpackt<\/li>\n<\/ul>\n<h2>\ud83c\udf0d Zustand der Zeitschrift<\/h2>\n<p><strong>Gebraucht, weil gelesen, durchgebl\u00e4ttert oder gestapelt \ud83d\ude09<\/strong> dem Alter angemessen gut bis sehr gut erhalten. Alles original. Es k\u00f6nnen Klebespuren von Abo-Adressaufklebern vorhanden sein.<\/p>\n","protected":false},"excerpt":{"rendered":"<p>Kawasaki ZR-7: Testbericht auf 2 Seiten in einem gr\u00f6\u00dferen Vergleichstest . Suzuki SV 650 S: Testbericht auf 2 Seiten in einem gr\u00f6\u00dferen Vergleichstest .<\/p>\n","protected":false},"featured_media":6994,"template":"","meta":{"iawp_total_views":0},"product_brand":[],"product_cat":[29],"product_tag":[2335,2381,2600,7000,136,1992,2292,2294,2306,2309,2326],"class_list":{"0":"post-6995","1":"product","2":"type-product","3":"status-publish","4":"has-post-thumbnail","6":"product_cat-reise-motorrad-ride-on","7":"product_tag-bmw-r-1150-gs","8":"product_tag-excelsior-henderson-super-x","9":"product_tag-harley-davidson-dyna-super-glide-sport","10":"product_tag-ducati-monster-750-city","11":"product_tag-nsu-fox","12":"product_tag-bmw-r-850-r","13":"product_tag-yamaha-xvz-1300-tf-royal-star-venture","14":"product_tag-honda-xl-1000-v-varadero","15":"product_tag-suzuki-sv-650-s","16":"product_tag-bmw-k-1200-lt","17":"product_tag-kawasaki-zr-7","19":"first","20":"instock","21":"shipping-taxable","22":"purchasable","23":"product-type-simple"},"_links":{"self":[{"href":"https:\/\/motorrad-erinnerungen.de\/shop\/wp-json\/wp\/v2\/product\/6995","targetHints":{"allow":["GET"]}}],"collection":[{"href":"https:\/\/motorrad-erinnerungen.de\/shop\/wp-json\/wp\/v2\/product"}],"about":[{"href":"https:\/\/motorrad-erinnerungen.de\/shop\/wp-json\/wp\/v2\/types\/product"}],"wp:featuredmedia":[{"embeddable":true,"href":"https:\/\/motorrad-erinnerungen.de\/shop\/wp-json\/wp\/v2\/media\/6994"}],"wp:attachment":[{"href":"https:\/\/motorrad-erinnerungen.de\/shop\/wp-json\/wp\/v2\/media?parent=6995"}],"wp:term":[{"taxonomy":"product_brand","embeddable":true,"href":"https:\/\/motorrad-erinnerungen.de\/shop\/wp-json\/wp\/v2\/product_brand?post=6995"},{"taxonomy":"product_cat","embeddable":true,"href":"https:\/\/motorrad-erinnerungen.de\/shop\/wp-json\/wp\/v2\/product_cat?post=6995"},{"taxonomy":"product_tag","embeddable":true,"href":"https:\/\/motorrad-erinnerungen.de\/shop\/wp-json\/wp\/v2\/product_tag?post=6995"}],"curies":[{"name":"wp","href":"https:\/\/api.w.org\/{rel}","templated":true}]}}