{"id":7796,"date":"2025-09-16T23:24:22","date_gmt":"2025-09-16T21:24:22","guid":{"rendered":"https:\/\/motorrad-erinnerungen.de\/2026\/produkt\/tourenfahrer-6-2016-triumph-bonneville-t120-mit-59-kw-80-ps-im-test-bmw-r-1200-rt-ab-modell-2005-gebraucht-kaufen\/"},"modified":"2026-04-10T22:57:45","modified_gmt":"2026-04-10T20:57:45","slug":"tourenfahrer-6-2016-triumph-bonneville-t120-mit-59-kw-80-ps-im-test-bmw-r-1200-rt-ab-modell-2005-gebraucht-kaufen","status":"publish","type":"product","link":"https:\/\/motorrad-erinnerungen.de\/shop\/produkt\/tourenfahrer-6-2016-triumph-bonneville-t120-mit-59-kw-80-ps-im-test-bmw-r-1200-rt-ab-modell-2005-gebraucht-kaufen\/","title":{"rendered":"TOURENFAHRER 6\/2016 \u2013 Triumph Bonneville T120 ; Reiseenduro-\u00dcberblick"},"content":{"rendered":"<p>Britischer Retro-Charme trifft auf den gro\u00dfen Reiseenduro-Jahres\u00fcberblick \u2013 das ist der <strong>Tourenfahrer 6\/2016<\/strong>.<\/p>\n<h2>\ud83d\udccc Freuen Sie sich auf interessante Beitr\u00e4ge unter anderem zu:<\/h2>\n<ul>\n<li><strong>Triumph Bonneville T120<\/strong> (80 PS) \u2013 Fahrbericht auf 2 Seiten<\/li>\n<li><strong>Reiseenduro-Markt\u00fcberblick 2016<\/strong> \u2013 Kurz-Checks mit 18 Modellen (u.a. BMW R 1200 GS, Honda Africa Twin, KTM 1290 Super Adventure, Yamaha XT 1200 Z, Ducati Multistrada 1200 Enduro)<\/li>\n<li><strong>BMW R 1200 RT<\/strong> (ab 2005) \u2013 Gebrauchtkauf-Tipps auf 2 Seiten<\/li>\n<li><strong>Can-Am Spyder F3-T<\/strong> \u2013 Dreirad-Vorstellung auf 2 Seiten<\/li>\n<\/ul>\n<h2>\ud83d\udca1 Tipp<\/h2>\n<ul>\n<li>Ein (Reise-) Motorrad-Magazin kann auch eine willkommene \u00dcberraschung f\u00fcr Motorrad-\/Rollerfans sein &#8230; <strong>zum Verschenken von Erinnerungen &#8230; Tr\u00e4umen<\/strong> &#8230;<\/li>\n<\/ul>\n<h2>\ud83d\udce6 Versand &amp; Service<\/h2>\n<ul>\n<li>\u2713 Kostenloser Versand in Deutschland, Auslandsversand f\u00fcr eine geringe Pauschale<\/li>\n<li>\u2713 Erfahrung aus \u00fcber 30.000 erfolgreichen Sendungen<\/li>\n<li>\u2713 Ihre Zeitschrift wird sicher und liebevoll verpackt<\/li>\n<\/ul>\n<h2>\ud83c\udf0d Zustand der Zeitschrift<\/h2>\n<ul>\n<li><strong>Gebraucht, weil gelesen, durchgebl\u00e4ttert oder gestapelt \ud83d\ude09<\/strong><\/li>\n<li>dem Alter angemessen gut bis sehr gut erhalten, alles original<\/li>\n<\/ul>\n","protected":false},"excerpt":{"rendered":"<p>Triumph Bonneville T120 Fahrbericht (2 S.) \u2013 plus gro\u00dfer Reiseenduro-Markt\u00fcberblick mit 18 Kurz-Checks und BMW R 1200 RT Gebrauchtkauf (2 S.).<\/p>\n","protected":false},"featured_media":7795,"template":"","meta":{"iawp_total_views":1},"product_brand":[],"product_cat":[30],"product_tag":[227,2332,2646,2807,4002],"class_list":{"0":"post-7796","1":"product","2":"type-product","3":"status-publish","4":"has-post-thumbnail","6":"product_cat-tourenfahrer","7":"product_tag-triumph-bonneville-t120","8":"product_tag-honda-africa-twin","9":"product_tag-bmw-r-1200-gs","10":"product_tag-bmw-r-1200-rt","11":"product_tag-ktm-1290-super-adventure","13":"first","14":"instock","15":"shipping-taxable","16":"purchasable","17":"product-type-simple"},"_links":{"self":[{"href":"https:\/\/motorrad-erinnerungen.de\/shop\/wp-json\/wp\/v2\/product\/7796","targetHints":{"allow":["GET"]}}],"collection":[{"href":"https:\/\/motorrad-erinnerungen.de\/shop\/wp-json\/wp\/v2\/product"}],"about":[{"href":"https:\/\/motorrad-erinnerungen.de\/shop\/wp-json\/wp\/v2\/types\/product"}],"wp:featuredmedia":[{"embeddable":true,"href":"https:\/\/motorrad-erinnerungen.de\/shop\/wp-json\/wp\/v2\/media\/7795"}],"wp:attachment":[{"href":"https:\/\/motorrad-erinnerungen.de\/shop\/wp-json\/wp\/v2\/media?parent=7796"}],"wp:term":[{"taxonomy":"product_brand","embeddable":true,"href":"https:\/\/motorrad-erinnerungen.de\/shop\/wp-json\/wp\/v2\/product_brand?post=7796"},{"taxonomy":"product_cat","embeddable":true,"href":"https:\/\/motorrad-erinnerungen.de\/shop\/wp-json\/wp\/v2\/product_cat?post=7796"},{"taxonomy":"product_tag","embeddable":true,"href":"https:\/\/motorrad-erinnerungen.de\/shop\/wp-json\/wp\/v2\/product_tag?post=7796"}],"curies":[{"name":"wp","href":"https:\/\/api.w.org\/{rel}","templated":true}]}}