{"id":7878,"date":"2025-09-16T23:24:47","date_gmt":"2025-09-16T21:24:47","guid":{"rendered":"https:\/\/motorrad-erinnerungen.de\/2026\/produkt\/tourenfahrer-8-2020-yamaha-tenere-700-vorschlaege-fuer-zusaetzliche-ausruestung-triumph-street-scrambler-mit-48-kw-65-ps-im-vergleichstest\/"},"modified":"2026-04-16T20:58:17","modified_gmt":"2026-04-16T18:58:17","slug":"tourenfahrer-8-2020-yamaha-tenere-700-vorschlaege-fuer-zusaetzliche-ausruestung-triumph-street-scrambler-mit-48-kw-65-ps-im-vergleichstest","status":"publish","type":"product","link":"https:\/\/motorrad-erinnerungen.de\/shop\/produkt\/tourenfahrer-8-2020-yamaha-tenere-700-vorschlaege-fuer-zusaetzliche-ausruestung-triumph-street-scrambler-mit-48-kw-65-ps-im-vergleichstest\/","title":{"rendered":"TOURENFAHRER 8\/2020 \u2013 Ducati Scrambler 1100 vs. Triumph Street Scrambler"},"content":{"rendered":"<p>Scrambler-Showdown: Ducati 1100 Sport Pro gegen Triumph Street Scrambler \u2013 welcher Typ hat mehr Seele? Dazu Yamaha T\u00e9n\u00e9r\u00e9 700-Zubeh\u00f6rcheck im <strong>Tourenfahrer 8\/2020<\/strong>.<\/p>\n<h2>\ud83d\udccc Freuen Sie sich auf interessante Beitr\u00e4ge unter anderem zu:<\/h2>\n<ul>\n<li><strong>Yamaha Tracer 700<\/strong> \u2013 mit (73 PS) Test &amp; Technik \u2013 Testbericht auf 8 Seiten<\/li>\n<li><strong>Ducati Scrambler 1100 Sport Pro (85 PS) vs. Triumph Street Scrambler (65 PS)<\/strong> \u2013 Testbericht auf 12 Seiten<\/li>\n<li><strong>Yamaha T\u00e9n\u00e9r\u00e9 700, Vorschl\u00e4ge f\u00fcr zus\u00e4tzliche Ausr\u00fcstung<\/strong> \u2013 Tipps f\u00fcr Zubeh\u00f6r auf 13 Seiten<\/li>\n<li><strong>Honda XL 350 R, der perfekte Stoppelhopser<\/strong> \u2013 Erinnerungen auf 4 Seiten<\/li>\n<li><strong>Harley-Davidson Sportster 883, ab Modell 2007, gebraucht kaufen<\/strong> \u2013 Gebrauchtkauf-Ratgeber und Zubeh\u00f6r-Tipps auf 3 Seiten<\/li>\n<\/ul>\n<h2>\ud83d\udca1 Tipp<\/h2>\n<ul>\n<li>Ein (Reise-) Motorrad-Magazin kann auch eine willkommene \u00dcberraschung f\u00fcr Motorrad-\/Rollerfans sein &#8230; <strong>zum Verschenken von Erinnerungen &#8230; Tr\u00e4umen<\/strong> &#8230;<\/li>\n<\/ul>\n<h2>\ud83d\udce6 Versand &amp; Service<\/h2>\n<ul>\n<li>\u2713 Kostenloser Versand in Deutschland, Auslandsversand f\u00fcr eine geringe Pauschale<\/li>\n<li>\u2713 Erfahrung aus \u00fcber 30.000 erfolgreichen Sendungen<\/li>\n<li>\u2713 Ihre Zeitschrift wird sicher und liebevoll verpackt<\/li>\n<\/ul>\n<h2>\ud83c\udf0d Zustand der Zeitschrift<\/h2>\n<ul>\n<li><strong>Gebraucht, weil gelesen, durchgebl\u00e4ttert oder gestapelt \ud83d\ude09<\/strong><\/li>\n<li>dem Alter angemessen gut bis sehr gut erhalten, alles original<\/li>\n<\/ul>\n","protected":false},"excerpt":{"rendered":"<p>Ducati Scrambler 1100 Sport Pro (86 PS) vs. Triumph Street Scrambler (65 PS) \u2013 Stil-Duell auf 10 Seiten. Yamaha Tracer 700 Testbericht und T\u00e9n\u00e9r\u00e9 700 Zubeh\u00f6r-Special<\/p>\n","protected":false},"featured_media":7877,"template":"","meta":{"iawp_total_views":11},"product_brand":[],"product_cat":[30],"product_tag":[1383,1434,7096,7132,7169,7170],"class_list":{"0":"post-7878","1":"product","2":"type-product","3":"status-publish","4":"has-post-thumbnail","6":"product_cat-tourenfahrer","7":"product_tag-honda-xl-350-r","8":"product_tag-harley-davidson-sportster-883","9":"product_tag-yamaha-tracer-700","10":"product_tag-yamaha-tenere-700","11":"product_tag-ducati-scrambler-1100-sport-pro","12":"product_tag-triumph-street-scrambler","14":"first","15":"instock","16":"shipping-taxable","17":"purchasable","18":"product-type-simple"},"_links":{"self":[{"href":"https:\/\/motorrad-erinnerungen.de\/shop\/wp-json\/wp\/v2\/product\/7878","targetHints":{"allow":["GET"]}}],"collection":[{"href":"https:\/\/motorrad-erinnerungen.de\/shop\/wp-json\/wp\/v2\/product"}],"about":[{"href":"https:\/\/motorrad-erinnerungen.de\/shop\/wp-json\/wp\/v2\/types\/product"}],"wp:featuredmedia":[{"embeddable":true,"href":"https:\/\/motorrad-erinnerungen.de\/shop\/wp-json\/wp\/v2\/media\/7877"}],"wp:attachment":[{"href":"https:\/\/motorrad-erinnerungen.de\/shop\/wp-json\/wp\/v2\/media?parent=7878"}],"wp:term":[{"taxonomy":"product_brand","embeddable":true,"href":"https:\/\/motorrad-erinnerungen.de\/shop\/wp-json\/wp\/v2\/product_brand?post=7878"},{"taxonomy":"product_cat","embeddable":true,"href":"https:\/\/motorrad-erinnerungen.de\/shop\/wp-json\/wp\/v2\/product_cat?post=7878"},{"taxonomy":"product_tag","embeddable":true,"href":"https:\/\/motorrad-erinnerungen.de\/shop\/wp-json\/wp\/v2\/product_tag?post=7878"}],"curies":[{"name":"wp","href":"https:\/\/api.w.org\/{rel}","templated":true}]}}