{"id":7990,"date":"2025-09-18T20:41:14","date_gmt":"2025-09-18T18:41:14","guid":{"rendered":"https:\/\/motorrad-erinnerungen.de\/2026\/produkt\/motorrad-19-2015-bmw-s-1000-xr-dauertest-spezial\/"},"modified":"2025-09-18T21:18:51","modified_gmt":"2025-09-18T19:18:51","slug":"motorrad-19-2015-bmw-s-1000-xr-dauertest-spezial","status":"publish","type":"product","link":"https:\/\/motorrad-erinnerungen.de\/shop\/produkt\/motorrad-19-2015-bmw-s-1000-xr-dauertest-spezial\/","title":{"rendered":"MOTORRAD 19\/2015 \u2013 KTM 690 Duke, BMW S 1000 XR, BMW R 1200 GS, Allesk\u00f6nner-Vergleich"},"content":{"rendered":"<p>Die <strong>Motorrad-Zeitschrift \u201eMOTORRAD 19\/2015\u201c<\/strong> vom 04.09.2015 wird hier zum Kauf angeboten.<\/p>\n<p>Im Heft: BMW S 1000 XR und BMW R 1200 GS als Allesk\u00f6nner. Dazu das gro\u00dfe Dauertest-Spezial mit zahlreichen Maschinen im Langstrecken-Check. Au\u00dferdem Vergleichstest starke Cruiser von Moto Guzzi, Triumph und Victory.<\/p>\n<h2>\ud83d\udccc Freuen Sie sich auf folgende Titel-Themen<\/h2>\n<ul>\n<li><strong>BMW S 1000 XR<\/strong> Fahrbericht<\/li>\n<li><strong>BMW R 1200 GS<\/strong> Fahrbericht<\/li>\n<li><strong>KTM 690 Duke<\/strong> Neu \u2013 Einzylinder-Update<\/li>\n<li><strong>Brough Superior Retro-Racer<\/strong> Vorstellung<\/li>\n<li><strong>Moto Guzzi<\/strong> Vergleichstest Cruiser<\/li>\n<li><strong>Triumph<\/strong> Vergleichstest Cruiser<\/li>\n<li><strong>Victory<\/strong> Vergleichstest Cruiser<\/li>\n<li>Motorrad Leben \u2013 Frankreich, Schrauberkurse, Baum der Schande<\/li>\n<\/ul>\n<h2>\ud83d\udd04 Motorr\u00e4der im laufenden Dauertest:<\/h2>\n<ul>\n<li><strong>BMW R 1200 R<\/strong>\u00a0\u2022\u00a0<strong>Ducati Panigale 1199<\/strong>\u00a0\u2022\u00a0<strong>Harley Sportster XL 1200 CA<\/strong><\/li>\n<li><strong>KTM 1290 Super Duke R<\/strong>\u00a0\u2022\u00a0<strong>Triumph Veloce 800<\/strong>\u00a0\u2022\u00a0<strong>Yamaha MT-09<\/strong><\/li>\n<li><strong>Yamaha YZF-R1<\/strong>\u00a0\u2022\u00a0<strong>Indian Chief Vintage<\/strong>\u00a0\u2022\u00a0<strong>Suzuki V-Strom 650<\/strong><\/li>\n<\/ul>\n<h2>\ud83d\udca1 Tipp<\/h2>\n<ul>\n<li>Eine Motorrad-Zeitschrift kann auch eine willkommene \u00dcberraschung f\u00fcr Motorrad-\/Rollerfans sein \u2026 <strong>zum Verschenken von Erinnerungen \u2026 Tr\u00e4umen \u2026<\/strong><\/li>\n<\/ul>\n<h2>\ud83d\udce6 Versand &amp; Service<\/h2>\n<ul>\n<li>\u2713 Kostenloser Versand in Deutschland, Auslandsversand f\u00fcr eine geringe Pauschale<\/li>\n<li>\u2713 Erfahrung aus weit \u00fcber 30.000 erfolgreichen Sendungen<\/li>\n<li>\u2713 Ihre Zeitschrift wird sicher und liebevoll verpackt<\/li>\n<\/ul>\n<h2>\ud83c\udf0d Zustand der Zeitschrift<\/h2>\n<p><strong>Gebraucht, weil gelesen, durchgebl\u00e4ttert oder gestapelt \ud83d\ude09<\/strong> dem Alter angemessen gut bis sehr gut erhalten. Alles original, Klebespuren von abgel\u00f6sten Abo-Versandaufklebern k\u00f6nnen vorhanden sein.<\/p>\n","protected":false},"excerpt":{"rendered":"<p>MOTORRAD 19\/2015 \u2013 originale Motorrad\u2011Zeitschrift mit spannenden Tests und Fahrberichten.<\/p>\n","protected":false},"featured_media":8001,"template":"","meta":{"iawp_total_views":1},"product_brand":[],"product_cat":[23],"product_tag":[4868,2218,6059,2646,6406,2748,7257,2985,7258,3112,7259,3154,3699,3749,3752,3813,76],"class_list":{"0":"post-7990","1":"product","2":"type-product","3":"status-publish","4":"has-post-thumbnail","6":"product_cat-motorrad","7":"product_tag-brough-superior","8":"product_tag-yamaha-yzf-r1","9":"product_tag-mv-agusta-turismo-veloce-800","10":"product_tag-bmw-r-1200-gs","11":"product_tag-moto-guzzi","12":"product_tag-suzuki-v-strom-1000","13":"product_tag-ducati-panigale-1199","14":"product_tag-bmw-r-1200-r","15":"product_tag-harley-sportster-xl-1200-ca","16":"product_tag-ktm-690-duke","17":"product_tag-victory","18":"product_tag-ktm-super-duke-r","19":"product_tag-yamaha-mt-09","20":"product_tag-indian-chief-vintage","21":"product_tag-yamaha-mt-07","22":"product_tag-bmw-s-1000-xr","23":"product_tag-triumph","25":"first","26":"instock","27":"shipping-taxable","28":"purchasable","29":"product-type-simple"},"_links":{"self":[{"href":"https:\/\/motorrad-erinnerungen.de\/shop\/wp-json\/wp\/v2\/product\/7990","targetHints":{"allow":["GET"]}}],"collection":[{"href":"https:\/\/motorrad-erinnerungen.de\/shop\/wp-json\/wp\/v2\/product"}],"about":[{"href":"https:\/\/motorrad-erinnerungen.de\/shop\/wp-json\/wp\/v2\/types\/product"}],"wp:featuredmedia":[{"embeddable":true,"href":"https:\/\/motorrad-erinnerungen.de\/shop\/wp-json\/wp\/v2\/media\/8001"}],"wp:attachment":[{"href":"https:\/\/motorrad-erinnerungen.de\/shop\/wp-json\/wp\/v2\/media?parent=7990"}],"wp:term":[{"taxonomy":"product_brand","embeddable":true,"href":"https:\/\/motorrad-erinnerungen.de\/shop\/wp-json\/wp\/v2\/product_brand?post=7990"},{"taxonomy":"product_cat","embeddable":true,"href":"https:\/\/motorrad-erinnerungen.de\/shop\/wp-json\/wp\/v2\/product_cat?post=7990"},{"taxonomy":"product_tag","embeddable":true,"href":"https:\/\/motorrad-erinnerungen.de\/shop\/wp-json\/wp\/v2\/product_tag?post=7990"}],"curies":[{"name":"wp","href":"https:\/\/api.w.org\/{rel}","templated":true}]}}