{"id":8124,"date":"2025-09-19T23:56:11","date_gmt":"2025-09-19T21:56:11","guid":{"rendered":"https:\/\/motorrad-erinnerungen.de\/2026\/produkt\/motorrad-02-2016-ducati-multistrada-1200-enduro-bmw-r-ninet-triumph-bonneville\/"},"modified":"2026-01-15T21:17:46","modified_gmt":"2026-01-15T20:17:46","slug":"motorrad-02-2016-ducati-multistrada-1200-enduro-bmw-r-ninet-triumph-bonneville","status":"publish","type":"product","link":"https:\/\/motorrad-erinnerungen.de\/shop\/produkt\/motorrad-02-2016-ducati-multistrada-1200-enduro-bmw-r-ninet-triumph-bonneville\/","title":{"rendered":"MOTORRAD 02\/2016 \u2013 Ducati Multistrada 1200 Enduro, BMW R nineT, Triumph Bonneville"},"content":{"rendered":"<p><strong>Die Motorrad\u2011Zeitschrift \u201eMOTORRAD 02\/2016\u201c vom 8.1.2016 wird hier zum Kauf angeboten.<\/strong><\/p>\n<p>KRAFT\u2011MASCHINEN im Fokus: Roadster und Custom\u2011Umbauten rollen gemeinsam an. Im Konkurrenz\u2011Vergleich stellt sich die Ducati Multistrada 1200 Enduro.<\/p>\n<p>\ud83d\udccc <strong>Freuen Sie sich auf folgende Titel-Themen:<\/strong><\/p>\n<ul>\n<li><strong>Ducati Multistrada 1200 Enduro<\/strong> \u2013 im Vergleich mit<\/li>\n<li><strong>Aprilia Caponord 1200 Rally<\/strong>,\u00a0<strong>BMW R 1200 GS Adventure<\/strong>, <strong>Honda CRF 1000 L Africa Twin<\/strong>,<br \/>\n<strong>KTM 1290 Super Adventure<\/strong>,\u00a0<strong>Yamaha XT 1200 ZE Super T\u00e9n\u00e9r\u00e9 Worldcrosser<\/strong><\/li>\n<li><strong>BMW R 9T one<\/strong>\u00a0\u2013 Kraft\u2011Maschinen<\/li>\n<li><strong>Triumph Bonneville<\/strong> <strong>Alu-Racer<\/strong>\u2013 Kraft\u2011Maschinen<\/li>\n<li><strong>Yamaha XJR 1300<\/strong> <strong>Yard Built<\/strong>\u2013 Kraft\u2011Maschinen<\/li>\n<li><strong>Moto Guzzi The Fugitive 1380<\/strong> \u2013 Kraft\u2011Maschinen<\/li>\n<li><strong>Ducati Scrambler Icon<\/strong> \u2013 Marcus Walz \/ Kraft\u2011Maschinen<\/li>\n<\/ul>\n<p>\u2795 <strong>Weitere Tests &amp; Highlights<\/strong><\/p>\n<ul>\n<li style=\"margin-left: 1.25em;\"><strong>Ducati Scrambler Full Throttle vs. Yamaha XSR 700<\/strong>\u00a0\u2013 so verschieden, und doch gleich<\/li>\n<li><strong>Yamaha WR 450 F<\/strong>\u00a0\u2013 die Sport-Enduro mit dem umgedrehten Zylinderkopf, Fahrbericht<\/li>\n<li><strong>ZW-Yamaha XV 950 R<\/strong>\u00a0\u2013 ein Show-Bike mit Niveau, Fahrbericht<\/li>\n<li><strong>Liguria:<\/strong>\u00a0Unterwegs mit der ersten Africa Twin \u2013 Italien-Tour<\/li>\n<li><strong>Gr\u00f6nland<\/strong>\u00a0\u2013 Abenteuer-Reportage mit einer KTM<\/li>\n<li><strong>Vergleichstest: 26 Motorrad-Schl\u00f6sser<\/strong>\u00a0\u2013 Bike richtig sichern<\/li>\n<\/ul>\n<p>\ud83d\udca1 <strong>Tipp<\/strong><\/p>\n<p>Eine Motorrad\u2011Zeitschrift kann auch eine willkommene \u00dcberraschung f\u00fcr Motorrad\u2011\/Rollerfans sein \u2013 <strong>zum Verschenken von Erinnerungen \u2026 Tr\u00e4umen \u2026<\/strong><\/p>\n<p>\ud83d\udce6 <strong>Versand &amp; Service<\/strong><\/p>\n<ul>\n<li>\u2713 Kostenloser Versand in Deutschland, Auslandsversand f\u00fcr eine geringe Pauschale<\/li>\n<li>\u2713 Erfahrung aus weit \u00fcber 30.000 erfolgreichen Sendungen<\/li>\n<li>\u2713 Ihre Zeitschrift wird sicher und liebevoll verpackt<\/li>\n<\/ul>\n<p>\ud83c\udf0d <strong>Zustand der Zeitschrift<\/strong><\/p>\n<p><strong>Gebraucht, weil gelesen, durchgebl\u00e4ttert oder gestapelt \ud83d\ude01<\/strong> dem Alter angemessen gut bis sehr gut erhalten.<br \/>\nAlles original; Klebespuren von abgel\u00f6sten Abo\u2011Versandaufklebern k\u00f6nnen vorhanden sein.<\/p>\n","protected":false},"excerpt":{"rendered":"<p>KRAFT\u2011MASCHINEN: Multistrada 1200 Enduro im Konkurrenz\u2011Vergleich. Dazu R nineT, Bonneville, XJR 1300, Moto Guzzi 1380 und Scrambler Icon.<\/p>\n","protected":false},"featured_media":13571,"template":"","meta":{"iawp_total_views":1},"product_brand":[],"product_cat":[23],"product_tag":[7285,927,7295,2247,7315,2576,7316,2954,7317,3826,4002,4007,4798,6051,6072],"class_list":{"0":"post-8124","1":"product","2":"type-product","3":"status-publish","4":"has-post-thumbnail","6":"product_cat-motorrad","7":"product_tag-honda-crf-1000-l-africa-twin","8":"product_tag-triumph-bonneville","9":"product_tag-moto-guzzi-the-fugitive-1380","10":"product_tag-yamaha-xjr-1300","11":"product_tag-yamaha-xt-1200-ze-super-tenere-worldcrosser","12":"product_tag-yamaha-wr-450-f","13":"product_tag-ducati-scrambler-full-throttle","14":"product_tag-bmw-r-1200-gs-adventure","15":"product_tag-zw-yamaha-xv-950-r","16":"product_tag-bmw-r-ninet","17":"product_tag-ktm-1290-super-adventure","18":"product_tag-ducati-multistrada-1200-enduro","19":"product_tag-ducati-scrambler-icon","20":"product_tag-aprilia-caponord-1200-rally","21":"product_tag-yamaha-xsr-700","23":"first","24":"instock","25":"sold-individually","26":"shipping-taxable","27":"purchasable","28":"product-type-simple"},"_links":{"self":[{"href":"https:\/\/motorrad-erinnerungen.de\/shop\/wp-json\/wp\/v2\/product\/8124","targetHints":{"allow":["GET"]}}],"collection":[{"href":"https:\/\/motorrad-erinnerungen.de\/shop\/wp-json\/wp\/v2\/product"}],"about":[{"href":"https:\/\/motorrad-erinnerungen.de\/shop\/wp-json\/wp\/v2\/types\/product"}],"wp:featuredmedia":[{"embeddable":true,"href":"https:\/\/motorrad-erinnerungen.de\/shop\/wp-json\/wp\/v2\/media\/13571"}],"wp:attachment":[{"href":"https:\/\/motorrad-erinnerungen.de\/shop\/wp-json\/wp\/v2\/media?parent=8124"}],"wp:term":[{"taxonomy":"product_brand","embeddable":true,"href":"https:\/\/motorrad-erinnerungen.de\/shop\/wp-json\/wp\/v2\/product_brand?post=8124"},{"taxonomy":"product_cat","embeddable":true,"href":"https:\/\/motorrad-erinnerungen.de\/shop\/wp-json\/wp\/v2\/product_cat?post=8124"},{"taxonomy":"product_tag","embeddable":true,"href":"https:\/\/motorrad-erinnerungen.de\/shop\/wp-json\/wp\/v2\/product_tag?post=8124"}],"curies":[{"name":"wp","href":"https:\/\/api.w.org\/{rel}","templated":true}]}}