{"id":8139,"date":"2025-09-20T15:21:56","date_gmt":"2025-09-20T13:21:56","guid":{"rendered":"https:\/\/motorrad-erinnerungen.de\/2026\/produkt\/motorrad-10-2016-vergleichstest-sport%e2%80%91tourer-neu-geheim-yamaha-700er\/"},"modified":"2026-03-17T21:50:17","modified_gmt":"2026-03-17T20:50:17","slug":"motorrad-10-2016-vergleichstest-sport%e2%80%91tourer-neu-geheim-yamaha-700er","status":"publish","type":"product","link":"https:\/\/motorrad-erinnerungen.de\/shop\/produkt\/motorrad-10-2016-vergleichstest-sport%e2%80%91tourer-neu-geheim-yamaha-700er\/","title":{"rendered":"MOTORRAD 10\/2016 + Sport-Tourer Vergleichstest + BMW S 1000 XR + Kawasaki Z 1000 SX Tourer + KTM 1290 Super Duke GT + Suzuki GSX-S 1000 F"},"content":{"rendered":"<p><strong>Die Motorrad\u2011Zeitschrift \u201eMOTORRAD 10\/2016\u201c vom 29.4.2016 wird hier zum Kauf angeboten.<\/strong><\/p>\n<p>Vergleichstest der Sport\u2011Tourer mit <strong>BMW S 1000 XR<\/strong>, <strong>Kawasaki Z 1000 SX Tourer<\/strong>, <strong>KTM 1290 Super Duke GT<\/strong> und <strong>Suzuki GSX\u2011S 1000 F<\/strong>. Au\u00dferdem Neuheiten und Tests von Tracer 700 bis SV 650 sowie das Duell R nineT\/Thruxton R.<\/p>\n<p>\ud83d\udccc <strong>Freuen Sie sich auf folgende Titel-Themen:<\/strong><\/p>\n<ul style=\"margin-left: 1.25em; padding-left: 1.25em; list-style-position: outside;\">\n<li><strong>BMW S 1000 XR<\/strong> \u2013 Vergleichstest Sport\u2011Tourer<\/li>\n<li><strong>Kawasaki Z 1000 SX Tourer<\/strong> \u2013 Vergleichstest Sport\u2011Tourer<\/li>\n<li><strong>KTM 1290 Super Duke GT<\/strong> \u2013 Vergleichstest Sport\u2011Tourer<\/li>\n<li><strong>Suzuki GSX\u2011S 1000 F<\/strong> \u2013 Vergleichstest Sport\u2011Tourer<\/li>\n<li><strong>Yamaha XT 700 Z T\u00e9n\u00e9r\u00e9<\/strong> \u2013 Geheim<\/li>\n<li><strong>Yamaha Tracer 700<\/strong> \u2013 Neu<\/li>\n<li><strong>Suzuki SV 650<\/strong> \u2013 Top\u2011Test<\/li>\n<li><strong>BMW R nineT<\/strong> \u2013 Vergleichstest<\/li>\n<li><strong>Triumph Thruxton R<\/strong> \u2013 Vergleichstest<\/li>\n<\/ul>\n<p>\u2795 <strong>Weitere Tests &amp; Highlights<\/strong><\/p>\n<ul style=\"margin-left: 1.25em; padding-left: 1.25em; list-style-position: outside;\">\n<li><strong>Harley-Davidson Low Rider S<\/strong> \u2013 satte 97 PS,\u00a0Fahrbericht<\/li>\n<li><strong>Triumph Tiger 1050 Sport<\/strong> \u2013 der britische Allrounder, Fahrbericht<\/li>\n<li><strong>Kawasaki ZZR 1400 Performance Sport<\/strong> \u2013 Fit f\u00fcr die Zukunft, Fahrbericht<\/li>\n<li><strong>Gebrauchtmarkt:<\/strong>\u00a0Clevere Tipps f\u00fcr Motorrad-K\u00e4ufe als Wertanlage<\/li>\n<\/ul>\n<p>\ud83d\udca1 <strong>Tipp<\/strong><\/p>\n<p>Eine Motorrad\u2011Zeitschrift kann auch eine willkommene \u00dcberraschung f\u00fcr Motorrad\u2011\/Rollerfans sein \u2013 <strong>zum Verschenken von Erinnerungen \u2026 Tr\u00e4umen \u2026<\/strong><\/p>\n<p>\ud83d\udce6 <strong>Versand &amp; Service<\/strong><\/p>\n<ul style=\"margin-left: 1.25em; padding-left: 1.25em; list-style-position: outside;\">\n<li>\u2713 Kostenloser Versand in Deutschland, Auslandsversand f\u00fcr eine geringe Pauschale<\/li>\n<li>\u2713 Erfahrung aus weit \u00fcber 30.000 erfolgreichen Sendungen<\/li>\n<li>\u2713 Ihre Zeitschrift wird sicher und liebevoll verpackt<\/li>\n<\/ul>\n<p>\ud83c\udf0d <strong>Zustand der Zeitschrift<\/strong><\/p>\n<p><strong>Gebraucht, weil gelesen, durchgebl\u00e4ttert oder gestapelt \ud83d\ude01<\/strong> dem Alter angemessen gut bis sehr gut erhalten.<br \/>\nAlles original; Klebespuren von abgel\u00f6sten Abo\u2011Versandaufklebern k\u00f6nnen vorhanden sein.<\/p>\n","protected":false},"excerpt":{"rendered":"<p>Sport\u2011Tourer im Vergleich: S 1000 XR, Z 1000 SX Tourer, 1290 Super Duke GT, GSX\u2011S 1000 F. Plus: Tracer 700 (Neu), XT 700 Z T\u00e9n\u00e9r\u00e9 (Geheim), Top\u2011Test SV 650, R nineT vs. Thruxton R.<\/p>\n","protected":false},"featured_media":13566,"template":"","meta":{"iawp_total_views":1},"product_brand":[],"product_cat":[23],"product_tag":[7096,7328,7329,7343,2305,7344,3456,3688,3813,3826,4834,7091],"class_list":{"0":"post-8139","1":"product","2":"type-product","3":"status-publish","4":"has-post-thumbnail","6":"product_cat-motorrad","7":"product_tag-yamaha-tracer-700","8":"product_tag-suzuki-gsxs-1000-f","9":"product_tag-yamaha-xt-700-z-tenere","10":"product_tag-harley-davidson-low-rider-s","11":"product_tag-suzuki-sv-650","12":"product_tag-kawasaki-zzr-1400-performance-sport","13":"product_tag-kawasaki-z-1000-sx","14":"product_tag-triumph-tiger-1050-sport","15":"product_tag-bmw-s-1000-xr","16":"product_tag-bmw-r-ninet","17":"product_tag-triumph-thruxton-r","18":"product_tag-ktm-1290-super-duke-gt","20":"first","21":"instock","22":"sold-individually","23":"shipping-taxable","24":"purchasable","25":"product-type-simple"},"_links":{"self":[{"href":"https:\/\/motorrad-erinnerungen.de\/shop\/wp-json\/wp\/v2\/product\/8139","targetHints":{"allow":["GET"]}}],"collection":[{"href":"https:\/\/motorrad-erinnerungen.de\/shop\/wp-json\/wp\/v2\/product"}],"about":[{"href":"https:\/\/motorrad-erinnerungen.de\/shop\/wp-json\/wp\/v2\/types\/product"}],"wp:featuredmedia":[{"embeddable":true,"href":"https:\/\/motorrad-erinnerungen.de\/shop\/wp-json\/wp\/v2\/media\/13566"}],"wp:attachment":[{"href":"https:\/\/motorrad-erinnerungen.de\/shop\/wp-json\/wp\/v2\/media?parent=8139"}],"wp:term":[{"taxonomy":"product_brand","embeddable":true,"href":"https:\/\/motorrad-erinnerungen.de\/shop\/wp-json\/wp\/v2\/product_brand?post=8139"},{"taxonomy":"product_cat","embeddable":true,"href":"https:\/\/motorrad-erinnerungen.de\/shop\/wp-json\/wp\/v2\/product_cat?post=8139"},{"taxonomy":"product_tag","embeddable":true,"href":"https:\/\/motorrad-erinnerungen.de\/shop\/wp-json\/wp\/v2\/product_tag?post=8139"}],"curies":[{"name":"wp","href":"https:\/\/api.w.org\/{rel}","templated":true}]}}