{"id":9023,"date":"2025-09-30T10:47:29","date_gmt":"2025-09-30T08:47:29","guid":{"rendered":"https:\/\/motorrad-erinnerungen.de\/2026\/produkt\/motorrad-16-2019-alpen-masters-finale-yamaha-yzf-r1-triumph-rocket-3\/"},"modified":"2026-01-15T20:31:34","modified_gmt":"2026-01-15T19:31:34","slug":"motorrad-16-2019-alpen-masters-finale-yamaha-yzf-r1-triumph-rocket-3","status":"publish","type":"product","link":"https:\/\/motorrad-erinnerungen.de\/shop\/produkt\/motorrad-16-2019-alpen-masters-finale-yamaha-yzf-r1-triumph-rocket-3\/","title":{"rendered":"MOTORRAD 16\/2019 \u2013 Alpen-Masters Finale, Yamaha YZF-R1, Triumph Rocket 3"},"content":{"rendered":"<p>Die Zeitschrift <strong>MOTORRAD 16\/2019<\/strong> vom 19.7.2019 wird hier zum Kauf angeboten.<\/p>\n<h3>\ud83d\udccc Die Titelthemen in :<\/h3>\n<ul>\n<li><strong>Yamaha YZF-R1<\/strong> \u2013 Exklusiv<\/li>\n<li><strong>Triumph Rocket 3<\/strong> \u2013 erwischt<\/li>\n<li><strong>Indian FTR 1200 S<\/strong> &#8211; wirklich gut? TOP-Test<\/li>\n<\/ul>\n<h2>\ud83d\udccc<strong style=\"font-size: 16px;\">Alpen-Masters 2019<\/strong><span style=\"font-size: 16px;\"> \u2013 20 Motorr\u00e4der im Vergleich, Teil 2:<\/span><\/h2>\n<ul>\n<li>Mid Nakeds:<strong> Aprilia Shiver 900 vs. Honda CB 650 R vs. Kawasaki Z 900 (A2) vs. Triumph Street Triple S 660 (A2)<\/strong><\/li>\n<li>Scrambler: <strong>BMW R nineT Scrambler vs. Ducati Scrambler 1100 Special vs. Moto Guzzi V85 TT vs. Triumph Scrambler 1200 XC<\/strong><\/li>\n<li>Adventure XL: <strong>BMW R 1250 GS <\/strong><strong>HP vs. Ducati Multistrada 1260 Enduro vs. KTM 1290 Super Adventure S vs. Yamaha XT 1200 ZE Super T\u00e9n\u00e9r\u00e9\u00a0<\/strong><\/li>\n<\/ul>\n<h3>\u2795 Weitere Tests &amp; Highlights<\/h3>\n<ul>\n<li><strong>BMW R 1250 RS vs. Kawasaki Z 1000 SX<\/strong> &#8211; Sporttourer im Vergleich<\/li>\n<li><strong>Piaggio MP3 300 hpe &#8211; <\/strong>der Roller im Test kompakt<\/li>\n<\/ul>\n<h3>\ud83d\udca1 Tipp<\/h3>\n<ul>\n<li>Eine Motorrad-Zeitschrift kann auch eine willkommene \u00dcberraschung f\u00fcr Motorrad-\/Rollerfans sein<\/li>\n<li>\u2026 zum Verschenken von Erinnerungen \u2026 Tr\u00e4umen \u2026<\/li>\n<\/ul>\n<h3>\ud83d\udce6 Versand &amp; Service<\/h3>\n<ul>\n<li>Kostenloser Versand in Deutschland, Auslandsversand f\u00fcr eine geringe Pauschale<\/li>\n<li>Erfahrung aus weit \u00fcber 30.000 erfolgreichen Sendungen<\/li>\n<li>Ihre Zeitschrift wird sicher und liebevoll verpackt<\/li>\n<\/ul>\n<h3>\ud83c\udf0d Zustand der Zeitschrift<\/h3>\n<ul>\n<li>Gebraucht, weil gelesen, durchgebl\u00e4ttert oder gestapelt \ud83d\ude09 dem Alter angemessen gut bis sehr gut erhalten<\/li>\n<li>Alles original<\/li>\n<li>Es k\u00f6nnen Klebespuren von Abo-Adressaufklebern vorhanden sein<\/li>\n<\/ul>\n","protected":false},"excerpt":{"rendered":"<p>Alpen-Masters Finale mit BMW R 1250 GS HP, Ducati Multistrada 1260 Enduro, KTM 1290 Super Adventure S und Yamaha XT 1200 ZE. Exklusiv neue Yamaha YZF-R1.<\/p>\n","protected":false},"featured_media":13493,"template":"","meta":{"iawp_total_views":0},"product_brand":[],"product_cat":[23],"product_tag":[7153,8139,7154,8140,7157,7159,7220,2218,7569,3456,8092,3755,8093,6070,8094,7098,8136,7140,8138],"class_list":{"0":"post-9023","1":"product","2":"type-product","3":"status-publish","4":"has-post-thumbnail","6":"product_cat-motorrad","7":"product_tag-indian-ftr-1200-s","8":"product_tag-triumph-street-triple-s-660-a2","9":"product_tag-ducati-multistrada-1260-enduro","10":"product_tag-piaggio-mp3-300-hpe","11":"product_tag-moto-guzzi-v85-tt","12":"product_tag-bmw-r-1250-rs","13":"product_tag-aprilia-shiver-900","14":"product_tag-yamaha-yzf-r1","15":"product_tag-ducati-scrambler-1100-special","16":"product_tag-kawasaki-z-1000-sx","17":"product_tag-triumph-rocket-3","18":"product_tag-yamaha-xt-1200-ze-super-tenere","19":"product_tag-bmw-r-1250-gs-hp","20":"product_tag-bmw-r-ninet-scrambler","21":"product_tag-honda-cb-650-r","22":"product_tag-ktm-1290-super-adventure-s","23":"product_tag-alpen-masters-2019","24":"product_tag-triumph-scrambler-1200-xc","25":"product_tag-kawasaki-z-900-a2","27":"first","28":"instock","29":"shipping-taxable","30":"purchasable","31":"product-type-simple"},"_links":{"self":[{"href":"https:\/\/motorrad-erinnerungen.de\/shop\/wp-json\/wp\/v2\/product\/9023","targetHints":{"allow":["GET"]}}],"collection":[{"href":"https:\/\/motorrad-erinnerungen.de\/shop\/wp-json\/wp\/v2\/product"}],"about":[{"href":"https:\/\/motorrad-erinnerungen.de\/shop\/wp-json\/wp\/v2\/types\/product"}],"wp:featuredmedia":[{"embeddable":true,"href":"https:\/\/motorrad-erinnerungen.de\/shop\/wp-json\/wp\/v2\/media\/13493"}],"wp:attachment":[{"href":"https:\/\/motorrad-erinnerungen.de\/shop\/wp-json\/wp\/v2\/media?parent=9023"}],"wp:term":[{"taxonomy":"product_brand","embeddable":true,"href":"https:\/\/motorrad-erinnerungen.de\/shop\/wp-json\/wp\/v2\/product_brand?post=9023"},{"taxonomy":"product_cat","embeddable":true,"href":"https:\/\/motorrad-erinnerungen.de\/shop\/wp-json\/wp\/v2\/product_cat?post=9023"},{"taxonomy":"product_tag","embeddable":true,"href":"https:\/\/motorrad-erinnerungen.de\/shop\/wp-json\/wp\/v2\/product_tag?post=9023"}],"curies":[{"name":"wp","href":"https:\/\/api.w.org\/{rel}","templated":true}]}}