{"id":9237,"date":"2025-10-09T20:34:56","date_gmt":"2025-10-09T18:34:56","guid":{"rendered":"https:\/\/motorrad-erinnerungen.de\/2026\/produkt\/motorrad-14-2020-tourensportler-vergleich-bmw-s-1000-xr-ducati-ktm\/"},"modified":"2025-10-09T20:44:58","modified_gmt":"2025-10-09T18:44:58","slug":"motorrad-14-2020-tourensportler-vergleich-bmw-s-1000-xr-ducati-ktm","status":"publish","type":"product","link":"https:\/\/motorrad-erinnerungen.de\/shop\/produkt\/motorrad-14-2020-tourensportler-vergleich-bmw-s-1000-xr-ducati-ktm\/","title":{"rendered":"MOTORRAD 14\/2020 \u2013 Tourensportler-Vergleich, BMW S 1000 XR, Ducati, KTM"},"content":{"rendered":"<p>Die Zeitschrift <strong>MOTORRAD 14\/2020<\/strong> vom 19.6.2020 wird hier zum Kauf angeboten.<\/p>\n<h2>\ud83d\udccc Die Titelthemen in :<\/h2>\n<ul>\n<li><strong>BMW S 1000 XR<\/strong>, <strong>Ducati Multistrada 1260 S GT<\/strong>, <strong>KTM 1290 Super Duke GT<\/strong>: Vergleichstest Tourensportler<\/li>\n<li><strong>KTM 390 Adventure<\/strong>: Top-Test<\/li>\n<li><strong>Yamaha RSD Vmax Caf\u00e9 Racer<\/strong>: Design-St\u00fcck<\/li>\n<\/ul>\n<h2>\u2795 Weitere Tests &amp; Highlights<\/h2>\n<ul>\n<li><b>Besuch beim BMW-WSBK-Team &#8211;\u00a0<\/b><\/li>\n<li>Vergleichstest Onlineshops \u2013 Top oder Flop?<\/li>\n<\/ul>\n<h2>\ud83d\udca1 Tipp<\/h2>\n<ul>\n<li>Eine Motorrad-Zeitschrift kann auch eine willkommene \u00dcberraschung f\u00fcr Motorrad-\/Rollerfans sein<\/li>\n<li>\u2026 zum Verschenken von Erinnerungen \u2026 Tr\u00e4umen \u2026<\/li>\n<\/ul>\n<h2>\ud83d\udce6 Versand &amp; Service<\/h2>\n<ul>\n<li>Kostenloser Versand in Deutschland, Auslandsversand f\u00fcr eine geringe Pauschale<\/li>\n<li>Erfahrung aus weit \u00fcber 30.000 erfolgreichen Sendungen<\/li>\n<li>Ihre Zeitschrift wird sicher und liebevoll verpackt<\/li>\n<\/ul>\n<h2>\ud83c\udf0d Zustand der Zeitschrift<\/h2>\n<ul>\n<li>Gebraucht, weil gelesen, durchgebl\u00e4ttert oder gestapelt \ud83d\ude09 dem Alter angemessen gut bis sehr gut erhalten<\/li>\n<li>Alles original<\/li>\n<li>Es k\u00f6nnen Klebespuren von Abo-Adressaufklebern vorhanden sein<\/li>\n<\/ul>\n","protected":false},"excerpt":{"rendered":"<p>Die gro\u00dfe B\u00fchne f\u00fcr Tourensportler: Vergleichstest BMW, Ducati, KTM \u2013 dazu Top-Test KTM 390 Adventure, Superbike Aerodynamik und Design-Ikonen wie Yamaha Vmax Caf\u00e9 Racer.<\/p>\n","protected":false},"featured_media":9244,"template":"","meta":{"iawp_total_views":1},"product_brand":[],"product_cat":[23],"product_tag":[8459,8460,3813,7091,7174],"class_list":{"0":"post-9237","1":"product","2":"type-product","3":"status-publish","4":"has-post-thumbnail","6":"product_cat-motorrad","7":"product_tag-ducati-multistrada-1260-s-gt","8":"product_tag-yamaha-rsd-vmax-cafe-racer","9":"product_tag-bmw-s-1000-xr","10":"product_tag-ktm-1290-super-duke-gt","11":"product_tag-ktm-390-adventure","13":"first","14":"instock","15":"sold-individually","16":"shipping-taxable","17":"purchasable","18":"product-type-simple"},"_links":{"self":[{"href":"https:\/\/motorrad-erinnerungen.de\/shop\/wp-json\/wp\/v2\/product\/9237","targetHints":{"allow":["GET"]}}],"collection":[{"href":"https:\/\/motorrad-erinnerungen.de\/shop\/wp-json\/wp\/v2\/product"}],"about":[{"href":"https:\/\/motorrad-erinnerungen.de\/shop\/wp-json\/wp\/v2\/types\/product"}],"wp:featuredmedia":[{"embeddable":true,"href":"https:\/\/motorrad-erinnerungen.de\/shop\/wp-json\/wp\/v2\/media\/9244"}],"wp:attachment":[{"href":"https:\/\/motorrad-erinnerungen.de\/shop\/wp-json\/wp\/v2\/media?parent=9237"}],"wp:term":[{"taxonomy":"product_brand","embeddable":true,"href":"https:\/\/motorrad-erinnerungen.de\/shop\/wp-json\/wp\/v2\/product_brand?post=9237"},{"taxonomy":"product_cat","embeddable":true,"href":"https:\/\/motorrad-erinnerungen.de\/shop\/wp-json\/wp\/v2\/product_cat?post=9237"},{"taxonomy":"product_tag","embeddable":true,"href":"https:\/\/motorrad-erinnerungen.de\/shop\/wp-json\/wp\/v2\/product_tag?post=9237"}],"curies":[{"name":"wp","href":"https:\/\/api.w.org\/{rel}","templated":true}]}}