{"id":9742,"date":"2025-10-19T14:03:29","date_gmt":"2025-10-19T12:03:29","guid":{"rendered":"https:\/\/motorrad-erinnerungen.de\/2026\/produkt\/motorrad-25-2023-faszination-sporttourer-messe-neuheiten\/"},"modified":"2025-10-19T22:11:43","modified_gmt":"2025-10-19T20:11:43","slug":"motorrad-25-2023-faszination-sporttourer-messe-neuheiten","status":"publish","type":"product","link":"https:\/\/motorrad-erinnerungen.de\/shop\/produkt\/motorrad-25-2023-faszination-sporttourer-messe-neuheiten\/","title":{"rendered":"MOTORRAD 25\/2023 \u2013 BMW R 1250 RS im Vergleich, Ducati Multistrada V4 S im Dauertest"},"content":{"rendered":"<p>Angeboten zum Kauf wird die Zeitschrift <strong>MOTORRAD 25\/2023<\/strong> vom 24.11.2023.<\/p>\n<h2>\ud83d\udccc <strong>Titelthemen<\/strong><\/h2>\n<ul>\n<li><strong>BMW R 1250 RS, Triumph Sprint ST 1050, Honda VFR 750 F, Kawasaki Ninja 1000 SX, Ducati SuperSport 950 S<\/strong>: Vergleichstest Sporttourer, drei aktuelle vs. zwei beliebte Gebrauchtmodelle<\/li>\n<li><strong>Honda CBR 650 R, Moto Guzzi V100 Mandello, Suzuki GSX-S 1000 GT<\/strong>: drei aktuelle Sporttourer f\u00fcr Schn\u00e4ppchenj\u00e4ger<\/li>\n<li><strong>BMW K 1200 R, Ducati ST 4, Triumph Sprint RS 955 i, Yamaha FZS 1000 Fazer<\/strong>: Sporttourer-Gebrauchttipps<\/li>\n<li><strong>Ducati Multistrada V4 S<\/strong>: Dauertest-Zwischenbilanz plus Zubeh\u00f6r-Tipps<\/li>\n<li><strong>Honda CB 1000 Hornet, Moto Morini Corsaro 750, Yamaha MT-09, MV Agusta LXP Orioli, Kawasaki Ninja 500<\/strong>: Messe-Neuheiten<\/li>\n<li><strong>BMW R 12, R 12 nineT<\/strong>: Vorstellung<\/li>\n<li><\/li>\n<\/ul>\n<h2>\u2795 <strong>Weitere Tests &amp; Highlights<\/strong><\/h2>\n<ul>\n<li><strong>Royal Enfield Himalayan 450<\/strong>: Fahrbericht<\/li>\n<li>Zubeh\u00f6r &amp; Bekleidung f\u00fcr 2024<\/li>\n<\/ul>\n<h2>\ud83d\udce6 <strong>Versand &amp; Service<\/strong><\/h2>\n<ul>\n<li>Kostenloser Versand in Deutschland, Auslandsversand f\u00fcr eine geringe Pauschale<\/li>\n<li>Langj\u00e4hrige Versand-Erfahrung mit \u00fcber 17.000 erfolgreichen Sendungen<\/li>\n<li>Ihre Zeitschrift wird sicher und liebevoll verpackt<\/li>\n<\/ul>\n<h2>\ud83c\udf0d <strong>Zustand der Zeitschrift<\/strong><\/h2>\n<ul>\n<li>Gebraucht, weil gelesen, durchgebl\u00e4ttert, gestapelt \ud83d\ude09<\/li>\n<li>Alles original, Klebespuren von Abo-Adressaufklebern sind m\u00f6glich<\/li>\n<\/ul>\n","protected":false},"excerpt":{"rendered":"<p>Gro\u00dfer Testvergleich: BMW R 1250 RS, Triumph Sprint ST 1050, Honda VFR 750 F, Kawasaki Ninja 1000 SX, Ducati SuperSport 950 S. Dauertestbilanz Ducati Multistrada V4 S, neue CB 1000 Hornet, Yamaha MT-09, Moto Morini Corsaro 750, Kawasaki Ninja 500, MV Agusta LXP Orioli. Messe-Report &amp; Zubeh\u00f6r f\u00fcr 2024.<\/p>\n","protected":false},"featured_media":9748,"template":"","meta":{"iawp_total_views":1},"product_brand":[],"product_cat":[23],"product_tag":[9012,7159,9015,7168,9030,7192,9031,7973,9035,1440,8489,9036,2437,8667,9037,2798,8671,2823,9009,3699,9010,5329,9011,6156],"class_list":{"0":"post-9742","1":"product","2":"type-product","3":"status-publish","4":"has-post-thumbnail","6":"product_cat-motorrad","7":"product_tag-kawasaki-ninja-500","8":"product_tag-bmw-r-1250-rs","9":"product_tag-leserwahl","10":"product_tag-kawasaki-ninja-1000-sx","11":"product_tag-messe-report","12":"product_tag-ducati-multistrada-v4-s","13":"product_tag-zubehoer-tipps","14":"product_tag-honda-cbr-650-r","15":"product_tag-triumph-sprint-rs-955-i","16":"product_tag-honda-vfr-750-f","17":"product_tag-ducati-supersport-950-s","18":"product_tag-royal-enfield-himalayan-450","19":"product_tag-yamaha-fzs-1000-fazer","20":"product_tag-moto-guzzi-v100-mandello","21":"product_tag-r-12-ninet","22":"product_tag-bmw-k-1200-r","23":"product_tag-suzuki-gsx-s-1000-gt","24":"product_tag-triumph-sprint-st-1050","25":"product_tag-honda-cb-1000-hornet","26":"product_tag-yamaha-mt-09","27":"product_tag-moto-morini-corsaro-750","28":"product_tag-ducati-st-4","29":"product_tag-mv-agusta-lxp-orioli","30":"product_tag-bmw-r-12","32":"first","33":"instock","34":"shipping-taxable","35":"purchasable","36":"product-type-simple"},"_links":{"self":[{"href":"https:\/\/motorrad-erinnerungen.de\/shop\/wp-json\/wp\/v2\/product\/9742","targetHints":{"allow":["GET"]}}],"collection":[{"href":"https:\/\/motorrad-erinnerungen.de\/shop\/wp-json\/wp\/v2\/product"}],"about":[{"href":"https:\/\/motorrad-erinnerungen.de\/shop\/wp-json\/wp\/v2\/types\/product"}],"wp:featuredmedia":[{"embeddable":true,"href":"https:\/\/motorrad-erinnerungen.de\/shop\/wp-json\/wp\/v2\/media\/9748"}],"wp:attachment":[{"href":"https:\/\/motorrad-erinnerungen.de\/shop\/wp-json\/wp\/v2\/media?parent=9742"}],"wp:term":[{"taxonomy":"product_brand","embeddable":true,"href":"https:\/\/motorrad-erinnerungen.de\/shop\/wp-json\/wp\/v2\/product_brand?post=9742"},{"taxonomy":"product_cat","embeddable":true,"href":"https:\/\/motorrad-erinnerungen.de\/shop\/wp-json\/wp\/v2\/product_cat?post=9742"},{"taxonomy":"product_tag","embeddable":true,"href":"https:\/\/motorrad-erinnerungen.de\/shop\/wp-json\/wp\/v2\/product_tag?post=9742"}],"curies":[{"name":"wp","href":"https:\/\/api.w.org\/{rel}","templated":true}]}}