{"id":9758,"date":"2025-10-21T11:34:34","date_gmt":"2025-10-21T09:34:34","guid":{"rendered":"https:\/\/motorrad-erinnerungen.de\/2026\/produkt\/motorrad-01-2024-bmw-gs-doppeltest-desertx-tiger-900-zubehoer\/"},"modified":"2025-10-21T11:43:21","modified_gmt":"2025-10-21T09:43:21","slug":"motorrad-01-2024-bmw-gs-doppeltest-desertx-tiger-900-zubehoer","status":"publish","type":"product","link":"https:\/\/motorrad-erinnerungen.de\/shop\/produkt\/motorrad-01-2024-bmw-gs-doppeltest-desertx-tiger-900-zubehoer\/","title":{"rendered":"MOTORRAD 01\/2024 \u2013 BMW R 1300 \/ R 1250 GS Doppeltest, Ducati DesertX"},"content":{"rendered":"<p>Angeboten zum Kauf wird die Zeitschrift <strong>MOTORRAD 01\/2024<\/strong> vom 22.12.2023.<\/p>\n<h2>\ud83d\udccc <strong>Titelthemen<\/strong><\/h2>\n<ul>\n<li><strong>BMW R 1300 GS vs. BMW R 1250 GS<\/strong>: Doppel-Top-Test<\/li>\n<li><strong>Ducati DesertX<\/strong>: 30 Jahre sp\u00e4ter im Vergleich mit Cagiva Elefant 900 i.e. GT<\/li>\n<li><strong>Triumph Tiger 900 Rally Pro &amp; GT Pro<\/strong>: Fahrbericht<\/li>\n<li><strong>Yamaha T\u00e9n\u00e9r\u00e9 700:\u00a0<\/strong> ab Modelljahr 2019 gebraucht kaufen<\/li>\n<\/ul>\n<h2>\u2795 <strong>Weitere Tests &amp; Highlights<\/strong><\/h2>\n<ul>\n<li><strong>Kawasaki ZX-4RR vs. Yamaha R7<\/strong>: Das Duell der Leichtathleten<\/li>\n<li><strong>Royal Enfield Bullet 350<\/strong>: Fahrbericht<\/li>\n<li><strong>Beta RR Motard 125 T<\/strong>: leicht und flott, Test<\/li>\n<li>Produkttest: Das beste Zubeh\u00f6r aus 2023<\/li>\n<\/ul>\n<h2>\ud83d\udce6 <strong>Versand &amp; Service<\/strong><\/h2>\n<ul>\n<li>Kostenloser Versand in Deutschland, Auslandsversand f\u00fcr eine geringe Pauschale<\/li>\n<li>Langj\u00e4hrige Versand-Erfahrung mit \u00fcber 17.000 erfolgreichen Sendungen<\/li>\n<li>Ihre Zeitschrift wird sicher und liebevoll verpackt<\/li>\n<\/ul>\n<h2>\ud83c\udf0d <strong>Zustand der Zeitschrift<\/strong><\/h2>\n<ul>\n<li>Gebraucht, weil gelesen, durchgebl\u00e4ttert, gestapelt \ud83d\ude09<\/li>\n<li>Alles original, Klebespuren von Abo-Adressaufklebern sind m\u00f6glich<\/li>\n<\/ul>\n","protected":false},"excerpt":{"rendered":"<p>Doppeltest der Super-GS: BMW R 1300 GS gegen BMW R 1250 GS! Fahrberichte Ducati DesertX, Cagiva Elefant 900 und Triumph Tiger 900 Rally &amp; GT. Zubeh\u00f6r- und Produkthighlights: Die Testsieger 2023.<\/p>\n","protected":false},"featured_media":9762,"template":"","meta":{"iawp_total_views":3},"product_brand":[],"product_cat":[23],"product_tag":[9050,2215,7131,7132,8436,8614,8697,8998,9042,9043,9049,619],"class_list":{"0":"post-9758","1":"product","2":"type-product","3":"status-publish","4":"has-post-thumbnail","6":"product_cat-motorrad","7":"product_tag-beta-rr-motard-125-t","8":"product_tag-cagiva-elefant-900","9":"product_tag-bmw-r-1250-gs","10":"product_tag-yamaha-tenere-700","11":"product_tag-bmw-r-1300-gs","12":"product_tag-yamaha-r7","13":"product_tag-ducati-desertx","14":"product_tag-kawasaki-zx-4rr","15":"product_tag-produkttest-zubehoer","16":"product_tag-gewinnspiel","17":"product_tag-triumph-tiger-900-rally-pro-gt-pro","18":"product_tag-royal-enfield-bullet-350","20":"first","21":"instock","22":"shipping-taxable","23":"purchasable","24":"product-type-simple"},"_links":{"self":[{"href":"https:\/\/motorrad-erinnerungen.de\/shop\/wp-json\/wp\/v2\/product\/9758","targetHints":{"allow":["GET"]}}],"collection":[{"href":"https:\/\/motorrad-erinnerungen.de\/shop\/wp-json\/wp\/v2\/product"}],"about":[{"href":"https:\/\/motorrad-erinnerungen.de\/shop\/wp-json\/wp\/v2\/types\/product"}],"wp:featuredmedia":[{"embeddable":true,"href":"https:\/\/motorrad-erinnerungen.de\/shop\/wp-json\/wp\/v2\/media\/9762"}],"wp:attachment":[{"href":"https:\/\/motorrad-erinnerungen.de\/shop\/wp-json\/wp\/v2\/media?parent=9758"}],"wp:term":[{"taxonomy":"product_brand","embeddable":true,"href":"https:\/\/motorrad-erinnerungen.de\/shop\/wp-json\/wp\/v2\/product_brand?post=9758"},{"taxonomy":"product_cat","embeddable":true,"href":"https:\/\/motorrad-erinnerungen.de\/shop\/wp-json\/wp\/v2\/product_cat?post=9758"},{"taxonomy":"product_tag","embeddable":true,"href":"https:\/\/motorrad-erinnerungen.de\/shop\/wp-json\/wp\/v2\/product_tag?post=9758"}],"curies":[{"name":"wp","href":"https:\/\/api.w.org\/{rel}","templated":true}]}}