{"id":9771,"date":"2025-10-21T12:06:22","date_gmt":"2025-10-21T10:06:22","guid":{"rendered":"https:\/\/motorrad-erinnerungen.de\/2026\/produkt\/motorrad-07-2024-bmw-m-1000-xr-test-sportreifen-duke-mt-09\/"},"modified":"2025-10-21T16:00:35","modified_gmt":"2025-10-21T14:00:35","slug":"motorrad-07-2024-bmw-m-1000-xr-test-sportreifen-duke-mt-09","status":"publish","type":"product","link":"https:\/\/motorrad-erinnerungen.de\/shop\/produkt\/motorrad-07-2024-bmw-m-1000-xr-test-sportreifen-duke-mt-09\/","title":{"rendered":"MOTORRAD 07\/2024 \u2013 BMW M 1000 XR, Triumph Tiger 900 GT alt\/neu"},"content":{"rendered":"<p>Angeboten zum Kauf wird die Zeitschrift <strong>MOTORRAD 07\/2024<\/strong> vom 15.03.2024.<\/p>\n<h2>\ud83d\udccc <strong>Titelthemen<\/strong><\/h2>\n<ul>\n<li><strong>BMW M 1000 XR<\/strong>: Erster Test<\/li>\n<li><strong>KTM 390 Duke<\/strong>: Fahrbericht<\/li>\n<li><strong>Yamaha MT-09<\/strong>: Fahrbericht<\/li>\n<li><strong>Ducati Hypermotard 698 Mono<\/strong>: Top-Test<\/li>\n<li><strong>Triumph Tiger 900 GT<\/strong>: Vergleich alt gegen neu<\/li>\n<li><strong>Japanische Chopper\/Cruiser<\/strong>: Gebrauchtkauftipp ab 2500\u202f\u20ac<\/li>\n<\/ul>\n<h2>\u2795 <strong>Weitere Tests &amp; Highlights<\/strong><\/h2>\n<ul>\n<li><strong>Husqvarna Svartpilen und Vitpilen 401<\/strong>: Fahrbericht<\/li>\n<li><strong>Honda CB 750 Hornet A2<\/strong>: Fahrbericht<\/li>\n<li><strong>Reifentest 2024, Teil 2: Sportreifen,<\/strong>\u00a0Stra\u00dfenzugelassen<\/li>\n<li>Interview: BMW-Chef Markus Flasch<\/li>\n<li>Motorrad-Camping Reise-Spezial<\/li>\n<\/ul>\n<h2>\ud83d\udce6 <strong>Versand &amp; Service<\/strong><\/h2>\n<ul>\n<li>Kostenloser Versand in Deutschland, Auslandsversand f\u00fcr eine geringe Pauschale<\/li>\n<li>Langj\u00e4hrige Versand-Erfahrung mit \u00fcber 17.000 erfolgreichen Sendungen<\/li>\n<li>Ihre Zeitschrift wird sicher und liebevoll verpackt<\/li>\n<\/ul>\n<h2>\ud83c\udf0d <strong>Zustand der Zeitschrift<\/strong><\/h2>\n<ul>\n<li>Gebraucht, weil gelesen, durchgebl\u00e4ttert, gestapelt \ud83d\ude09<\/li>\n<li>Alles original, Klebespuren von Abo-Adressaufklebern sind m\u00f6glich<\/li>\n<\/ul>\n","protected":false},"excerpt":{"rendered":"<p>Erster Test BMW M 1000 XR \u2013 der \u00dcberflieger in seiner Klasse! Dazu Sportreifen-Test f\u00fcr die Stra\u00dfe, Fahrbericht KTM 390 Duke und Yamaha MT-09, Top-Test Ducati Hypermotard 698 Mono, Vergleich Triumph Tiger 900 GT alt gegen neu sowie gro\u00dfer Gebrauchtkauftipp f\u00fcr japanische Chopper\/Cruiser ab 2500\u202fEuro.<\/p>\n","protected":false},"featured_media":9779,"template":"","meta":{"iawp_total_views":1},"product_brand":[],"product_cat":[23],"product_tag":[9071,9072,9073,9074,9078,9079,3669,3699,8175,8908,9000],"class_list":{"0":"post-9771","1":"product","2":"type-product","3":"status-publish","4":"has-post-thumbnail","6":"product_cat-motorrad","7":"product_tag-sportreifen-test","8":"product_tag-japan-chopper-cruiser","9":"product_tag-markus-flasch-interview","10":"product_tag-motorrad-camping","11":"product_tag-husqvarna-svartpilen-und-vitpilen-401","12":"product_tag-honda-cb-750-hornet-a2","13":"product_tag-ktm-390-duke","14":"product_tag-yamaha-mt-09","15":"product_tag-triumph-tiger-900-gt","16":"product_tag-bmw-m-1000-xr","17":"product_tag-ducati-hypermotard-698-mono","19":"first","20":"instock","21":"shipping-taxable","22":"purchasable","23":"product-type-simple"},"_links":{"self":[{"href":"https:\/\/motorrad-erinnerungen.de\/shop\/wp-json\/wp\/v2\/product\/9771","targetHints":{"allow":["GET"]}}],"collection":[{"href":"https:\/\/motorrad-erinnerungen.de\/shop\/wp-json\/wp\/v2\/product"}],"about":[{"href":"https:\/\/motorrad-erinnerungen.de\/shop\/wp-json\/wp\/v2\/types\/product"}],"wp:featuredmedia":[{"embeddable":true,"href":"https:\/\/motorrad-erinnerungen.de\/shop\/wp-json\/wp\/v2\/media\/9779"}],"wp:attachment":[{"href":"https:\/\/motorrad-erinnerungen.de\/shop\/wp-json\/wp\/v2\/media?parent=9771"}],"wp:term":[{"taxonomy":"product_brand","embeddable":true,"href":"https:\/\/motorrad-erinnerungen.de\/shop\/wp-json\/wp\/v2\/product_brand?post=9771"},{"taxonomy":"product_cat","embeddable":true,"href":"https:\/\/motorrad-erinnerungen.de\/shop\/wp-json\/wp\/v2\/product_cat?post=9771"},{"taxonomy":"product_tag","embeddable":true,"href":"https:\/\/motorrad-erinnerungen.de\/shop\/wp-json\/wp\/v2\/product_tag?post=9771"}],"curies":[{"name":"wp","href":"https:\/\/api.w.org\/{rel}","templated":true}]}}