{"id":9785,"date":"2025-10-21T16:07:51","date_gmt":"2025-10-21T14:07:51","guid":{"rendered":"https:\/\/motorrad-erinnerungen.de\/2026\/produkt\/motorrad-12-2024-vergleichssportler-street-triple-rocket-3-storm\/"},"modified":"2025-10-21T16:44:48","modified_gmt":"2025-10-21T14:44:48","slug":"motorrad-12-2024-vergleichssportler-street-triple-rocket-3-storm","status":"publish","type":"product","link":"https:\/\/motorrad-erinnerungen.de\/shop\/produkt\/motorrad-12-2024-vergleichssportler-street-triple-rocket-3-storm\/","title":{"rendered":"MOTORRAD 12\/2024 \u2013 Ducati Hypermotard 698 Mono vs. KTM 690 SMC R"},"content":{"rendered":"<p>Angeboten zum Kauf wird die Zeitschrift <strong>MOTORRAD 12\/2024<\/strong> vom 24.05.2024.<\/p>\n<h2>\ud83d\udccc <strong>Titelthemen<\/strong><\/h2>\n<ul>\n<li><strong>Aprilia RS 660, Honda CBR 650 R E-Clutch, Suzuki GSX-8R, Triumph Daytona 660, Yamaha R7<\/strong>: Vergleichstest Sport und Alltag<\/li>\n<li><strong>Triumph Street Triple: <\/strong>als Erl-K\u00f6nig erwischt<\/li>\n<li><strong>KTM 990 RC R<\/strong>: Neuheit f\u00fcr 2025<\/li>\n<li><strong>Triumph Rocket 3 R\/GT Storm<\/strong>: Fahrbericht<\/li>\n<li><strong>Husqvarna Svartpilen 801<\/strong>: Fahrbericht<\/li>\n<li><strong>Ducati Hypermotard 698 Mono vs. KTM 690 SMC R<\/strong>: Vergleichstest<\/li>\n<\/ul>\n<h2>\u2795 <strong>Weitere Tests &amp; Highlights<\/strong><\/h2>\n<ul>\n<li><strong>Yamaha T7 GYTR<\/strong>: getunte Serien-T\u00e9n\u00e9r\u00e9 World Raid<\/li>\n<li><strong>Zero DSR<\/strong>: Pendler-Test<\/li>\n<li><strong>Kawasaki Ninja 7 Hybrid<\/strong>: Leser-Test<\/li>\n<li>Kombi-Test: Leder-Zweiteiler<\/li>\n<\/ul>\n<h2>\ud83d\udce6 <strong>Versand &amp; Service<\/strong><\/h2>\n<ul>\n<li>Kostenloser Versand in Deutschland, Auslandsversand f\u00fcr eine geringe Pauschale<\/li>\n<li>Langj\u00e4hrige Versand-Erfahrung mit \u00fcber 17.000 erfolgreichen Sendungen<\/li>\n<li>Ihre Zeitschrift wird sicher und liebevoll verpackt<\/li>\n<\/ul>\n<h2>\ud83c\udf0d <strong>Zustand der Zeitschrift<\/strong><\/h2>\n<ul>\n<li>Gebraucht, weil gelesen, durchgebl\u00e4ttert, gestapelt \ud83d\ude09<\/li>\n<li>Alles original, Klebespuren von Abo-Adressaufklebern sind m\u00f6glich<\/li>\n<\/ul>\n","protected":false},"excerpt":{"rendered":"<p>Vergleichstest: Aprilia RS 660, Honda CBR 650 R E-Clutch, Suzuki GSX-8R, Triumph Daytona 660, Yamaha R7 \u2013 wie sportlich und alltagstauglich sind sie? Neu: die n\u00e4chste Triumph Street Triple und KTM 990 RC R. Fahrberichte: Triumph Rocket 3 R\/GT Storm, Husqvarna Svartpilen 801. Lederkombi-Duett getestet. Im Sportler-Vergleich: Ducati Hypermotard 698 Mono gegen KTM 690 SMC R.<\/p>\n","protected":false},"featured_media":9795,"template":"","meta":{"iawp_total_views":1},"product_brand":[],"product_cat":[23],"product_tag":[3592,9104,7206,9105,8422,9114,8614,9000,9001,9032,9082,9088,9102,3062,9103],"class_list":{"0":"post-9785","1":"product","2":"type-product","3":"status-publish","4":"has-post-thumbnail","6":"product_cat-motorrad","7":"product_tag-ktm-690-smc-r","8":"product_tag-triumph-rocket-3-r-gt-storm","9":"product_tag-zero-dsr","10":"product_tag-lederkombi-zweiteiler","11":"product_tag-aprilia-rs-660","12":"product_tag-yamaha-t7-gytr","13":"product_tag-yamaha-r7","14":"product_tag-ducati-hypermotard-698-mono","15":"product_tag-suzuki-gsx-8r","16":"product_tag-kawasaki-ninja-7-hybrid","17":"product_tag-triumph-daytona-660","18":"product_tag-husqvarna-svartpilen-801","19":"product_tag-honda-cbr-650-r-e-clutch","20":"product_tag-triumph-street-triple","21":"product_tag-ktm-990-rc-r","23":"first","24":"instock","25":"shipping-taxable","26":"purchasable","27":"product-type-simple"},"_links":{"self":[{"href":"https:\/\/motorrad-erinnerungen.de\/shop\/wp-json\/wp\/v2\/product\/9785","targetHints":{"allow":["GET"]}}],"collection":[{"href":"https:\/\/motorrad-erinnerungen.de\/shop\/wp-json\/wp\/v2\/product"}],"about":[{"href":"https:\/\/motorrad-erinnerungen.de\/shop\/wp-json\/wp\/v2\/types\/product"}],"wp:featuredmedia":[{"embeddable":true,"href":"https:\/\/motorrad-erinnerungen.de\/shop\/wp-json\/wp\/v2\/media\/9795"}],"wp:attachment":[{"href":"https:\/\/motorrad-erinnerungen.de\/shop\/wp-json\/wp\/v2\/media?parent=9785"}],"wp:term":[{"taxonomy":"product_brand","embeddable":true,"href":"https:\/\/motorrad-erinnerungen.de\/shop\/wp-json\/wp\/v2\/product_brand?post=9785"},{"taxonomy":"product_cat","embeddable":true,"href":"https:\/\/motorrad-erinnerungen.de\/shop\/wp-json\/wp\/v2\/product_cat?post=9785"},{"taxonomy":"product_tag","embeddable":true,"href":"https:\/\/motorrad-erinnerungen.de\/shop\/wp-json\/wp\/v2\/product_tag?post=9785"}],"curies":[{"name":"wp","href":"https:\/\/api.w.org\/{rel}","templated":true}]}}